{"id":47,"date":"2020-04-02T22:47:33","date_gmt":"2020-04-02T22:47:33","guid":{"rendered":"https:\/\/baflesoviedo.com\/home\/?page_id=47"},"modified":"2020-05-20T17:08:20","modified_gmt":"2020-05-20T17:08:20","slug":"audio-comercial","status":"publish","type":"page","link":"https:\/\/baflesoviedo.com\/home\/audio-comercial\/","title":{"rendered":"SISTEMAS COMERCIALES"},"content":{"rendered":"\n<figure class=\"wp-block-image size-large\"><img loading=\"lazy\" decoding=\"async\" width=\"900\" height=\"400\" src=\"https:\/\/baflesoviedo.com\/home\/wp-content\/uploads\/2020\/04\/hdl-system-banner.jpg\" alt=\"\" class=\"wp-image-81\" srcset=\"https:\/\/baflesoviedo.com\/home\/wp-content\/uploads\/2020\/04\/hdl-system-banner.jpg 900w, https:\/\/baflesoviedo.com\/home\/wp-content\/uploads\/2020\/04\/hdl-system-banner-300x133.jpg 300w, https:\/\/baflesoviedo.com\/home\/wp-content\/uploads\/2020\/04\/hdl-system-banner-768x341.jpg 768w, https:\/\/baflesoviedo.com\/home\/wp-content\/uploads\/2020\/04\/hdl-system-banner-600x267.jpg 600w\" sizes=\"(max-width: 900px) 100vw, 900px\" \/><\/figure>\n\n\n\n<p>Contamos con una divisi\u00f3n de sistemas y servicios comerciales, vis\u00edtenos para mayor informaci\u00f3n:  <\/p>\n\n\n\n<h2 class=\"wp-block-heading\"><a rel=\"noreferrer noopener\" href=\"http:\/\/acusticaysonido.net\" target=\"_blank\"><span class=\"has-inline-color has-vivid-cyan-blue-color\"><strong>Ac\u00fastica y Sonido S.A.<\/strong><\/span><\/a><\/h2>\n","protected":false},"excerpt":{"rendered":"<p>Contamos con una divisi\u00f3n de sistemas y servicios comerciales, vis\u00edtenos para mayor informaci\u00f3n: Ac\u00fastica y Sonido S.A.<\/p>\n","protected":false},"author":1,"featured_media":0,"parent":0,"menu_order":2,"comment_status":"closed","ping_status":"closed","template":"sidebar-page.php","meta":{"footnotes":""},"_links":{"self":[{"href":"https:\/\/baflesoviedo.com\/home\/wp-json\/wp\/v2\/pages\/47"}],"collection":[{"href":"https:\/\/baflesoviedo.com\/home\/wp-json\/wp\/v2\/pages"}],"about":[{"href":"https:\/\/baflesoviedo.com\/home\/wp-json\/wp\/v2\/types\/page"}],"author":[{"embeddable":true,"href":"https:\/\/baflesoviedo.com\/home\/wp-json\/wp\/v2\/users\/1"}],"replies":[{"embeddable":true,"href":"https:\/\/baflesoviedo.com\/home\/wp-json\/wp\/v2\/comments?post=47"}],"version-history":[{"count":15,"href":"https:\/\/baflesoviedo.com\/home\/wp-json\/wp\/v2\/pages\/47\/revisions"}],"predecessor-version":[{"id":899,"href":"https:\/\/baflesoviedo.com\/home\/wp-json\/wp\/v2\/pages\/47\/revisions\/899"}],"wp:attachment":[{"href":"https:\/\/baflesoviedo.com\/home\/wp-json\/wp\/v2\/media?parent=47"}],"curies":[{"name":"wp","href":"https:\/\/api.w.org\/{rel}","templated":true}]}}