{"id":1214,"date":"2020-11-04T16:26:09","date_gmt":"2020-11-04T16:26:09","guid":{"rendered":"https:\/\/baflesoviedo.com\/home\/?post_type=product&#038;p=1214"},"modified":"2025-06-01T02:08:52","modified_gmt":"2025-06-01T02:08:52","slug":"sonus-faber-sonetto-v-altavoz","status":"publish","type":"product","link":"https:\/\/baflesoviedo.com\/home\/product\/sonus-faber-sonetto-v-altavoz\/","title":{"rendered":"Sonus faber, Sonetto G2 V, Altavoz Torre"},"content":{"rendered":"<p><strong>Especificaciones T\u00e9cnicas<\/strong><\/p>\n<div class=\"TechSpecs_item__UKw8y\">\n<div class=\"TechSpecs_label__C_Oi3\"><span style=\"text-decoration: underline;\">System<\/span><\/div>\n<div class=\"TechSpecs_specs__66YPY\">\n<p>3,0 way<br \/>\nMidrange sealed cork enclosure<br \/>\nWoofers down vented box<\/p>\n<\/div>\n<\/div>\n<div class=\"TechSpecs_item__UKw8y\">\n<div class=\"TechSpecs_label__C_Oi3\"><span style=\"text-decoration: underline;\">Loudspeakers<\/span><\/div>\n<div class=\"TechSpecs_specs__66YPY\">\n<p>High-end quality drivers<br \/>\nTweeter: 1,1&#8243; DAD\u2122 Arrow Point extended frequency tweeter, Copper shorting ring<br \/>\nMidrange: 1x 6,5&#8243; Camelia midrange, Copper shorting ring<br \/>\nWoofer: 2 x 6,5&#8243; woofers, Aluminum demodulation ring<\/p>\n<\/div>\n<\/div>\n<div class=\"TechSpecs_item__UKw8y\">\n<div class=\"TechSpecs_label__C_Oi3\"><span style=\"text-decoration: underline;\">Crossover Points<\/span><\/div>\n<div class=\"TechSpecs_specs__66YPY\">\n<p>280 Hz &#8211; 2500 Hz<\/p>\n<\/div>\n<\/div>\n<div class=\"TechSpecs_item__UKw8y\">\n<div class=\"TechSpecs_label__C_Oi3\"><span style=\"text-decoration: underline;\">Frequency response<\/span><\/div>\n<div class=\"TechSpecs_specs__66YPY\">\n<p>35 Hz &#8211; 40.000 Hx<\/p>\n<\/div>\n<\/div>\n<div class=\"TechSpecs_item__UKw8y\">\n<div class=\"TechSpecs_label__C_Oi3\"><span style=\"text-decoration: underline;\">Sensitivity<\/span><\/div>\n<div class=\"TechSpecs_specs__66YPY\">\n<p>89 dB SPL (2.83 V\/1m)<\/p>\n<\/div>\n<\/div>\n<div class=\"TechSpecs_item__UKw8y\">\n<div class=\"TechSpecs_label__C_Oi3\"><span style=\"text-decoration: underline;\">Nominal impedance<\/span><\/div>\n<div class=\"TechSpecs_specs__66YPY\">\n<p>4 Ohm<\/p>\n<\/div>\n<\/div>\n<div class=\"TechSpecs_item__UKw8y\">\n<div class=\"TechSpecs_label__C_Oi3\"><span style=\"text-decoration: underline;\">Recommended power amplifier<\/span><\/div>\n<div class=\"TechSpecs_specs__66YPY\">\n<p>50 W &#8211; 320 W<\/p>\n<\/div>\n<\/div>\n<div class=\"TechSpecs_item__UKw8y\">\n<div class=\"TechSpecs_label__C_Oi3\"><span style=\"text-decoration: underline;\">Product dimensions (HxWxD)<\/span><\/div>\n<div class=\"TechSpecs_specs__66YPY\">\n<p>1088 &#8211; 308 &#8211; 415 mm\/ each<br \/>\n42.8 &#8211; 12.13 &#8211; 16.34 in \/ each<\/p>\n<\/div>\n<\/div>\n<div class=\"TechSpecs_item__UKw8y\">\n<div class=\"TechSpecs_label__C_Oi3\"><span style=\"text-decoration: underline;\">Dimensions with packaging (HxWxD)<\/span><\/div>\n<div class=\"TechSpecs_specs__66YPY\">\n<p>1190 &#8211; 420 &#8211; 530 mm \/ each<br \/>\n46.85 &#8211; 16.54 &#8211; 20.87 in \/ each<\/p>\n<\/div>\n<\/div>\n<div class=\"TechSpecs_item__UKw8y\">\n<div class=\"TechSpecs_label__C_Oi3\"><span style=\"text-decoration: underline;\">Weight<\/span><\/div>\n<div class=\"TechSpecs_specs__66YPY\">\n<p>33,40 kg \/ each<br \/>\n73.63 lb \/ each<\/p>\n<\/div>\n<\/div>\n<div class=\"TechSpecs_item__UKw8y\">\n<div class=\"TechSpecs_label__C_Oi3\"><span style=\"text-decoration: underline;\">Packaging weight<\/span><\/div>\n<div class=\"TechSpecs_specs__66YPY\">\n<p>75,2 kg \/ two cartons with one speaker each<br \/>\n165.8 lb \/ two cartons with one speaker each<\/p>\n<\/div>\n<\/div>\n<div class=\"TechSpecs_item__UKw8y\">\n<div class=\"TechSpecs_label__C_Oi3\"><span style=\"text-decoration: underline;\">Cabinet<\/span><\/div>\n<div class=\"TechSpecs_specs__66YPY\">\n<p>Lute shape<br \/>\nWood<br \/>\nLeather<br \/>\nConcrete<\/p>\n<\/div>\n<\/div>\n<p><a href=\"https:\/\/www.sonusfaber.com\/en\/products\/sonetto-v\/\" target=\"_blank\" rel=\"noopener noreferrer\"><span style=\"color: #0000ff;\">Click aqu\u00ed para m\u00e1s informaci\u00f3n del producto<\/span><\/a><\/p>\n","protected":false},"excerpt":{"rendered":"<p>Parte del Sonetto Collection. Sonetto V es una fusi\u00f3n de innovaci\u00f3n tecnol\u00f3gica para crear un sonido tan absorbente que captura la pasi\u00f3n de la m\u00fasica. Cuenta con un dise\u00f1o cl\u00e1sico en forma de la\u00fad, e incorpora el diafragma Camelia en su tecnolog\u00eda de medios (reconocido por su claridad y precisi\u00f3n).\u00a0Disponible en acabados wenge, walnut o black.<span class=\"Apple-converted-space\">\u00a0<\/span><\/p>\n","protected":false},"featured_media":3762,"template":"","meta":[],"product_cat":[123,121,130],"product_tag":[31,191,40,107],"_links":{"self":[{"href":"https:\/\/baflesoviedo.com\/home\/wp-json\/wp\/v2\/product\/1214"}],"collection":[{"href":"https:\/\/baflesoviedo.com\/home\/wp-json\/wp\/v2\/product"}],"about":[{"href":"https:\/\/baflesoviedo.com\/home\/wp-json\/wp\/v2\/types\/product"}],"wp:featuredmedia":[{"embeddable":true,"href":"https:\/\/baflesoviedo.com\/home\/wp-json\/wp\/v2\/media\/3762"}],"wp:attachment":[{"href":"https:\/\/baflesoviedo.com\/home\/wp-json\/wp\/v2\/media?parent=1214"}],"wp:term":[{"taxonomy":"product_cat","embeddable":true,"href":"https:\/\/baflesoviedo.com\/home\/wp-json\/wp\/v2\/product_cat?post=1214"},{"taxonomy":"product_tag","embeddable":true,"href":"https:\/\/baflesoviedo.com\/home\/wp-json\/wp\/v2\/product_tag?post=1214"}],"curies":[{"name":"wp","href":"https:\/\/api.w.org\/{rel}","templated":true}]}}