{"id":1322,"date":"2020-12-15T15:56:37","date_gmt":"2020-12-15T15:56:37","guid":{"rendered":"https:\/\/baflesoviedo.com\/home\/?post_type=product&#038;p=1322"},"modified":"2023-10-12T17:39:47","modified_gmt":"2023-10-12T17:39:47","slug":"sonus-faber-minima-amator-ii-altavoz","status":"publish","type":"product","link":"https:\/\/baflesoviedo.com\/home\/product\/sonus-faber-minima-amator-ii-altavoz\/","title":{"rendered":"Sonus faber, Minima Amator II, Altavoz Librero"},"content":{"rendered":"<p>&nbsp;<\/p>\n<p><strong>Especificaciones<\/strong><\/p>\n<table width=\"605\">\n<tbody>\n<tr>\n<td width=\"225\">Sistema<\/td>\n<td width=\"380\">Sistema de altavoces con ventilaci\u00f3n de estanter\u00eda de 2 v\u00edas<\/td>\n<\/tr>\n<tr>\n<td width=\"225\">Altavoces<\/td>\n<td width=\"380\">Tw: H28 XTR2-04 DAD \u2122 \u00d8 28 mm (1,1 pulg.)<\/td>\n<\/tr>\n<tr>\n<td width=\"225\"><\/td>\n<td width=\"380\">Mw: MW15 XT-04 \u00d8 150 mm (6 pulgadas)<\/td>\n<\/tr>\n<tr>\n<td width=\"225\">Crossover<\/td>\n<td width=\"380\">2.500 Hz<\/td>\n<\/tr>\n<tr>\n<td width=\"225\">Respuesta de frecuencia<\/td>\n<td width=\"380\">50 Hz &#8211; 35.000 Hz<\/td>\n<\/tr>\n<tr>\n<td width=\"225\">Sensibilidad<\/td>\n<td width=\"380\">87 dB SPL<\/td>\n<\/tr>\n<tr>\n<td width=\"225\">Impedancia nominal<\/td>\n<td width=\"380\">4 ohmios<\/td>\n<\/tr>\n<tr>\n<td width=\"225\">Potencia sugerida del amplificador<\/td>\n<td width=\"380\">35-100 W, sin recorte<\/td>\n<\/tr>\n<tr>\n<td width=\"225\">Dimensiones (HxWxD) y peso<\/td>\n<td width=\"380\">325 x 200 x 274,5 mm<\/td>\n<\/tr>\n<tr>\n<td width=\"225\"><\/td>\n<td width=\"380\">12,8 x 7,8 x 10,8 pulgadas<\/td>\n<\/tr>\n<tr>\n<td width=\"225\"><\/td>\n<td width=\"380\">7,1 Kg ea &#8211; peso neto<\/td>\n<\/tr>\n<tr>\n<td width=\"225\"><\/td>\n<td width=\"380\">15,7 lb &#8211; peso neto<\/td>\n<\/tr>\n<\/tbody>\n<\/table>\n<p><a href=\"https:\/\/www.sonusfaber.com\/en\/products\/minima-amator-ii\/\" target=\"_blank\" rel=\"noopener noreferrer\"><span style=\"color: #0000ff;\">Click aqu\u00ed para m\u00e1s informaci\u00f3n del producto.<\/span><\/a><\/p>\n","protected":false},"excerpt":{"rendered":"<p>Parte del Heritage Collection.<span class=\"Apple-converted-space\">\u00a0<\/span>Minima Amator II es un instrumento musical elaborado a mano siguiendo los fundamentos de la artesan\u00eda italiana de alta gama. La evoluci\u00f3n natural de la Sonus faber de hoy est\u00e1 encerrada en esta nueva creaci\u00f3n. Minima Amator II es la reafirmaci\u00f3n de un producto fundamental introducido por primera vez en 1992 cuando la compa\u00f1\u00eda estaba estableciendo principios clave que guiar\u00edan las producciones futuras: dise\u00f1o preciso y materiales de alta calidad, combinados para obtener una reproducci\u00f3n de sonido lo m\u00e1s natural posible.\u00a0Disponible en acabado solid walnut.<\/p>\n<p>*No incluye soporte de altavoz.<\/p>\n","protected":false},"featured_media":1323,"template":"","meta":[],"product_cat":[123,122],"product_tag":[31,40,107],"_links":{"self":[{"href":"https:\/\/baflesoviedo.com\/home\/wp-json\/wp\/v2\/product\/1322"}],"collection":[{"href":"https:\/\/baflesoviedo.com\/home\/wp-json\/wp\/v2\/product"}],"about":[{"href":"https:\/\/baflesoviedo.com\/home\/wp-json\/wp\/v2\/types\/product"}],"wp:featuredmedia":[{"embeddable":true,"href":"https:\/\/baflesoviedo.com\/home\/wp-json\/wp\/v2\/media\/1323"}],"wp:attachment":[{"href":"https:\/\/baflesoviedo.com\/home\/wp-json\/wp\/v2\/media?parent=1322"}],"wp:term":[{"taxonomy":"product_cat","embeddable":true,"href":"https:\/\/baflesoviedo.com\/home\/wp-json\/wp\/v2\/product_cat?post=1322"},{"taxonomy":"product_tag","embeddable":true,"href":"https:\/\/baflesoviedo.com\/home\/wp-json\/wp\/v2\/product_tag?post=1322"}],"curies":[{"name":"wp","href":"https:\/\/api.w.org\/{rel}","templated":true}]}}