{"id":1451,"date":"2021-04-06T20:43:33","date_gmt":"2021-04-06T20:43:33","guid":{"rendered":"https:\/\/baflesoviedo.com\/home\/?post_type=product&#038;p=1451"},"modified":"2025-07-27T20:30:48","modified_gmt":"2025-07-27T20:30:48","slug":"sumiko-rainier-cartucho-de-fonografo","status":"publish","type":"product","link":"https:\/\/baflesoviedo.com\/home\/product\/sumiko-rainier-cartucho-de-fonografo\/","title":{"rendered":"Sumiko, Rainier, Pastilla Tornamesa (MM)"},"content":{"rendered":"<p>&nbsp;<\/p>\n<p><strong>Especificaciones<\/strong><\/p>\n<table width=\"567\">\n<tbody>\n<tr>\n<td width=\"240\">Masa<\/td>\n<td width=\"327\">6,5 g<\/td>\n<\/tr>\n<tr>\n<td width=\"240\">Aguja<\/td>\n<td width=\"327\">0.3 x 0.7mil el\u00edptica<\/td>\n<\/tr>\n<tr>\n<td width=\"240\">Viga voladiza<\/td>\n<td width=\"327\">Tubo de aluminio<\/td>\n<\/tr>\n<tr>\n<td width=\"240\">Bobinas<\/td>\n<td width=\"327\">Cobre de alta pureza<\/td>\n<\/tr>\n<tr>\n<td width=\"240\">Impedancia interna<\/td>\n<td width=\"327\">1,130\u03a9<\/td>\n<\/tr>\n<tr>\n<td width=\"240\">Impedancia de carga<\/td>\n<td width=\"327\">47k\u03a9<\/td>\n<\/tr>\n<tr>\n<td width=\"240\">Respuesta de frecuencia<\/td>\n<td width=\"327\">15 Hz &#8211; 25 kHz<\/td>\n<\/tr>\n<tr>\n<td width=\"240\">Salida<\/td>\n<td width=\"327\">5,0 mV<\/td>\n<\/tr>\n<tr>\n<td width=\"240\">Separaci\u00f3n de canales<\/td>\n<td width=\"327\">25 dB a 1 kHz<\/td>\n<\/tr>\n<tr>\n<td width=\"240\">Balance de canal<\/td>\n<td width=\"327\">1,5 dB a 1 kHz<\/td>\n<\/tr>\n<tr>\n<td width=\"240\">Cumplimiento<\/td>\n<td width=\"327\">10 \u00d7 10-6 cm \/ dyn @ 100Hz<\/td>\n<\/tr>\n<tr>\n<td width=\"240\">Capacitancia<\/td>\n<td width=\"327\">100pF &#8211; 200pF<\/td>\n<\/tr>\n<tr>\n<td width=\"240\">\u00c1ngulo de seguimiento vertical<\/td>\n<td width=\"327\">25 \u00b0<\/td>\n<\/tr>\n<tr>\n<td width=\"240\">Rango de fuerza de seguimiento<\/td>\n<td width=\"327\">1,8 g &#8211; 2,2 g<\/td>\n<\/tr>\n<tr>\n<td width=\"240\">Fuerza de seguimiento recomendada<\/td>\n<td width=\"327\">2,0 g<\/td>\n<\/tr>\n<tr>\n<td width=\"240\">Unidad de aguja de repuesto<\/td>\n<td width=\"327\">Rainier, Olympia o Moonstone RS (intercambiable)<\/td>\n<\/tr>\n<\/tbody>\n<\/table>\n<p><a href=\"https:\/\/sumikophonocartridges.com\/product\/rainier-mm-phono-cartridge\/\" target=\"_blank\" rel=\"noopener noreferrer\"><span style=\"color: #0000ff;\">Click aqu\u00ed para m\u00e1s informaci\u00f3n del producto.<\/span><\/a><\/p>\n","protected":false},"excerpt":{"rendered":"<p>Rainier presenta nuestra \u00faltima gama de ostras, que elevan el nivel de lo que se puede esperar de los cartuchos MM a precios razonables. Nuestra carcasa optimizada para resonancia canaliza la resonancia extra\u00f1a lejos del generador, lo que determina un escenario sonoro bien representado con una claridad fant\u00e1stica y un toque natural de calidez. Incre\u00edblemente silencioso mientras genera impacto, Rainier coloca h\u00e1bilmente los instrumentos y las voces justo donde pertenecen. Puede esperar un escenario sonoro m\u00e1s amplio y redondo de lo que pensaba que se pod\u00eda lograr a este precio.<\/p>\n","protected":false},"featured_media":1458,"template":"","meta":[],"product_cat":[37],"product_tag":[202,128,62],"_links":{"self":[{"href":"https:\/\/baflesoviedo.com\/home\/wp-json\/wp\/v2\/product\/1451"}],"collection":[{"href":"https:\/\/baflesoviedo.com\/home\/wp-json\/wp\/v2\/product"}],"about":[{"href":"https:\/\/baflesoviedo.com\/home\/wp-json\/wp\/v2\/types\/product"}],"wp:featuredmedia":[{"embeddable":true,"href":"https:\/\/baflesoviedo.com\/home\/wp-json\/wp\/v2\/media\/1458"}],"wp:attachment":[{"href":"https:\/\/baflesoviedo.com\/home\/wp-json\/wp\/v2\/media?parent=1451"}],"wp:term":[{"taxonomy":"product_cat","embeddable":true,"href":"https:\/\/baflesoviedo.com\/home\/wp-json\/wp\/v2\/product_cat?post=1451"},{"taxonomy":"product_tag","embeddable":true,"href":"https:\/\/baflesoviedo.com\/home\/wp-json\/wp\/v2\/product_tag?post=1451"}],"curies":[{"name":"wp","href":"https:\/\/api.w.org\/{rel}","templated":true}]}}