{"id":1509,"date":"2021-05-27T16:37:34","date_gmt":"2021-05-27T16:37:34","guid":{"rendered":"https:\/\/baflesoviedo.com\/home\/?post_type=product&#038;p=1509"},"modified":"2025-06-11T01:35:31","modified_gmt":"2025-06-11T01:35:31","slug":"audio-research-reference-80s-amplificador","status":"publish","type":"product","link":"https:\/\/baflesoviedo.com\/home\/product\/audio-research-reference-80s-amplificador\/","title":{"rendered":"Audio Research, Reference 80S, Amplificador"},"content":{"rendered":"<p><span style=\"font-weight: 400;\">El 80S fue creado para los amantes de la m\u00fasica que no requieren la potencia de salida de sus hermanos mayores: los amplificadores est\u00e9reo Reference 160S y mono 160M. El 80S contin\u00faa con el esp\u00edritu del dise\u00f1o, incluidos los GhostMeters\u00ae dobles que flotan frente a cuatro tubos de salida KT150. Los paneles extruidos, una parte vital del chasis totalmente de aluminio, brindan rigidez y belleza.<\/span><\/p>\n<p><span style=\"font-weight: 400;\">Exteriormente, el 80S comparte las mismas dimensiones que el 160M. Un solo ventilador susurrante poco profundo est\u00e1 integrado en la placa inferior. La flexibilidad tambi\u00e9n est\u00e1 incorporada, con entradas XLR y SE, tomas de salida de 4-8-16 ohmios, disparadores de entrada y salida de 12V, entrada RS232, medidor de horas de tubo, velocidades de ventilador conmutables y funci\u00f3n de apagado autom\u00e1tico anulable.<\/span><\/p>\n<p><span style=\"font-weight: 400;\">El conjunto de caracter\u00edsticas es el mismo que el 160S, incluido un circuito de polarizaci\u00f3n autom\u00e1tica patentado que se ajusta no solo a la edad del tubo, sino tambi\u00e9n a los cambios de voltaje de la l\u00ednea el\u00e9ctrica. Hay fusi\u00f3n de los tubos de salida, entradas balanceadas y de un solo extremo para mayor flexibilidad, operaci\u00f3n de triodo-pentodo conmutable para adaptarse a los altavoces y las preferencias personales, monitoreo del tubo de salida e inclusi\u00f3n de un medidor de horas para que sepa cu\u00e1ntas horas est\u00e1n en los tubos \u2013 como un od\u00f3metro para tu amplificador. Este es un amplificador de tubos que no requiere estar siendo manipulado, est\u00e1 pensado para ser disfrutado. El disparador de 12V incorporado enciende o apaga el 80S cuando se conecta a un preamplificador moderno con un disparador de 12V.<\/span><\/p>\n<p><span style=\"font-weight: 400;\">Como todos los amplificadores de referencia anteriores, el 80S es un dise\u00f1o diferencial totalmente equilibrado porque proporciona el mayor rendimiento y la menor distorsi\u00f3n. Se utiliza una placa de circuito de cuatro capas para proporcionar un plano de tierra separado, un mejor dise\u00f1o del circuito y menos conexiones punto a punto que induzcan ruido. La m\u00fasica se proyecta sobre un fondo negro y silencioso, como mirar las estrellas en el campo, alejadas de la contaminaci\u00f3n lum\u00ednica. Es m\u00e1gico y envolvente.<\/span><\/p>\n<p><span style=\"font-weight: 400;\">Construido a mano, desde cero en nuestras instalaciones de Maple Grove, Minnesota, se crea al servicio de la m\u00fasica, d\u00e1ndole vida en todos los sentidos de la palabra. Escuchar a trav\u00e9s de los 80 es una experiencia apasionante, nunca un ejercicio mental. Con la configuraci\u00f3n adecuada, el 80S puede enga\u00f1arlo haci\u00e9ndole sentir que est\u00e1 en presencia de la interpretaci\u00f3n musical: se escuchan los detalles m\u00e1s finos, con ricos arm\u00f3nicos y contrastes din\u00e1micos completos, desde el susurro m\u00e1s peque\u00f1o hasta el crescendo m\u00e1s grande, exhibido con el ambiente del ESPACIO ACUSTICO ORIGINAL. Cualesquiera que sean sus altavoces de referencia, ya sean de Wilson, Magnepan, Vandersteen, Focal, Sonus faber, B&amp;W o lo que quiera: el Reference 80S elevar\u00e1 su rendimiento a un nuevo nivel.<\/span><\/p>\n<p>&nbsp;<\/p>\n<p><b>Especificaciones<\/b><\/p>\n<p>&nbsp;<\/p>\n<table>\n<tbody>\n<tr>\n<td><span style=\"font-weight: 400;\">SALIDA DE POTENCIA<\/span><\/td>\n<td><span style=\"font-weight: 400;\">70W continuos de 20 Hz a 20 kHz. Distorsi\u00f3n arm\u00f3nica total de 1 kHz t\u00edpicamente 1% a 140 vatios (33 vatios en modo triodo) por canal, por debajo de 0,04% a 1 vatio (tenga en cuenta que la salida de potencia real depende tanto del voltaje de l\u00ednea como de la &#8220;condici\u00f3n&#8221;, es decir, si la l\u00ednea de alimentaci\u00f3n tiene una alta distorsi\u00f3n , la potencia m\u00e1xima se ver\u00e1 afectada negativamente, aunque desde el punto de vista de la audici\u00f3n esto no es cr\u00edtico)<\/span><\/td>\n<\/tr>\n<tr>\n<td><span style=\"font-weight: 400;\">ANCHO DE BANDA DE PODER<\/span><\/td>\n<td><span style=\"font-weight: 400;\">(-3dB puntos) 7Hz a 68kHz<\/span><\/td>\n<\/tr>\n<tr>\n<td><span style=\"font-weight: 400;\">RESPUESTA DE FRECUENCIA<\/span><\/td>\n<td><span style=\"font-weight: 400;\">(-3dB puntos a 1 vatio) 0,7 Hz a 94 kHz<\/span><\/td>\n<\/tr>\n<tr>\n<td><span style=\"font-weight: 400;\">SENSIBILIDAD DE ENTRADA<\/span><\/td>\n<td><span style=\"font-weight: 400;\">1.4V RMS balanceado para salida nominal. (Ganancia de 25,5 dB en 8 ohmios); 0,7 V RMS SE para salida nominal.<\/span><\/td>\n<\/tr>\n<tr>\n<td><span style=\"font-weight: 400;\">IMPEDANCIA DE ENTRADA<\/span><\/td>\n<td><span style=\"font-weight: 400;\">300K ohmios balanceados, 75K ohmios de un solo extremo<\/span><\/td>\n<\/tr>\n<tr>\n<td><span style=\"font-weight: 400;\">POLARIDAD DE SALIDA<\/span><\/td>\n<td><span style=\"font-weight: 400;\">No inversor. Pin de entrada balanceada 2+ (IEC-268)<\/span><\/td>\n<\/tr>\n<tr>\n<td><span style=\"font-weight: 400;\">TAPS DE SALIDA<\/span><\/td>\n<td><span style=\"font-weight: 400;\">16 ohmios, 8 ohmios, 4 ohmios<\/span><\/td>\n<\/tr>\n<tr>\n<td><span style=\"font-weight: 400;\">REGULACI\u00d3N DE SALIDA<\/span><\/td>\n<td><span style=\"font-weight: 400;\">Aproximadamente 1.0dB 16 ohmios de carga a circuito abierto (Factor de amortiguaci\u00f3n aproximadamente 8)<\/span><\/td>\n<\/tr>\n<tr>\n<td><span style=\"font-weight: 400;\">RETROALIMENTACI\u00d3N NEGATIVA GENERAL<\/span><\/td>\n<td><span style=\"font-weight: 400;\">15dB<\/span><\/td>\n<\/tr>\n<tr>\n<td><span style=\"font-weight: 400;\">VELOCIDAD DE RESPUESTA<\/span><\/td>\n<td><span style=\"font-weight: 400;\">10 voltios \/ microsegundo<\/span><\/td>\n<\/tr>\n<tr>\n<td><span style=\"font-weight: 400;\">TIEMPO DE SUBIDA<\/span><\/td>\n<td><span style=\"font-weight: 400;\">4.0 microsegundos<\/span><\/td>\n<\/tr>\n<tr>\n<td><span style=\"font-weight: 400;\">REQUERIMIENTOS DE ENERG\u00cdA<\/span><\/td>\n<td><span style=\"font-weight: 400;\">105-130VAC 60Hz (210-250VAC 50Hz) 420 vatios a salida nominal, 280 vatios en modo triodo, 221 vatios en &#8220;inactivo&#8221;, 3,6 vatios de apagado Unidades para Jap\u00f3n: 100 VCA 50\/60 Hz<\/span><\/td>\n<\/tr>\n<tr>\n<td><span style=\"font-weight: 400;\">TUBOS REQUERIDOS<\/span><\/td>\n<td><span style=\"font-weight: 400;\">2 pares emparejados KT150 (Salida de potencia V1-V4); 2 6H30 (etapa de ganancia V5, V6)<\/span><\/td>\n<\/tr>\n<tr>\n<td><span style=\"font-weight: 400;\">DIMENSIONES<\/span><\/td>\n<td><span style=\"font-weight: 400;\">Chasis de 47 cm de ancho; Placa frontal de 19,0 \u201d(48,26 cm).<\/span><\/td>\n<\/tr>\n<tr>\n<td><span style=\"font-weight: 400;\">\u00a0<\/span><\/td>\n<td><span style=\"font-weight: 400;\">Altura 10,5 &#8220;(26 cm)<\/span><\/td>\n<\/tr>\n<tr>\n<td><span style=\"font-weight: 400;\">\u00a0<\/span><\/td>\n<td><span style=\"font-weight: 400;\">Profundidad 18,5 &#8220;(47 cm)<\/span><\/td>\n<\/tr>\n<tr>\n<td><span style=\"font-weight: 400;\">\u00a0<\/span><\/td>\n<td><span style=\"font-weight: 400;\">Con manillas y conectores: 21 &#8220;(53,3 cm)<\/span><\/td>\n<\/tr>\n<tr>\n<td><span style=\"font-weight: 400;\">PESO<\/span><\/td>\n<td><span style=\"font-weight: 400;\">62 libras (28,2 kg) Neto; 73 libras (32,7 kg) Env\u00edo.<\/span><\/td>\n<\/tr>\n<\/tbody>\n<\/table>\n<p>&nbsp;<\/p>\n<p><a href=\"https:\/\/audioresearch.com\/product\/reference-80s\/\" target=\"_blank\" rel=\"noopener noreferrer\"><span style=\"color: #0000ff;\">Click aqu\u00ed para m\u00e1s informaci\u00f3n del producto.<\/span><\/a><\/p>\n","protected":false},"excerpt":{"rendered":"<p><span style=\"font-weight: 400;\">El amplificador est\u00e9reo Reference 80S contin\u00faa el \u00faltimo esfuerzo de dise\u00f1o de Audio Research en la creaci\u00f3n de un amplificador de tubo de vac\u00edo que no solo redefine la reproducci\u00f3n de m\u00fasica definitiva, sino que lo hace en un paquete incre\u00edblemente hermoso.<\/span><\/p>\n","protected":false},"featured_media":1510,"template":"","meta":[],"product_cat":[20],"product_tag":[163,132,185],"_links":{"self":[{"href":"https:\/\/baflesoviedo.com\/home\/wp-json\/wp\/v2\/product\/1509"}],"collection":[{"href":"https:\/\/baflesoviedo.com\/home\/wp-json\/wp\/v2\/product"}],"about":[{"href":"https:\/\/baflesoviedo.com\/home\/wp-json\/wp\/v2\/types\/product"}],"wp:featuredmedia":[{"embeddable":true,"href":"https:\/\/baflesoviedo.com\/home\/wp-json\/wp\/v2\/media\/1510"}],"wp:attachment":[{"href":"https:\/\/baflesoviedo.com\/home\/wp-json\/wp\/v2\/media?parent=1509"}],"wp:term":[{"taxonomy":"product_cat","embeddable":true,"href":"https:\/\/baflesoviedo.com\/home\/wp-json\/wp\/v2\/product_cat?post=1509"},{"taxonomy":"product_tag","embeddable":true,"href":"https:\/\/baflesoviedo.com\/home\/wp-json\/wp\/v2\/product_tag?post=1509"}],"curies":[{"name":"wp","href":"https:\/\/api.w.org\/{rel}","templated":true}]}}