{"id":165,"date":"2020-04-22T17:03:43","date_gmt":"2020-04-22T17:03:43","guid":{"rendered":"https:\/\/baflesoviedo.com\/home\/?post_type=product&#038;p=165"},"modified":"2025-09-30T22:32:25","modified_gmt":"2025-09-30T22:32:25","slug":"bowers-wilkins-m-1-altavoz","status":"publish","type":"product","link":"https:\/\/baflesoviedo.com\/home\/product\/bowers-wilkins-m-1-altavoz\/","title":{"rendered":"Bowers &#038; Wilkins, M-1, Altavoz"},"content":{"rendered":"<p>&nbsp;<\/p>\n<p><strong>Especificaciones<\/strong><\/p>\n<table width=\"729\">\n<tbody>\n<tr>\n<td width=\"259\">Unidades del parlante<\/td>\n<td width=\"471\">1x domo met\u00e1lico de \u00f825 mm (1 pulg.) de alta frecuencia<\/td>\n<\/tr>\n<tr>\n<td width=\"259\"><\/td>\n<td width=\"471\">1x cono de fibra de vidrio tejida \u00f8100mm (4 pulg.) bajo \/ medio<\/td>\n<\/tr>\n<tr>\n<td width=\"259\">Sensibilidad<\/td>\n<td width=\"471\">85dB spl (2.83V, 1m)<\/td>\n<\/tr>\n<tr>\n<td width=\"259\">Impedancia nominal<\/td>\n<td width=\"471\">8\u03a9 (m\u00ednimo 4\u03a9)<\/td>\n<\/tr>\n<tr>\n<td width=\"259\">Frecuencia de crossover<\/td>\n<td width=\"471\">4kHz<\/td>\n<\/tr>\n<tr>\n<td width=\"259\">Potencia recomendada del amplificador<\/td>\n<td width=\"471\">20W &#8211; 100W en 8\u03a9 en programa no recortado<\/td>\n<\/tr>\n<tr>\n<td width=\"259\">Dimensiones<\/td>\n<td width=\"471\">Altura: 248 mm (9.8 pulgadas)<\/td>\n<\/tr>\n<tr>\n<td width=\"259\"><\/td>\n<td width=\"471\">Ancho: 114 mm (4.5 pulgadas)<\/td>\n<\/tr>\n<tr>\n<td width=\"259\"><\/td>\n<td width=\"471\">Profundidad: 162 mm (6.4 pulgadas)<\/td>\n<\/tr>\n<tr>\n<td width=\"259\">Peso neto<\/td>\n<td width=\"471\">2,3 kg (5 lb) con soporte de mesa<\/td>\n<\/tr>\n<tr>\n<td width=\"259\">Acabados de gabinete<\/td>\n<td width=\"471\">Negro mate<\/td>\n<\/tr>\n<tr>\n<td width=\"259\"><\/td>\n<td width=\"471\">Blanco mate<\/td>\n<\/tr>\n<tr>\n<td width=\"259\">Acabados de rejilla<\/td>\n<td width=\"471\">Acero perforado negro mate o blanco mate para combinar con el gabinete<\/td>\n<\/tr>\n<\/tbody>\n<\/table>\n<p><a href=\"https:\/\/www.bowerswilkins.com\/net\/mini-theater\/m-1\" target=\"_blank\" rel=\"noopener noreferrer\"><span style=\"color: #0000ff;\">Click aqu\u00ed para m\u00e1s informaci\u00f3n del producto<\/span><\/a><\/p>\n","protected":false},"excerpt":{"rendered":"<p>El elegante y vers\u00e1til altavoz M-1, puede usarse como un par est\u00e9reo con o sin un subwoofer, o en un sistema de sonido envolvente de 5.1 canales. M-1 incluso se puede montar en una pared. Soporte de pared y soporte de mesa incluidos.<\/p>\n","protected":false},"featured_media":168,"template":"","meta":[],"product_cat":[123],"product_tag":[31,35,40],"_links":{"self":[{"href":"https:\/\/baflesoviedo.com\/home\/wp-json\/wp\/v2\/product\/165"}],"collection":[{"href":"https:\/\/baflesoviedo.com\/home\/wp-json\/wp\/v2\/product"}],"about":[{"href":"https:\/\/baflesoviedo.com\/home\/wp-json\/wp\/v2\/types\/product"}],"wp:featuredmedia":[{"embeddable":true,"href":"https:\/\/baflesoviedo.com\/home\/wp-json\/wp\/v2\/media\/168"}],"wp:attachment":[{"href":"https:\/\/baflesoviedo.com\/home\/wp-json\/wp\/v2\/media?parent=165"}],"wp:term":[{"taxonomy":"product_cat","embeddable":true,"href":"https:\/\/baflesoviedo.com\/home\/wp-json\/wp\/v2\/product_cat?post=165"},{"taxonomy":"product_tag","embeddable":true,"href":"https:\/\/baflesoviedo.com\/home\/wp-json\/wp\/v2\/product_tag?post=165"}],"curies":[{"name":"wp","href":"https:\/\/api.w.org\/{rel}","templated":true}]}}