{"id":1657,"date":"2021-06-23T16:11:22","date_gmt":"2021-06-23T16:11:22","guid":{"rendered":"https:\/\/baflesoviedo.com\/home\/?post_type=product&#038;p=1657"},"modified":"2023-03-18T01:42:14","modified_gmt":"2023-03-18T01:42:14","slug":"pangea-audio-ls300-soporte-de-altavoz","status":"publish","type":"product","link":"https:\/\/baflesoviedo.com\/home\/product\/pangea-audio-ls300-soporte-de-altavoz\/","title":{"rendered":"Pangea Audio, LS300, Soporte de Altavoz"},"content":{"rendered":"<p>&nbsp;<\/p>\n<p><strong>Especificaciones<\/strong><\/p>\n<ul>\n<li>Soporte de altavoz ultrarresistente totalmente de acero.<\/li>\n<li>Forma triangular muy r\u00edgida con tres columnas de soporte.<\/li>\n<li>Dos columnas se pueden llenar con arena o perdigones de acero.<\/li>\n<li>Una columna proporciona gesti\u00f3n de cables de altavoz.<\/li>\n<li>Placa superior de acero de 6 &#8220;x 6&#8221; (24 &#8220;, 28&#8221;, 32 &#8220;y 36&#8221;).<\/li>\n<li>Placa superior de acero de 6 &#8220;x 9&#8221; (20 &#8220;).<\/li>\n<li>Placa inferior de alta resistencia de 9,75 &#8220;por 12&#8221;.<\/li>\n<li>Peso m\u00e1ximo recomendado del altavoz: 48 libras \/ 22 kg (cada uno).<\/li>\n<li>Los pernos de metal s\u00f3lido de gran tama\u00f1o acoplan r\u00edgidamente las columnas de soporte a la base.<\/li>\n<li>P\u00faas inferiores ajustables que perforan la alfombra.<\/li>\n<li>Se suministran cuatro almohadillas de capota blanda para aislar los altavoces.<\/li>\n<li>Compatible con una amplia gama de altavoces compactos o de tipo monitor.<\/li>\n<li>Opciones de altura: 20 &#8220;, 24&#8221;, 28 &#8220;, 32&#8221; o 36 &#8220;.<\/li>\n<li>Todos los soportes para altavoces tienen un precio y se venden por pares.<\/li>\n<li>Placa superior: 6 &#8220;x 6&#8221; (24 &#8220;, 28&#8221;, 32 &#8220;y 36&#8221;) y 6 &#8220;x 9&#8221; (20 &#8220;).<\/li>\n<li>Placa inferior: 9,75 &#8220;x 12&#8221;.<\/li>\n<li>Placa superior opcional de 6 &#8220;x 9&#8221; a la venta por separado (precio y se vende por pares).<\/li>\n<\/ul>\n<p><a href=\"https:\/\/www.pangeaaudio.com\/Pangea-Audio-LS300-Speaker-Stand\" target=\"_blank\" rel=\"noopener noreferrer\"><span style=\"color: #0000ff;\">Click aqu\u00ed para m\u00e1s informaci\u00f3n del producto.<\/span><\/a><\/p>\n","protected":false},"excerpt":{"rendered":"<p>Soporte de altavoz totalmente de acero para un rendimiento superior de audi\u00f3filos.<\/p>\n<p>Sugerencia \u00fatil: las investigaciones han demostrado que los altavoces suenan mejor cuando su altavoz de agudos est\u00e1 colocado en el o\u00eddo del oyente o ligeramente por encima de \u00e9l. Un soporte de altavoz de acero de alta calidad como el Pangea Audio LS300 no solo coloca los controladores de los altavoces a la mejor altura ac\u00fastica, sino que tambi\u00e9n sujeta r\u00edgidamente el altavoz para un rendimiento de graves \u00f3ptimo.<\/p>\n","protected":false},"featured_media":1658,"template":"","meta":[],"product_cat":[156],"product_tag":[152,140],"_links":{"self":[{"href":"https:\/\/baflesoviedo.com\/home\/wp-json\/wp\/v2\/product\/1657"}],"collection":[{"href":"https:\/\/baflesoviedo.com\/home\/wp-json\/wp\/v2\/product"}],"about":[{"href":"https:\/\/baflesoviedo.com\/home\/wp-json\/wp\/v2\/types\/product"}],"wp:featuredmedia":[{"embeddable":true,"href":"https:\/\/baflesoviedo.com\/home\/wp-json\/wp\/v2\/media\/1658"}],"wp:attachment":[{"href":"https:\/\/baflesoviedo.com\/home\/wp-json\/wp\/v2\/media?parent=1657"}],"wp:term":[{"taxonomy":"product_cat","embeddable":true,"href":"https:\/\/baflesoviedo.com\/home\/wp-json\/wp\/v2\/product_cat?post=1657"},{"taxonomy":"product_tag","embeddable":true,"href":"https:\/\/baflesoviedo.com\/home\/wp-json\/wp\/v2\/product_tag?post=1657"}],"curies":[{"name":"wp","href":"https:\/\/api.w.org\/{rel}","templated":true}]}}