{"id":1887,"date":"2021-08-19T19:20:14","date_gmt":"2021-08-19T19:20:14","guid":{"rendered":"https:\/\/baflesoviedo.com\/home\/?post_type=product&#038;p=1887"},"modified":"2023-10-21T02:46:06","modified_gmt":"2023-10-21T02:46:06","slug":"ps-audio-powerplant-12-regenerador-de-ac","status":"publish","type":"product","link":"https:\/\/baflesoviedo.com\/home\/product\/ps-audio-powerplant-12-regenerador-de-ac\/","title":{"rendered":"PS Audio, PowerPlant 12, Regenerador de AC"},"content":{"rendered":"<p><strong>Especificaciones<\/strong><\/p>\n<table width=\"697\">\n<tbody>\n<tr>\n<td width=\"275\">Localizaci\u00f3n<\/td>\n<td width=\"423\">Solamente para uso en interiores<\/td>\n<\/tr>\n<tr>\n<td width=\"275\">Ciclo de trabajo<\/td>\n<td width=\"423\">Adecuado para funcionamiento continuo<\/td>\n<\/tr>\n<tr>\n<td width=\"275\">Sensibilidad a la humedad<\/td>\n<td width=\"423\">No sellado contra la humedad<\/td>\n<\/tr>\n<tr>\n<td width=\"275\">Humedad de funcionamiento<\/td>\n<td width=\"423\">&lt;80% de humedad relativa<\/td>\n<\/tr>\n<tr>\n<td width=\"275\">Temperatura de almacenamiento<\/td>\n<td width=\"423\">-40 \u00b0 C a + 40 \u00b0 C<\/td>\n<\/tr>\n<tr>\n<td width=\"275\">Temperatura de funcionamiento<\/td>\n<td width=\"423\">0C a 40C<\/td>\n<\/tr>\n<tr>\n<td width=\"275\">Altitud m\u00e1xima de funcionamiento<\/td>\n<td width=\"423\">12,000 &#8216;(3500 m)<\/td>\n<\/tr>\n<tr>\n<td width=\"275\">Capacidad nominal de suministro el\u00e9ctrico<\/td>\n<td width=\"423\">120 V 15 A 60 Hz EE. UU.<\/td>\n<\/tr>\n<tr>\n<td width=\"275\"><\/td>\n<td width=\"423\">100 V 15 A 50\/60 Hz JP<\/td>\n<\/tr>\n<tr>\n<td width=\"275\"><strong>Especificaci\u00f3n del instrumento<\/strong><\/td>\n<td width=\"423\"><strong>\u00a0<\/strong><\/td>\n<\/tr>\n<tr>\n<td width=\"275\">Dimensiones de la unidad<\/td>\n<td width=\"423\">43 cm de ancho x 36 cm de profundidad x 10,16 cm de alto<\/td>\n<\/tr>\n<tr>\n<td width=\"275\">Unidad de peso<\/td>\n<td width=\"423\">37 libras (16,7 kg)<\/td>\n<\/tr>\n<tr>\n<td width=\"275\">Dimensiones de env\u00edo<\/td>\n<td width=\"423\">24 &#8220;x 21&#8221; x 10 &#8220;(61 cm x 53 cm x 25 cm)<\/td>\n<\/tr>\n<tr>\n<td width=\"275\">Peso de env\u00edo<\/td>\n<td width=\"423\">48 libras (21,7 kg)<\/td>\n<\/tr>\n<tr>\n<td width=\"275\">Voltaje de entrada nominal<\/td>\n<td width=\"423\">95-145 VCA<\/td>\n<\/tr>\n<tr>\n<td width=\"275\">Carga continua m\u00e1xima<\/td>\n<td width=\"423\">1000 VA<\/td>\n<\/tr>\n<tr>\n<td width=\"275\">Carga pico m\u00e1ximo<\/td>\n<td width=\"423\">3600 VA<\/td>\n<\/tr>\n<tr>\n<td width=\"275\">Regulaci\u00f3n de voltaje<\/td>\n<td width=\"423\">0,5 V<\/td>\n<\/tr>\n<tr>\n<td width=\"275\">Distorsi\u00f3n de salida (carga resistiva)<\/td>\n<td width=\"423\">&lt;0,5%<\/td>\n<\/tr>\n<tr>\n<td width=\"275\">Distorsi\u00f3n de salida (carga reactiva)<\/td>\n<td width=\"423\">&lt;0,5%<\/td>\n<\/tr>\n<tr>\n<td width=\"275\"><\/td>\n<td width=\"423\">0,1% t\u00edpico<\/td>\n<\/tr>\n<tr>\n<td width=\"275\">Impedancia de salida<\/td>\n<td width=\"423\">&lt;0,008 ohmios<\/td>\n<\/tr>\n<tr>\n<td width=\"275\">Reducci\u00f3n de ruido<\/td>\n<td width=\"423\">100 kHz &#8211; 2 MHz&gt; 80 dB<\/td>\n<\/tr>\n<tr>\n<td width=\"275\">Eficiencia a 1200 VA<\/td>\n<td width=\"423\">&gt; 85%<\/td>\n<\/tr>\n<tr>\n<td width=\"275\">Frecuencia de entrada<\/td>\n<td width=\"423\">45 &#8211; 65 Hz<\/td>\n<\/tr>\n<tr>\n<td width=\"275\">Bajo l\u00edmite de voltaje<\/td>\n<td width=\"423\">Continuo -10% del ajuste 15 segundos de duraci\u00f3n -15% del ajuste<\/td>\n<\/tr>\n<tr>\n<td width=\"275\">L\u00edmite de sobretensi\u00f3n<\/td>\n<td width=\"423\">Continuo 5% del ajuste 15 segundos de duraci\u00f3n 10% del ajuste<\/td>\n<\/tr>\n<tr>\n<td width=\"275\">Disipaci\u00f3n de energ\u00eda<\/td>\n<td width=\"423\">1020J<\/td>\n<\/tr>\n<tr>\n<td width=\"275\">Aumento de corriente pico<\/td>\n<td width=\"423\">90 000 A<\/td>\n<\/tr>\n<tr>\n<td width=\"275\">Voltaje de sobretensi\u00f3n m\u00e1ximo<\/td>\n<td width=\"423\">6.000 V<\/td>\n<\/tr>\n<tr>\n<td width=\"275\">Nivel de abrazadera<\/td>\n<td width=\"423\">340 V<\/td>\n<\/tr>\n<tr>\n<td width=\"275\">Configuraci\u00f3n del disparador de CC<\/td>\n<td width=\"423\">Sugerencia Positiva<\/td>\n<\/tr>\n<tr>\n<td width=\"275\">Voltaje de disparo de CC<\/td>\n<td width=\"423\">5 &#8211; 15Vdc<\/td>\n<\/tr>\n<\/tbody>\n<\/table>\n<p><a href=\"https:\/\/www.psaudio.com\/products\/perfectwave-powerplant-12\/\" target=\"_blank\" rel=\"noopener\"><span style=\"color: #0000ff;\">Click aqu\u00ed para m\u00e1s informaci\u00f3n del producto.<\/span><\/a><\/p>\n","protected":false},"excerpt":{"rendered":"<p>Nuestro regenerador de CA compacto m\u00e1s potente, el P12, regenera CA nueva, segura y pura de las tomas de corriente de su hogar para una mejora impresionante.<\/p>\n<p>La planta de energ\u00eda DirectStream 12 toma la energ\u00eda de CA entrante y regenera una nueva energ\u00eda de CA de alta corriente regulada y sinusoidal perfecta. En el proceso de regeneraci\u00f3n, se eliminan los problemas en su l\u00ednea de alimentaci\u00f3n, como bajo voltaje, formas de onda distorsionadas, flacidez de la energ\u00eda y ruido. Los resultados son asombrosos tanto a nivel visual como auditivo cuando se alimentan productos de audio o video. Adem\u00e1s, el nivel de protecci\u00f3n que ofrece el equipo conectado es extraordinario. Si\u00e9ntase 100% seguro de que un P12 proporcionar\u00e1 energ\u00eda pura y segura en cualquier condici\u00f3n. No muera de hambre su m\u00fasica ni se arriesgue a da\u00f1ar su equipo. Un P12 le ofrece un rendimiento y una seguridad enormemente mejorados con tan solo enchufarlo a la toma de corriente y una din\u00e1mica, unos graves mucho mejores y un escenario sonoro mucho m\u00e1s grande y abierto que cualquier acondicionador de potencia pasivo del mercado.<\/p>\n","protected":false},"featured_media":1888,"template":"","meta":[],"product_cat":[38],"product_tag":[159,164,72],"_links":{"self":[{"href":"https:\/\/baflesoviedo.com\/home\/wp-json\/wp\/v2\/product\/1887"}],"collection":[{"href":"https:\/\/baflesoviedo.com\/home\/wp-json\/wp\/v2\/product"}],"about":[{"href":"https:\/\/baflesoviedo.com\/home\/wp-json\/wp\/v2\/types\/product"}],"wp:featuredmedia":[{"embeddable":true,"href":"https:\/\/baflesoviedo.com\/home\/wp-json\/wp\/v2\/media\/1888"}],"wp:attachment":[{"href":"https:\/\/baflesoviedo.com\/home\/wp-json\/wp\/v2\/media?parent=1887"}],"wp:term":[{"taxonomy":"product_cat","embeddable":true,"href":"https:\/\/baflesoviedo.com\/home\/wp-json\/wp\/v2\/product_cat?post=1887"},{"taxonomy":"product_tag","embeddable":true,"href":"https:\/\/baflesoviedo.com\/home\/wp-json\/wp\/v2\/product_tag?post=1887"}],"curies":[{"name":"wp","href":"https:\/\/api.w.org\/{rel}","templated":true}]}}