{"id":2353,"date":"2023-04-01T02:12:36","date_gmt":"2023-04-01T02:12:36","guid":{"rendered":"https:\/\/baflesoviedo.com\/home\/?post_type=product&#038;p=2353"},"modified":"2025-12-17T00:48:40","modified_gmt":"2025-12-17T00:48:40","slug":"pro-ject-tube-box-s2-preamplificador-phono","status":"publish","type":"product","link":"https:\/\/baflesoviedo.com\/home\/product\/pro-ject-tube-box-s2-preamplificador-phono\/","title":{"rendered":"Pro-Ject, Tube Box S2, Preamplificador Phono"},"content":{"rendered":"<p><strong>Especificaciones T\u00e9cnicas:<\/strong><\/p>\n<table class=\"my-3\">\n<tbody>\n<tr>\n<td class=\"pr-5 font-weight-bold\">Tubes<\/td>\n<td>2 x ECC83 (12AX 7A)<\/td>\n<\/tr>\n<tr>\n<td class=\"pr-5 font-weight-bold\">Input impedance<\/td>\n<td>10 ohms, 100 ohms, 1 kohm, 2 kohms<\/td>\n<\/tr>\n<tr>\n<td class=\"pr-5 font-weight-bold\">Input capacitance\/impedance<\/td>\n<td>47pF, 147pF, 267pF, 367 pF, 487 pF and 587 pF* \/ 47 kohms, Together with other input impedance settings without any influence!<\/td>\n<\/tr>\n<tr>\n<td class=\"pr-5 font-weight-bold\">Input gain<\/td>\n<td>40 dB, 43 dB \/ 50 dB, 60 dB und 63 dB<\/td>\n<\/tr>\n<tr>\n<td class=\"pr-5 font-weight-bold\">Noise floor<\/td>\n<td>80 dB (A weighted) at 40 dB input gain, 75dB (A weighted) at 50 dB and 63 dB input gain<\/td>\n<\/tr>\n<tr>\n<td class=\"pr-5 font-weight-bold\">THD<\/td>\n<td>&lt;0.02% at 40 dB input gain &lt;0.05% at 50 dB and 63 dB input gain<\/td>\n<\/tr>\n<tr>\n<td class=\"pr-5 font-weight-bold\">RIAA-equalisation curve accuracy<\/td>\n<td>+\/- 0.4 dB\/20 Hz &#8211; 20 kHz<\/td>\n<\/tr>\n<tr>\n<td class=\"pr-5 font-weight-bold\">Subsonic filter<\/td>\n<td>at 20 Hz with 18 dB\/octave<\/td>\n<\/tr>\n<tr>\n<td class=\"pr-5 font-weight-bold\">Input<\/td>\n<td>1 pair RCA\/phono sockets<\/td>\n<\/tr>\n<tr>\n<td class=\"pr-5 font-weight-bold\">Line-level output<\/td>\n<td>1 pair RCA\/phono sockets<\/td>\n<\/tr>\n<tr>\n<td class=\"pr-5 font-weight-bold\">Outboard power supply<\/td>\n<td>18 V \/ 1.000 mA DC, suitable for your country&#8217;s mains supply<\/td>\n<\/tr>\n<tr>\n<td class=\"pr-5 font-weight-bold\">Power consumption<\/td>\n<td>470 mA DC, &lt;1W in standby<\/td>\n<\/tr>\n<tr>\n<td class=\"pr-5 font-weight-bold\">Dimensions W x H x D with sockets<\/td>\n<td>103 x 73 x 131 mm<\/td>\n<\/tr>\n<tr>\n<td class=\"pr-5 font-weight-bold\">Weight<\/td>\n<td>410 g without power supply<\/td>\n<\/tr>\n<\/tbody>\n<\/table>\n<p>&nbsp;<\/p>\n<p><a href=\"https:\/\/www.project-audio.com\/en\/product\/tube-box-s2\/\" target=\"_blank\" rel=\"noopener noreferrer\"><span style=\"color: #0000ff;\">Click aqu\u00ed para m\u00e1s informaci\u00f3n del producto.<\/span><\/a><\/p>\n","protected":false},"excerpt":{"rendered":"<p>Preamplificador phono de tubos, con un dise\u00f1o compacto y minimalista. Cuenta con un dise\u00f1o discreto del circuito sin utilizar OpAmps, y adem\u00e1s permite reemplazar los tubos para personalizar el sonido seg\u00fan su preferencia. Ofrece riqueza en las frecuencias medias y soporta tanto pastillas MM como MC, con varias configuraciones de ganancia en el panel frontal. Adem\u00e1s, su construcci\u00f3n de aluminio\/metal protege contra vibraciones e interferencias electromagn\u00e9ticas para disfrutar de un sonido superior.<\/p>\n","protected":false},"featured_media":2354,"template":"","meta":[],"product_cat":[37,19],"product_tag":[216,56,62],"_links":{"self":[{"href":"https:\/\/baflesoviedo.com\/home\/wp-json\/wp\/v2\/product\/2353"}],"collection":[{"href":"https:\/\/baflesoviedo.com\/home\/wp-json\/wp\/v2\/product"}],"about":[{"href":"https:\/\/baflesoviedo.com\/home\/wp-json\/wp\/v2\/types\/product"}],"wp:featuredmedia":[{"embeddable":true,"href":"https:\/\/baflesoviedo.com\/home\/wp-json\/wp\/v2\/media\/2354"}],"wp:attachment":[{"href":"https:\/\/baflesoviedo.com\/home\/wp-json\/wp\/v2\/media?parent=2353"}],"wp:term":[{"taxonomy":"product_cat","embeddable":true,"href":"https:\/\/baflesoviedo.com\/home\/wp-json\/wp\/v2\/product_cat?post=2353"},{"taxonomy":"product_tag","embeddable":true,"href":"https:\/\/baflesoviedo.com\/home\/wp-json\/wp\/v2\/product_tag?post=2353"}],"curies":[{"name":"wp","href":"https:\/\/api.w.org\/{rel}","templated":true}]}}