{"id":2379,"date":"2023-05-10T22:06:06","date_gmt":"2023-05-10T22:06:06","guid":{"rendered":"https:\/\/baflesoviedo.com\/home\/?post_type=product&#038;p=2379"},"modified":"2025-07-16T19:48:31","modified_gmt":"2025-07-16T19:48:31","slug":"pro-ject-vt-e-bt-tornamesa-vertical","status":"publish","type":"product","link":"https:\/\/baflesoviedo.com\/home\/product\/pro-ject-vt-e-bt-tornamesa-vertical\/","title":{"rendered":"Pro-Ject, VT-E BT, Tornamesa Vertical"},"content":{"rendered":"<table cellspacing=\"0\" cellpadding=\"0\">\n<tbody>\n<tr>\n<td valign=\"middle\"><b>Speed<\/b><\/td>\n<td valign=\"middle\">33, 45 (manual speed change)<\/td>\n<\/tr>\n<tr>\n<td valign=\"middle\"><b>Principle<\/b><\/td>\n<td valign=\"middle\">Belt drive<\/td>\n<\/tr>\n<tr>\n<td valign=\"middle\"><b>Speed variance<\/b><\/td>\n<td valign=\"middle\">33: 0.8% 45: 0.7%<\/td>\n<\/tr>\n<tr>\n<td valign=\"middle\"><b>Wow &amp; flutter<\/b><\/td>\n<td valign=\"middle\">33: 0.29% 45: 0.27%<\/td>\n<\/tr>\n<tr>\n<td valign=\"middle\"><b>Signal to noise<\/b><\/td>\n<td valign=\"middle\">&#8211; 65dB<\/td>\n<\/tr>\n<tr>\n<td valign=\"middle\"><b>Platter<\/b><\/td>\n<td valign=\"middle\">300mm MDF with felt mat (0,8kg)<\/td>\n<\/tr>\n<tr>\n<td valign=\"middle\"><b>Main bearing<\/b><\/td>\n<td valign=\"middle\">Stainless steel<\/td>\n<\/tr>\n<tr>\n<td valign=\"middle\"><b>Tonearm<\/b><\/td>\n<td valign=\"middle\">8.6\u201d aluminium<\/td>\n<\/tr>\n<tr>\n<td valign=\"middle\"><b>Effective arm length<\/b><\/td>\n<td valign=\"middle\">218.5 mm<\/td>\n<\/tr>\n<tr>\n<td valign=\"middle\"><b>Overhang<\/b><\/td>\n<td valign=\"middle\">22.0 mm<\/td>\n<\/tr>\n<tr>\n<td valign=\"middle\"><b>Effective tonearm mass<\/b><\/td>\n<td valign=\"middle\">8.0 g<\/td>\n<\/tr>\n<tr>\n<td valign=\"middle\"><b>Counterweight for mass<\/b><\/td>\n<td valign=\"middle\">3 &#8211; 5.5 g (included)<\/td>\n<\/tr>\n<tr>\n<td valign=\"middle\"><b>Tracking force range<\/b><\/td>\n<td valign=\"middle\">0 &#8211; 25mN (OM5 18mN pre-adjusted)<\/td>\n<\/tr>\n<tr>\n<td valign=\"middle\"><b>Outputs<\/b><\/td>\n<td valign=\"middle\">RCA Phono, RCA Line, BT<\/td>\n<\/tr>\n<tr>\n<td valign=\"middle\"><b>BT<\/b><\/td>\n<td valign=\"middle\">V 3.0<\/td>\n<\/tr>\n<tr>\n<td valign=\"middle\"><b>Included accessories<\/b><\/td>\n<td valign=\"middle\">Power supply, record clamp<\/td>\n<\/tr>\n<tr>\n<td valign=\"middle\"><b>Power consumption<\/b><\/td>\n<td valign=\"middle\">4.5 Watts<\/td>\n<\/tr>\n<tr>\n<td valign=\"middle\"><b>Dimensions (standing on table)<\/b><\/td>\n<td valign=\"middle\">430 x 345 x 245mm (WxHxD)<\/td>\n<\/tr>\n<tr>\n<td valign=\"middle\"><b>Dimensions (mounted on wall)<\/b><\/td>\n<td valign=\"middle\">430 x 310 x 130mm (WxHxD)<\/td>\n<\/tr>\n<tr>\n<td valign=\"middle\"><b>Weight<\/b><\/td>\n<td valign=\"middle\">2.8 kg net<\/td>\n<\/tr>\n<\/tbody>\n<\/table>\n<p><a href=\"https:\/\/www.project-audio.com\/en\/product\/vt-e-bt\/\" target=\"_blank\" rel=\"noopener noreferrer\"><span style=\"color: #0000ff;\">Click aqu\u00ed para m\u00e1s informaci\u00f3n del producto.<\/span><\/a><\/p>\n","protected":false},"excerpt":{"rendered":"<p>Tornamesa de instalaci\u00f3n vertical, que incluye un transmisor para BlueTooth y preamplificador phono. Viene en versiones tanto para derechos como para izquierdos, y est\u00e1 lista para ser conectada y disfrutada de inmediato, ya que est\u00e1 pre-ajustada para mayor facilidad de instalaci\u00f3n. Incluye la pastilla Ortofon OM 5E y sistema <i>anti-skating, <\/i>adem\u00e1s de un mecanismo especializado que permite la reproducci\u00f3n perfecta de vinilos en posici\u00f3n vertical. Disponible en colores de alto-brillo negro, rojo y blanco.<span class=\"Apple-converted-space\">\u00a0<\/span><\/p>\n","protected":false},"featured_media":2380,"template":"","meta":[],"product_cat":[37],"product_tag":[56,62],"_links":{"self":[{"href":"https:\/\/baflesoviedo.com\/home\/wp-json\/wp\/v2\/product\/2379"}],"collection":[{"href":"https:\/\/baflesoviedo.com\/home\/wp-json\/wp\/v2\/product"}],"about":[{"href":"https:\/\/baflesoviedo.com\/home\/wp-json\/wp\/v2\/types\/product"}],"wp:featuredmedia":[{"embeddable":true,"href":"https:\/\/baflesoviedo.com\/home\/wp-json\/wp\/v2\/media\/2380"}],"wp:attachment":[{"href":"https:\/\/baflesoviedo.com\/home\/wp-json\/wp\/v2\/media?parent=2379"}],"wp:term":[{"taxonomy":"product_cat","embeddable":true,"href":"https:\/\/baflesoviedo.com\/home\/wp-json\/wp\/v2\/product_cat?post=2379"},{"taxonomy":"product_tag","embeddable":true,"href":"https:\/\/baflesoviedo.com\/home\/wp-json\/wp\/v2\/product_tag?post=2379"}],"curies":[{"name":"wp","href":"https:\/\/api.w.org\/{rel}","templated":true}]}}