{"id":2491,"date":"2023-05-13T00:13:29","date_gmt":"2023-05-13T00:13:29","guid":{"rendered":"https:\/\/baflesoviedo.com\/home\/?post_type=product&#038;p=2491"},"modified":"2025-12-17T00:48:11","modified_gmt":"2025-12-17T00:48:11","slug":"pro-ject-cd-box-s3-cd-player","status":"publish","type":"product","link":"https:\/\/baflesoviedo.com\/home\/product\/pro-ject-cd-box-s3-cd-player\/","title":{"rendered":"Pro-Ject, CD Box S3, CD Player"},"content":{"rendered":"<p><b>Supports:\u00a0<\/b>Red Book CD-DA<\/p>\n<p><b>Digital output:\u00a0<\/b>1 x S\/PDIF coaxial<\/p>\n<p><b>Analog output:\u00a0<\/b>1x pair RCA<\/p>\n<p><b>Output level:\u00a0<\/b>2,0 Vrms \/ 0dBFS<\/p>\n<p><b>Frequency response:\u00a0<\/b>20Hz &#8211; 20kHz, \u00b1 0,15dB<\/p>\n<p><b>THD (analog output):\u00a0<\/b>0,005% \/ 1kHz<\/p>\n<p><b>THD (digital output):\u00a0<\/b>0,001% \/ 1kHz<\/p>\n<p><b>Noise floor:\u00a0<\/b>&gt; -120dB \/ 20Hz \u2013 20kHz<\/p>\n<p><b>D\/A-converter:\u00a0<\/b>PCM5102<\/p>\n<p><b>Power supply:\u00a0<\/b>9V\/2A DC, suitable for your country<\/p>\n<p><b>Power consumption:\u00a0<\/b>250 &#8211; 1500mA DC, &lt;0,5W in Stand-By<\/p>\n<p><b>Battery remote control:\u00a0<\/b>1 x CR2032 \/ 3V or 1 x CR2025 \/ 3V<\/p>\n<p><b>Dimensions WxHxD:\u00a0<\/b>206 x 55 x 153 (160 incl. sockets) mm<\/p>\n<p><b>Weight:\u00a0<\/b>1330g without power supply<\/p>\n<p><a href=\"https:\/\/www.project-audio.com\/en\/product\/cd-box-s3\/\" target=\"_blank\" rel=\"noopener noreferrer\"><span style=\"color: #0000ff;\">Click aqu\u00ed para m\u00e1s informaci\u00f3n del producto.<\/span><\/a><\/p>\n","protected":false},"excerpt":{"rendered":"<p>Reproductor de CD capacitado para un \u201cplayback\u201d con \u201cbit accuracy\u201d de 1:1 (standard del Red Book CDDA). El nuevo chip DAC ofrece la mejor conversi\u00f3n digital-anal\u00f3gica<span class=\"Apple-converted-space\">\u00a0 <\/span>con un profundidad de bits y frecuencia de muestreo de hasta 32bit\/384kHz. Su dise\u00f1o ha sido actualizado al tama\u00f1o de la serie S3, con una caja met\u00e1lica y pantalla de 1.54\u201d. Incluye control remoto. Disponible en blanco y en negro.<span class=\"Apple-converted-space\">\u00a0<\/span><\/p>\n","protected":false},"featured_media":2492,"template":"","meta":[],"product_cat":[19],"product_tag":[189,40,56],"_links":{"self":[{"href":"https:\/\/baflesoviedo.com\/home\/wp-json\/wp\/v2\/product\/2491"}],"collection":[{"href":"https:\/\/baflesoviedo.com\/home\/wp-json\/wp\/v2\/product"}],"about":[{"href":"https:\/\/baflesoviedo.com\/home\/wp-json\/wp\/v2\/types\/product"}],"wp:featuredmedia":[{"embeddable":true,"href":"https:\/\/baflesoviedo.com\/home\/wp-json\/wp\/v2\/media\/2492"}],"wp:attachment":[{"href":"https:\/\/baflesoviedo.com\/home\/wp-json\/wp\/v2\/media?parent=2491"}],"wp:term":[{"taxonomy":"product_cat","embeddable":true,"href":"https:\/\/baflesoviedo.com\/home\/wp-json\/wp\/v2\/product_cat?post=2491"},{"taxonomy":"product_tag","embeddable":true,"href":"https:\/\/baflesoviedo.com\/home\/wp-json\/wp\/v2\/product_tag?post=2491"}],"curies":[{"name":"wp","href":"https:\/\/api.w.org\/{rel}","templated":true}]}}