{"id":2734,"date":"2023-06-22T02:58:08","date_gmt":"2023-06-22T02:58:08","guid":{"rendered":"https:\/\/baflesoviedo.com\/home\/?post_type=product&#038;p=2734"},"modified":"2025-02-07T17:27:10","modified_gmt":"2025-02-07T17:27:10","slug":"dynaudio-focus-50-altavoz","status":"publish","type":"product","link":"https:\/\/baflesoviedo.com\/home\/product\/dynaudio-focus-50-altavoz\/","title":{"rendered":"Dynaudio, Focus 50, Altavoces Torre"},"content":{"rendered":"<p><b>Especificaciones T\u00e9cnicas:<\/b><\/p>\n<p><b>Status<\/b><br \/>\nCurrent<\/p>\n<p><b>Segment<\/b><br \/>\nHome<\/p>\n<p><b>Range<\/b><br \/>\nFocus<\/p>\n<p><b>Type<\/b><br \/>\nFloorstand<\/p>\n<p><b>Analog inputs (Primary)<\/b><br \/>\n2x RCA<\/p>\n<p><b>Digital inputs (Primary)<\/b><br \/>\n1x Toslink, 1x RCA<\/p>\n<p><b>Analog outputs (Primary)<\/b><br \/>\n1x Sub RCA, 1x Trigger<\/p>\n<p><b>Digital outputs (Primary)<\/b><br \/>\n1x RCA (to Client)<\/p>\n<p><b>Digital inputs (Client)<\/b><br \/>\n1x RCA (from Primary)<\/p>\n<p><b>Wireless inter-speaker connection<\/b><br \/>\nWiSA (Up to 24-bit\/96kHz)<\/p>\n<p><b>Wired inter-speaker connection<\/b><br \/>\nRCA (24-bit\/192kHz)<\/p>\n<p><b>Network<\/b><br \/>\nWi-Fi, Ethernet<\/p>\n<p><b>Bluetooth<\/b><br \/>\n4,2<\/p>\n<p><b>Streaming<\/b><br \/>\nRoon, Airplay2, Chromecast, Tidal Connect, Spotify Connect, Qplay, UPnP<\/p>\n<p><b>Amplifier Power Woofer (Watt)<\/b><br \/>\n280<\/p>\n<p><b>Amplifier Power midrange (Watt)<\/b><br \/>\n280<\/p>\n<p><b>Amplifier Power Tweeter (Watt)<\/b><br \/>\n110<\/p>\n<p><b>AC Power Input<\/b><br \/>\n100-240V 50\/60Hz<\/p>\n<p><b>Max Stand-by Power Consumption (Watt)<\/b><br \/>\n2<\/p>\n<p><b>Max Power Consumption (Watt)<\/b><br \/>\n280<\/p>\n<p><b>Lower Cutoff (Hz @85 dB +\/- 3 dB)<\/b><br \/>\n20<\/p>\n<p><b>Upper Cutoff (kHz @ 85dB +\/- 3 dB)<\/b><br \/>\n22<\/p>\n<p><b>Lower Cutoff Dynamic (Hz @ -6 dB)<\/b><br \/>\n18<\/p>\n<p><b>Upper Cutoff Dynamic (kHz @ -6 dB)<\/b><br \/>\n36<\/p>\n<p><b>Box Principle<\/b><br \/>\nSealed<\/p>\n<p><b>Crossover<\/b><br \/>\n3-way DSP-based<\/p>\n<p><b>Crossover Frequency (Hz)<\/b><br \/>\n390\/4700 Hz<\/p>\n<p><b>Tweeter<\/b><br \/>\n28mm Cerotar soft dome with Hexis<\/p>\n<p><b>Midrange<\/b><br \/>\n15 cm MSP<\/p>\n<p><b>Woofer<\/b><br \/>\n2x 18 cm MSP<\/p>\n<p><b>Weight kg<\/b><br \/>\n33,5<\/p>\n<p><b>Weight lbs<\/b><br \/>\n73 7\/8<\/p>\n<p><b>Width mm<\/b><br \/>\n215<\/p>\n<p><b>Height mm<\/b><br \/>\n1140<\/p>\n<p><b>Depth mm <\/b><br \/>\n305<\/p>\n<p><b>Width inches<\/b><br \/>\n8 4\/8<\/p>\n<p><b>Height inches<\/b><br \/>\n44 7\/8<\/p>\n<p><b>Depth inches<\/b><br \/>\n12<\/p>\n<p><b>Width mm incl. feet\/grill<\/b><br \/>\n305<\/p>\n<p><b>Height mm incl. feet\/grill<\/b><br \/>\n1187<\/p>\n<p><b>Depth mm incl. feet\/grill<\/b><br \/>\n401<\/p>\n<p><b>Width inches incl. feet\/grill<\/b><br \/>\n12<\/p>\n<p><b>Height inches incl. feet\/grill<\/b><br \/>\n46 6\/8<\/p>\n<p><b>Depth inches incl. feet\/grill<\/b><br \/>\n15 6\/8<\/p>\n<p><b>Speakers per packaged box<\/b><br \/>\n1<\/p>\n<p><b>Finishes<\/b><br \/>\nBlack HG, White HG, Blonde Wood, Walnut Wood<\/p>\n<p><b>Grille<\/b><br \/>\nBlack magnetic Smart Grille plus auto-sensing EQ<\/p>\n<p><a href=\"https:\/\/dynaudio.com\/home-audio\/focus\/focus-50\" target=\"_blank\" rel=\"noopener noreferrer\"><span style=\"color: #0000ff;\">Click aqu\u00ed para m\u00e1s informaci\u00f3n del producto.<\/span><\/a><\/p>\n","protected":false},"excerpt":{"rendered":"<p>Altavoces activos grandes tipo torre, con sistema wireless. Dedicados especialmente al streaming, con servicios como Spotify Connect, Tidal Connect, Apple AirPlay 2, Google Chromecast, Roon y Bluetooth. Son capaces de reproducir en cualquier formato digital, y las conexiones traseras permiten conectar tambi\u00e9n un reproductor de CD, tornamesa, u otras fuentes digitales f\u00edsicas. Incluye tambi\u00e9n la tecnolog\u00eda WiSA, para conectarse inal\u00e1mbricamente a un TV o USB dongle. Dise\u00f1ado para que sea eficiente y f\u00e1cil de utilizar, bas\u00e1ndose en la tecnolog\u00eda de la serie Core (monitores de referencia profesionales) para aproximarse lo m\u00e1s posible a lo que escuch\u00f3 el artista en el estudio. Disponible en walnut wood, white high gloss, black high gloss o blonde wood.<\/p>\n","protected":false},"featured_media":4268,"template":"","meta":[],"product_cat":[121,18,17,22,23],"product_tag":[31,191,80,58,40,185,73],"_links":{"self":[{"href":"https:\/\/baflesoviedo.com\/home\/wp-json\/wp\/v2\/product\/2734"}],"collection":[{"href":"https:\/\/baflesoviedo.com\/home\/wp-json\/wp\/v2\/product"}],"about":[{"href":"https:\/\/baflesoviedo.com\/home\/wp-json\/wp\/v2\/types\/product"}],"wp:featuredmedia":[{"embeddable":true,"href":"https:\/\/baflesoviedo.com\/home\/wp-json\/wp\/v2\/media\/4268"}],"wp:attachment":[{"href":"https:\/\/baflesoviedo.com\/home\/wp-json\/wp\/v2\/media?parent=2734"}],"wp:term":[{"taxonomy":"product_cat","embeddable":true,"href":"https:\/\/baflesoviedo.com\/home\/wp-json\/wp\/v2\/product_cat?post=2734"},{"taxonomy":"product_tag","embeddable":true,"href":"https:\/\/baflesoviedo.com\/home\/wp-json\/wp\/v2\/product_tag?post=2734"}],"curies":[{"name":"wp","href":"https:\/\/api.w.org\/{rel}","templated":true}]}}