{"id":2826,"date":"2023-08-12T15:38:59","date_gmt":"2023-08-12T15:38:59","guid":{"rendered":"https:\/\/baflesoviedo.com\/home\/?post_type=product&#038;p=2826"},"modified":"2025-09-30T21:54:56","modified_gmt":"2025-09-30T21:54:56","slug":"bowers-wilkins-fs-805-d4-stand-altavoz","status":"publish","type":"product","link":"https:\/\/baflesoviedo.com\/home\/product\/bowers-wilkins-fs-805-d4-stand-altavoz\/","title":{"rendered":"Bowers &#038; Wilkins, FS-805 D4, Stand Altavoz"},"content":{"rendered":"<p><a href=\"https:\/\/www.bowerswilkins.com\/en-us\/product\/loudspeakers\/fs-805-d4\" target=\"_blank\" rel=\"noopener noreferrer\"><span style=\"color: #0000ff;\">Click aqu\u00ed para m\u00e1s informaci\u00f3n del producto.<\/span><\/a><\/p>\n","protected":false},"excerpt":{"rendered":"<p>PRECIO PAR. Stand para altavoces 805 D4. Disponible en colores negro y plata.<\/p>\n","protected":false},"featured_media":2827,"template":"","meta":[],"product_cat":[156,18,17],"product_tag":[152,35,40,185],"_links":{"self":[{"href":"https:\/\/baflesoviedo.com\/home\/wp-json\/wp\/v2\/product\/2826"}],"collection":[{"href":"https:\/\/baflesoviedo.com\/home\/wp-json\/wp\/v2\/product"}],"about":[{"href":"https:\/\/baflesoviedo.com\/home\/wp-json\/wp\/v2\/types\/product"}],"wp:featuredmedia":[{"embeddable":true,"href":"https:\/\/baflesoviedo.com\/home\/wp-json\/wp\/v2\/media\/2827"}],"wp:attachment":[{"href":"https:\/\/baflesoviedo.com\/home\/wp-json\/wp\/v2\/media?parent=2826"}],"wp:term":[{"taxonomy":"product_cat","embeddable":true,"href":"https:\/\/baflesoviedo.com\/home\/wp-json\/wp\/v2\/product_cat?post=2826"},{"taxonomy":"product_tag","embeddable":true,"href":"https:\/\/baflesoviedo.com\/home\/wp-json\/wp\/v2\/product_tag?post=2826"}],"curies":[{"name":"wp","href":"https:\/\/api.w.org\/{rel}","templated":true}]}}