{"id":2889,"date":"2023-09-06T23:37:52","date_gmt":"2023-09-06T23:37:52","guid":{"rendered":"https:\/\/baflesoviedo.com\/home\/?post_type=product&#038;p=2889"},"modified":"2025-09-30T22:18:46","modified_gmt":"2025-09-30T22:18:46","slug":"bowers-wilkins-607-s3-altavoces-librero","status":"publish","type":"product","link":"https:\/\/baflesoviedo.com\/home\/product\/bowers-wilkins-607-s3-altavoces-librero\/","title":{"rendered":"Bowers &#038; Wilkins, 607 S3, Altavoces Librero"},"content":{"rendered":"<p><b>Especificaciones T\u00e9cnicas:<\/b><\/p>\n<p><b>Height:<\/b> 300 mm (11.8 in) cabinet only<span class=\"Apple-converted-space\">\u00a0<\/span><\/p>\n<p><b>Width:<\/b> 165 mm (6.5 in) cabinet only<\/p>\n<p><b>Depth:<\/b> 207 mm (8.2 in) cabinet only<\/p>\n<p>235 mm (9.3 in) including grille and terminals<\/p>\n<p><b>Net weight<\/b><\/p>\n<p>4.65kg (10.3 lb)<\/p>\n<p><b>Technical features<\/b><\/p>\n<p>Decoupled Double Dome Titanium tweeter<span class=\"Apple-converted-space\">\u00a0<\/span><\/p>\n<p>Continuum\u2122 cone bass \/ midrange<span class=\"Apple-converted-space\">\u00a0<\/span><\/p>\n<p>Flowport\u2122<\/p>\n<p><b>Description<\/b><\/p>\n<p>2-way vented-box system<\/p>\n<p><b>Drive units<\/b><\/p>\n<p>1x \u00f825mm (1 in) Titanium Dome high-frequency<span class=\"Apple-converted-space\">\u00a0<\/span><\/p>\n<p>1x \u00f8130mm (5 in) Continuum cone bass \/ midrange<\/p>\n<p><b>Frequency range<\/b><\/p>\n<p>-6dB 40Hz &#8211; 33kHz<\/p>\n<p><b>Frequency response (+\/-3dB from reference axis)<\/b><\/p>\n<p>52Hz &#8211; 28kHz \u00b13dB<\/p>\n<p><b>Sensitivity (on axis at 2.83Vrms at 1m)<\/b><\/p>\n<p>84dB<\/p>\n<p><b>Harmonic distortion<\/b><\/p>\n<p>2nd and 3rd harmonics (90dB, 1m on axis)<span class=\"Apple-converted-space\">\u00a0<\/span><\/p>\n<p>&lt;1% 100Hz &#8211; 22kHz<span class=\"Apple-converted-space\">\u00a0<\/span><\/p>\n<p>&lt;0.5% 500Hz &#8211; 10kHz<span class=\"Apple-converted-space\">\u00a0<\/span><\/p>\n<p><b>Nominal impedance<\/b><\/p>\n<p>8\u2126 (minimum 3.0\u2126)<\/p>\n<p><b>Recommended amplifier power<\/b><\/p>\n<p>30W &#8211; 100W into 8\u03a9 on unclipped programme<\/p>\n<p><b>Max recommended cable impedance<\/b><\/p>\n<p>0.1\u2126<\/p>\n<p><b>Cabinet finishes<\/b><\/p>\n<p>Black<span class=\"Apple-converted-space\">\u00a0<\/span><\/p>\n<p>White<span class=\"Apple-converted-space\">\u00a0<\/span><\/p>\n<p>Oak<\/p>\n<p><b>Grille finishes<\/b><\/p>\n<p>Black (Black)<span class=\"Apple-converted-space\">\u00a0<\/span><\/p>\n<p>Grey (White and Oak)<\/p>\n<p><a href=\"https:\/\/www.bowerswilkins.com\/en\/product\/loudspeakers\/607-s3\" target=\"_blank\" rel=\"noopener noreferrer\"><span style=\"color: #0000ff;\">Click aqu\u00ed para m\u00e1s informaci\u00f3n del producto.<\/span><\/a><\/p>\n","protected":false},"excerpt":{"rendered":"<p>\u00a1Serie 600 actualizada! Altavoces tipo librero en formato compacto, que combina la nueva tecnolog\u00eda del tweeter Titanium Dome y la poderosa precisi\u00f3n y transparencia del cono de bajos\/medios Continuum. La nueva tecnolog\u00eda de tweeter Titanium Dome combina una resoluci\u00f3n excepcional y una reproducci\u00f3n refinada y suave de agudos. Con la actualizaci\u00f3n de terminales, este nuevo modelo garantiza un camino de se\u00f1al m\u00e1s limpio entre amplificador y altavoces. Disponible en colores negro, blanco y oak.<\/p>\n","protected":false},"featured_media":4262,"template":"","meta":[],"product_cat":[126,123,122,17],"product_tag":[31,184,35,40],"_links":{"self":[{"href":"https:\/\/baflesoviedo.com\/home\/wp-json\/wp\/v2\/product\/2889"}],"collection":[{"href":"https:\/\/baflesoviedo.com\/home\/wp-json\/wp\/v2\/product"}],"about":[{"href":"https:\/\/baflesoviedo.com\/home\/wp-json\/wp\/v2\/types\/product"}],"wp:featuredmedia":[{"embeddable":true,"href":"https:\/\/baflesoviedo.com\/home\/wp-json\/wp\/v2\/media\/4262"}],"wp:attachment":[{"href":"https:\/\/baflesoviedo.com\/home\/wp-json\/wp\/v2\/media?parent=2889"}],"wp:term":[{"taxonomy":"product_cat","embeddable":true,"href":"https:\/\/baflesoviedo.com\/home\/wp-json\/wp\/v2\/product_cat?post=2889"},{"taxonomy":"product_tag","embeddable":true,"href":"https:\/\/baflesoviedo.com\/home\/wp-json\/wp\/v2\/product_tag?post=2889"}],"curies":[{"name":"wp","href":"https:\/\/api.w.org\/{rel}","templated":true}]}}