{"id":325,"date":"2020-04-22T20:39:09","date_gmt":"2020-04-22T20:39:09","guid":{"rendered":"https:\/\/baflesoviedo.com\/home\/?post_type=product&#038;p=325"},"modified":"2023-10-21T02:57:38","modified_gmt":"2023-10-21T02:57:38","slug":"sonance-mariner-86-altavoz","status":"publish","type":"product","link":"https:\/\/baflesoviedo.com\/home\/product\/sonance-mariner-86-altavoz\/","title":{"rendered":"Sonance, Mariner 86, Altavoz"},"content":{"rendered":"<p>&nbsp;<\/p>\n<p><strong>Especificaciones<\/strong><\/p>\n<table width=\"931\">\n<tbody>\n<tr>\n<td width=\"160\">Tweeter<\/td>\n<td width=\"771\">Domo de aluminio con recubrimiento de polvo de 1 &#8220;(25 mm), refrigerado por ferrofluido, en la c\u00e1mara posterior ac\u00fastica<\/td>\n<\/tr>\n<tr>\n<td width=\"160\">Woofer<\/td>\n<td width=\"771\">Cono laminado de Kevlar \/ Nomex de 8 &#8220;(203 mm) con un marco de santopreno<\/td>\n<\/tr>\n<tr>\n<td width=\"160\">Respuesta de frecuencia<\/td>\n<td width=\"771\">45Hz &#8211; 20kHz \u00b1 3dB<\/td>\n<\/tr>\n<tr>\n<td width=\"160\">Impedancia<\/td>\n<td width=\"771\">8 ohmios nominales; 6 ohmios m\u00ednimo<\/td>\n<\/tr>\n<tr>\n<td width=\"160\">Manejo de poder<\/td>\n<td width=\"771\">M\u00ednimo 5 vatios; 125 vatios m\u00e1ximo<\/td>\n<\/tr>\n<tr>\n<td width=\"160\">Sensibilidad<\/td>\n<td width=\"771\">91dB SPL (2.83V \/ 1 metro)<\/td>\n<\/tr>\n<tr>\n<td width=\"160\">Ambiental<\/td>\n<td width=\"771\">Cumple con Mil Spec 810 para humedad, niebla salina, temperatura y UV, clasificaci\u00f3n de impermeabilidad IP-66<\/td>\n<\/tr>\n<tr>\n<td width=\"160\">Temperatura ambiente<\/td>\n<td width=\"771\">-13\u00ba &#8211; 149\u00baF (-25\u00baC &#8211; 65\u00baC)<\/td>\n<\/tr>\n<tr>\n<td width=\"160\">Dimensiones (WxHxD)<\/td>\n<td width=\"771\">9.01 &#8220;x 14.02 x 8.58&#8221; (229 mm x 356 mm x 218 mm)<\/td>\n<\/tr>\n<tr>\n<td width=\"160\">Rejilla<\/td>\n<td width=\"771\">Aluminio perforado<\/td>\n<\/tr>\n<\/tbody>\n<\/table>\n<p><a href=\"https:\/\/www.sonance.com\/outdoor\/rock-mariners-extreme\/mariners-large\" target=\"_blank\" rel=\"noopener noreferrer\"><span style=\"color: #0000ff;\">Click aqu\u00ed para m\u00e1s informaci\u00f3n del producto<\/span><\/a><\/p>\n","protected":false},"excerpt":{"rendered":"<p>Altavoces exteriores cuentan con m\u00faltiples tecnolog\u00edas resistentes a la intemperie.<br \/>\nNuevas opciones de color blanco y negro para una est\u00e9tica muy mejorada.<br \/>\nWoofer, tweeter y crossover completamente redise\u00f1ados con los mismos materiales y tecnolog\u00eda de nuestra galardonada l\u00ednea Visual Performance.<br \/>\nUn aumento del 250% en la excursi\u00f3n del woofer permite una distorsi\u00f3n significativamente disminuida a grandes vol\u00famenes.<br \/>\nAumento de 7,44 mm en el di\u00e1metro de las bobinas de voz para aumentar la salida y piezas polares ventiladas para disminuir el calor en las bobinas de voz.<\/p>\n","protected":false},"featured_media":326,"template":"","meta":[],"product_cat":[126],"product_tag":[31,40,60],"_links":{"self":[{"href":"https:\/\/baflesoviedo.com\/home\/wp-json\/wp\/v2\/product\/325"}],"collection":[{"href":"https:\/\/baflesoviedo.com\/home\/wp-json\/wp\/v2\/product"}],"about":[{"href":"https:\/\/baflesoviedo.com\/home\/wp-json\/wp\/v2\/types\/product"}],"wp:featuredmedia":[{"embeddable":true,"href":"https:\/\/baflesoviedo.com\/home\/wp-json\/wp\/v2\/media\/326"}],"wp:attachment":[{"href":"https:\/\/baflesoviedo.com\/home\/wp-json\/wp\/v2\/media?parent=325"}],"wp:term":[{"taxonomy":"product_cat","embeddable":true,"href":"https:\/\/baflesoviedo.com\/home\/wp-json\/wp\/v2\/product_cat?post=325"},{"taxonomy":"product_tag","embeddable":true,"href":"https:\/\/baflesoviedo.com\/home\/wp-json\/wp\/v2\/product_tag?post=325"}],"curies":[{"name":"wp","href":"https:\/\/api.w.org\/{rel}","templated":true}]}}