{"id":327,"date":"2020-04-22T20:47:55","date_gmt":"2020-04-22T20:47:55","guid":{"rendered":"https:\/\/baflesoviedo.com\/home\/?post_type=product&#038;p=327"},"modified":"2025-06-11T01:37:45","modified_gmt":"2025-06-11T01:37:45","slug":"sonance-ls6t-sat-systems-altavoz","status":"publish","type":"product","link":"https:\/\/baflesoviedo.com\/home\/product\/sonance-ls6t-sat-systems-altavoz\/","title":{"rendered":"Sonance, LS6T SAT Sistema completo"},"content":{"rendered":"<p>&nbsp;<\/p>\n<p><strong>Especificaciones LS6T SAT<\/strong><\/p>\n<table style=\"height: 213px;\" width=\"985\">\n<tbody>\n<tr>\n<td width=\"329\">Tweeter<\/td>\n<td width=\"667\">Domo de poliuretano de 1 &#8220;(25 mm)<\/td>\n<\/tr>\n<tr>\n<td width=\"329\">Woofer<\/td>\n<td width=\"667\">Cono de polipropileno moldeado por inyecci\u00f3n de 6 1\/2 \u201d(165 mm) con un borde de goma SantopreneTM<\/td>\n<\/tr>\n<tr>\n<td width=\"329\">Respuesta de frecuencia<\/td>\n<td width=\"667\">55Hz &#8211; 20kHz \u00b1 3dB<\/td>\n<\/tr>\n<tr>\n<td width=\"329\">Sensibilidad<\/td>\n<td width=\"667\">90 dB a 1 m, 2,83 V (8 ohmios)<\/td>\n<\/tr>\n<tr>\n<td width=\"329\">Potencia recomendada del amplificador (8 ohmios)<\/td>\n<td width=\"667\">5W min, 125W max<\/td>\n<\/tr>\n<tr>\n<td width=\"329\">Grifos de transformador<\/td>\n<td width=\"667\">70V: 60W, 30W, 15W, 7.5W; 100V: 60W, 30W, 15W; 8 ohmios<\/td>\n<\/tr>\n<tr>\n<td width=\"329\">Material del recinto<\/td>\n<td width=\"667\">ABS de alto calor, caja sellada no corrosiva<\/td>\n<\/tr>\n<tr>\n<td width=\"329\">Dimensiones (L x Dia.)<\/td>\n<td width=\"667\">11,70 &#8220;x 7,43&#8221; (297 mm x 189 mm)<\/td>\n<\/tr>\n<tr>\n<td width=\"329\">Peso de env\u00edo<\/td>\n<td width=\"667\">9.92 lbs (4.5kgs) cada uno<\/td>\n<\/tr>\n<\/tbody>\n<\/table>\n<p>&nbsp;<\/p>\n<table width=\"780\">\n<tbody>\n<tr>\n<td width=\"119\">Altavoces sat\u00e9lite<\/td>\n<td width=\"661\">(6) LS6T SAT 6 1\/2 &#8220;altavoces sat\u00e9lite con transformador de n\u00facleo laminado Sonance y grifo ajustable<\/td>\n<\/tr>\n<tr>\n<td width=\"119\">Subwoofers<\/td>\n<td width=\"661\">(1) LS12T SUB 12 &#8220;subwoofer enterrado con transformador de n\u00facleo laminado Sonance y grifo ajustable<\/td>\n<\/tr>\n<tr>\n<td width=\"119\">Amplificaci\u00f3n<\/td>\n<td width=\"661\">(1) Amplificador Sonamp DSP 2-750<\/td>\n<\/tr>\n<\/tbody>\n<\/table>\n<p>&nbsp;<\/p>\n<p><strong>Descripci\u00f3n Amplificador Sonamp DSP 2-750 MKII<\/strong><\/p>\n<p>La nueva l\u00ednea de amplificadores DSP incluye SonARC (Sonance Advanced Room Correction), que ofrece cientos de preajustes de ecualizaci\u00f3n dise\u00f1ados espec\u00edficamente para altavoces Sonance disponibles a trav\u00e9s de men\u00fas desplegables simples. Los ajustes preestablecidos permiten DSP sin esfuerzo sin la necesidad de hardware adicional, software y, lo que es m\u00e1s importante, tiempo. Adem\u00e1s, en caso de que sea necesaria una mayor personalizaci\u00f3n, SonARC proporciona un ecualizador param\u00e9trico de 10 bandas para optimizar el rendimiento s\u00f3nico en cualquier espacio.<\/p>\n<p><strong>Especificaciones\u00a0 Amplificador Sonamp DSP 2-750 MKII<\/strong><\/p>\n<table style=\"height: 314px;\" width=\"725\">\n<tbody>\n<tr>\n<td width=\"288\">Canales<\/td>\n<td width=\"345\">2 (1 par est\u00e9reo)<\/td>\n<\/tr>\n<tr>\n<td width=\"288\">Potencia de salida &#8211; 8 ohmios<\/td>\n<td width=\"345\">500 vatios RMS por canal (ambos canales controlados)<\/td>\n<\/tr>\n<tr>\n<td width=\"288\">Potencia de salida &#8211; 4 ohmios<\/td>\n<td width=\"345\">750 vatios RMS por canal (ambos canales controlados)<\/td>\n<\/tr>\n<tr>\n<td width=\"288\">Potencia de salida &#8211; 8 ohmios (puenteado)<\/td>\n<td width=\"345\">2000 vatios<\/td>\n<\/tr>\n<tr>\n<td width=\"288\">Potencia de salida &#8211; 70 voltios<\/td>\n<td width=\"345\">750 vatios RMS por canal (ambos canales controlados)<\/td>\n<\/tr>\n<tr>\n<td width=\"288\">Respuesta de frecuencia<\/td>\n<td width=\"345\">5Hz &#8211; 50kHz<\/td>\n<\/tr>\n<tr>\n<td width=\"288\">Tensi\u00f3n de funcionamiento<\/td>\n<td width=\"345\">100 &#8211; 120V @ 60Hz, 220 &#8211; 240V @ 50Hz<\/td>\n<\/tr>\n<tr>\n<td width=\"288\">Requisito de espacio en rack<\/td>\n<td width=\"345\">2U<\/td>\n<\/tr>\n<tr>\n<td width=\"288\">Dimensiones con pies (WxHxD)<\/td>\n<td width=\"345\">17 1\/4 &#8220;x 3 7\/8&#8221; x 17 7\/32 &#8220;(438 mm x 98 mm x 437 mm)<\/td>\n<\/tr>\n<tr>\n<td width=\"288\">Dimensiones montadas en bastidor (WxHxD)<\/td>\n<td width=\"345\">19 &#8220;x 3 1\/2&#8221; x 17 7\/32 &#8220;(482 mm x 88 mm x 437 mm)<\/td>\n<\/tr>\n<tr>\n<td width=\"288\">Peso de env\u00edo<\/td>\n<td width=\"345\">23.3 libras (10.6kg)<\/td>\n<\/tr>\n<\/tbody>\n<\/table>\n<p><a href=\"https:\/\/www.sonance.com\/outdoor\/sonance-landscape-series\/ls6t-70v-systems\" target=\"_blank\" rel=\"noopener noreferrer\"><span style=\"color: #0000ff;\">Click aqu\u00ed para m\u00e1s informaci\u00f3n del producto<\/span><\/a><\/p>\n","protected":false},"excerpt":{"rendered":"<p>Los sistemas SAT LS6T de la serie Sonance Landscape configurados para configuraciones de 70V permiten una mayor cobertura de \u00e1rea con la mayor salida. Estos robustos parlantes de 6 1\/2 &#8220;producen detalles sobresalientes a cualquier volumen con bajos suaves. Como el subwoofer enterrado (12&#8221; o 15 &#8220;) emana por todo el espacio, admite las bajas frecuencias del sistema creando un equilibrio perfecto de detalles y Cada sistema incluye un amplificador Sonamp DSP 2-750 MKII 70V con configuraciones DSP personalizadas para optimizar el sistema en cualquier espacio exterior.<\/p>\n","protected":false},"featured_media":329,"template":"","meta":[],"product_cat":[125],"product_tag":[31,163,40,60],"_links":{"self":[{"href":"https:\/\/baflesoviedo.com\/home\/wp-json\/wp\/v2\/product\/327"}],"collection":[{"href":"https:\/\/baflesoviedo.com\/home\/wp-json\/wp\/v2\/product"}],"about":[{"href":"https:\/\/baflesoviedo.com\/home\/wp-json\/wp\/v2\/types\/product"}],"wp:featuredmedia":[{"embeddable":true,"href":"https:\/\/baflesoviedo.com\/home\/wp-json\/wp\/v2\/media\/329"}],"wp:attachment":[{"href":"https:\/\/baflesoviedo.com\/home\/wp-json\/wp\/v2\/media?parent=327"}],"wp:term":[{"taxonomy":"product_cat","embeddable":true,"href":"https:\/\/baflesoviedo.com\/home\/wp-json\/wp\/v2\/product_cat?post=327"},{"taxonomy":"product_tag","embeddable":true,"href":"https:\/\/baflesoviedo.com\/home\/wp-json\/wp\/v2\/product_tag?post=327"}],"curies":[{"name":"wp","href":"https:\/\/api.w.org\/{rel}","templated":true}]}}