{"id":3403,"date":"2024-01-15T00:16:05","date_gmt":"2024-01-15T00:16:05","guid":{"rendered":"https:\/\/baflesoviedo.com\/home\/?post_type=product&#038;p=3403"},"modified":"2025-12-26T17:32:05","modified_gmt":"2025-12-26T17:32:05","slug":"ortofon-2m-blue-pastilla-tornamesa","status":"publish","type":"product","link":"https:\/\/baflesoviedo.com\/home\/product\/ortofon-2m-blue-pastilla-tornamesa\/","title":{"rendered":"Ortofon, 2M Blue, Pastilla Tornamesa (MM)"},"content":{"rendered":"<p><b>Especificaciones T\u00e9cnicas:<\/b><\/p>\n<p>Channel balance at 1 kHz<br \/>\n<b>1.5 dB<br \/>\n<\/b>Output voltage at 1 kHz, 5cm\/sec<br \/>\n<b>5.5 mV<br \/>\n<\/b>Channel seperation at 1 kHz<br \/>\n<b>25 dB<br \/>\n<\/b>Channel seperation at 15 kHz<br \/>\n<b>15 dB<br \/>\n<\/b>Frequency response 20 Hz &#8211; 20 kHz<br \/>\n<b>20-20.000 Hz + 2 \/ &#8211; 1 dB<br \/>\n<\/b>Tracking ability at 315Hz at recommended tracking force<br \/>\n<b>80 \u00b5m<br \/>\n<\/b>Compliance, dynamic, lateral<br \/>\n<b>20 \u00b5m\/mN<br \/>\n<\/b>Stylus type<br \/>\n<b>Nude Elliptical<br \/>\n<\/b>Stylus tip radius<br \/>\n<b>r\/R 8\/18 \u00b5m<br \/>\n<\/b>Tracking force range<br \/>\n<b>1.6-2.0 g (16-20 mN)<br \/>\n<\/b>Tracking force, recommended<br \/>\n<b>1.8 g (18 mN)<br \/>\n<\/b>Tracking angle<br \/>\n<b>20\u00b0<br \/>\n<\/b>Internal impedance, DC resistance<br \/>\n<b>1.3 kOhm<br \/>\n<\/b>Cartridge colour<br \/>\n<b>Black\/Blue<br \/>\n<\/b>Cartridge weight<br \/>\n<b>7.2 g<br \/>\n<\/b>Premounted cartridge weight<br \/>\n<b>16.7 g<br \/>\n<\/b>Reccomended load resistance<br \/>\n<b>47 kOhm<br \/>\n<\/b>Internal inductance<br \/>\n<b>700 mH<br \/>\n<\/b>Stylus colour<br \/>\n<b>Blue<br \/>\n<\/b>Recommended load capacitance<br \/>\n<b>150-300 pF<\/b><\/p>\n<p><a href=\"https:\/\/ortofon.com\/products\/2m-blue\" target=\"_blank\" rel=\"noopener noreferrer\"><span style=\"color: #0000ff;\">Click aqu\u00ed para m\u00e1s informaci\u00f3n del producto.<\/span><\/a><\/p>\n","protected":false},"excerpt":{"rendered":"<p>La 2M Blue fue dise\u00f1ada para acercarte a\u00fan m\u00e1s a la visi\u00f3n del artista. Su nivel de precisi\u00f3n y autenticidad se deben en gran parte a aguja con diamante en forma el\u00edptica, y adem\u00e1s compatibilidad universal. Es f\u00e1cil de montar, y su peso y tama\u00f1o fue dise\u00f1ado para adaptarse a la mayor\u00eda de tocadiscos que tenemos hoy en d\u00eda.<\/p>\n","protected":false},"featured_media":3404,"template":"","meta":[],"product_cat":[37],"product_tag":[169,202,62],"_links":{"self":[{"href":"https:\/\/baflesoviedo.com\/home\/wp-json\/wp\/v2\/product\/3403"}],"collection":[{"href":"https:\/\/baflesoviedo.com\/home\/wp-json\/wp\/v2\/product"}],"about":[{"href":"https:\/\/baflesoviedo.com\/home\/wp-json\/wp\/v2\/types\/product"}],"wp:featuredmedia":[{"embeddable":true,"href":"https:\/\/baflesoviedo.com\/home\/wp-json\/wp\/v2\/media\/3404"}],"wp:attachment":[{"href":"https:\/\/baflesoviedo.com\/home\/wp-json\/wp\/v2\/media?parent=3403"}],"wp:term":[{"taxonomy":"product_cat","embeddable":true,"href":"https:\/\/baflesoviedo.com\/home\/wp-json\/wp\/v2\/product_cat?post=3403"},{"taxonomy":"product_tag","embeddable":true,"href":"https:\/\/baflesoviedo.com\/home\/wp-json\/wp\/v2\/product_tag?post=3403"}],"curies":[{"name":"wp","href":"https:\/\/api.w.org\/{rel}","templated":true}]}}