{"id":3433,"date":"2024-01-30T03:30:39","date_gmt":"2024-01-30T03:30:39","guid":{"rendered":"https:\/\/baflesoviedo.com\/home\/?post_type=product&#038;p=3433"},"modified":"2024-01-30T03:30:39","modified_gmt":"2024-01-30T03:30:39","slug":"bowers-wilkins-panorama-3-soundbar","status":"publish","type":"product","link":"https:\/\/baflesoviedo.com\/home\/product\/bowers-wilkins-panorama-3-soundbar\/","title":{"rendered":"Bowers &#038; Wilkins, Panorama 3, Soundbar"},"content":{"rendered":"<p><b>Especificaciones T\u00e9cnicas:<\/b><\/p>\n<ul>\n<li><b> Drive units<\/b><\/li>\n<li>3 x 19mm (0.75in) Titanium dome tweeter<span class=\"Apple-converted-space\">\u00a0<\/span><\/li>\n<li>6 x 50mm (2in) Woven glass fi ber cone bass\/midrange<span class=\"Apple-converted-space\">\u00a0<\/span><\/li>\n<li>2 x 50mm (2in) Woven glass fi ber cone atmosdrive unit<span class=\"Apple-converted-space\">\u00a0<\/span><\/li>\n<li>2 x 100mm (4in) Low profi le bass unit<\/li>\n<li><b> Frequency response<\/b><\/li>\n<li>43Hz- 48kHz<\/li>\n<li><b> Technical features<\/b><\/li>\n<li>HDMI eARC<span class=\"Apple-converted-space\">\u00a0<\/span><\/li>\n<li>Discrete Dolby Atmos\u00ae 3.1.2<span class=\"Apple-converted-space\">\u00a0<\/span><\/li>\n<li>Dolby\u00ae True HD<span class=\"Apple-converted-space\">\u00a0<\/span><\/li>\n<li>Compatible with Bowers &amp; Wilkins Music App<span class=\"Apple-converted-space\">\u00a0<\/span><\/li>\n<li>Alexa enabled<span class=\"Apple-converted-space\">\u00a0<\/span><\/li>\n<li>Bluetooth<span class=\"Apple-converted-space\">\u00a0<\/span><\/li>\n<li>Spotify Connect<span class=\"Apple-converted-space\">\u00a0<\/span><\/li>\n<li>Airplay 2<\/li>\n<li><b> Description<\/b><\/li>\n<li>Wireless Dolby Atmos\u00ae Soundbar<\/li>\n<li><b> Amplifier power output<\/b><\/li>\n<li>400W<\/li>\n<li><b> Input voltage<\/b><\/li>\n<li>100V &#8211; 240V, 50\/60Hz<\/li>\n<li><b> Power consumption<\/b><\/li>\n<li>Below 2W (Standby)*<\/li>\n<li><b> Connections<\/b><\/li>\n<li>1 x HDMI eARC<span class=\"Apple-converted-space\">\u00a0<\/span><\/li>\n<li>1 x Digital Audio In (Toslink)<span class=\"Apple-converted-space\">\u00a0<\/span><\/li>\n<li>1 x RJ45 Ethernet<span class=\"Apple-converted-space\">\u00a0<\/span><\/li>\n<li>1 x USB-C (service connnection only)<\/li>\n<li><b> Bluetooth<\/b><\/li>\n<li>Bluetooth 5, class 2<span class=\"Apple-converted-space\">\u00a0<\/span><\/li>\n<li>AptX\u2122 Adaptive<span class=\"Apple-converted-space\">\u00a0<\/span><\/li>\n<li>AAC<span class=\"Apple-converted-space\">\u00a0<\/span><\/li>\n<li>SBC<\/li>\n<li><b> AirPlay 2 compatibility<\/b><\/li>\n<li>iPhone, iPad, and iPod touch with iOS 11.4 orlater, Apple TV 4K or Apple TV (4th Generation)with tv OS 11.4 or later, Mac or PC with iTunes12.8 or later.<\/li>\n<\/ul>\n<p><a href=\"https:\/\/www.bowerswilkins.com\/en-us\/product\/sound-bars\/panorama-3\/150243.html\" target=\"_blank\" rel=\"noopener noreferrer\"><span style=\"color: #0000ff;\">Click aqu\u00ed para m\u00e1s informaci\u00f3n del producto.<\/span><\/a><\/p>\n","protected":false},"excerpt":{"rendered":"<p>Barra de sonido Dolby ATMOS con subwoofer integrado, compatible con Amazon Alexa. En su presentaci\u00f3n elegante, es todo un \u201cpowerhouse\u201d para disfrutar de una experiencia home theatre elevada. Cuenta con 13 drivers individuales, incluyendo dos subwoofers gemelos alimentados por un total de 400 watts de amplificaci\u00f3n. Esto le permite a Panorama 3 ofrecer un sonido inmersivo y una sensaci\u00f3n de espacio realista. Esta sensaci\u00f3n de espacio se debe, tambi\u00e9n, una serie de drivers encasillados en c\u00e1maras ac\u00fasticas individuales, y que apuntan hacia arriba para proyectar el sonido de forma focalizada. Se puede realizar streaming de alta calidad desde Apple AirPlay 2, Bluetooth aptX Adaptive y Spotify Connect. Adem\u00e1s, la aplicaci\u00f3n Bowers &amp; Wilkins Music permite disfrutar de toda la m\u00fasica desde Deezer, Last.FM, Qobuz, TIDAL HiFi Plus y Pandora. Sumado a las dos unidades de Dolby Atmos, Panorama 3 cuenta adem\u00e1s con 9 drivers y 2 subwoofers para un desempe\u00f1o fuera de serie \u2014con su sonido poderoso, no hace falta a\u00f1adirle un subwoofer externo. Disponible en acabado black.<span class=\"Apple-converted-space\">\u00a0<\/span><\/p>\n","protected":false},"featured_media":3434,"template":"","meta":[],"product_cat":[126,123,122,36,17],"product_tag":[31,184,83,35],"_links":{"self":[{"href":"https:\/\/baflesoviedo.com\/home\/wp-json\/wp\/v2\/product\/3433"}],"collection":[{"href":"https:\/\/baflesoviedo.com\/home\/wp-json\/wp\/v2\/product"}],"about":[{"href":"https:\/\/baflesoviedo.com\/home\/wp-json\/wp\/v2\/types\/product"}],"wp:featuredmedia":[{"embeddable":true,"href":"https:\/\/baflesoviedo.com\/home\/wp-json\/wp\/v2\/media\/3434"}],"wp:attachment":[{"href":"https:\/\/baflesoviedo.com\/home\/wp-json\/wp\/v2\/media?parent=3433"}],"wp:term":[{"taxonomy":"product_cat","embeddable":true,"href":"https:\/\/baflesoviedo.com\/home\/wp-json\/wp\/v2\/product_cat?post=3433"},{"taxonomy":"product_tag","embeddable":true,"href":"https:\/\/baflesoviedo.com\/home\/wp-json\/wp\/v2\/product_tag?post=3433"}],"curies":[{"name":"wp","href":"https:\/\/api.w.org\/{rel}","templated":true}]}}