{"id":371,"date":"2020-04-22T21:53:42","date_gmt":"2020-04-22T21:53:42","guid":{"rendered":"https:\/\/baflesoviedo.com\/home\/?post_type=product&#038;p=371"},"modified":"2024-11-14T21:32:06","modified_gmt":"2024-11-14T21:32:06","slug":"cambridge-audio-axr85-receptor-am-fm","status":"publish","type":"product","link":"https:\/\/baflesoviedo.com\/home\/product\/cambridge-audio-axr85-receptor-am-fm\/","title":{"rendered":"Cambridge Audio, AXR85, Receptor AM\/FM"},"content":{"rendered":"<p>&nbsp;<\/p>\n<p><strong>Especificaciones<\/strong><\/p>\n<table width=\"933\">\n<tbody>\n<tr>\n<td width=\"315\">POTENCIA DE SALIDA<\/td>\n<td width=\"619\">85 vatios (a 8 ohmios)<\/td>\n<\/tr>\n<tr>\n<td width=\"315\">DISTORSI\u00d3N ARM\u00d3NICA TOTAL (SIN PONDERAR)<\/td>\n<td width=\"619\">&lt;0,01 % a 1 kHz, 80 % de potencia nominal &lt;0,15 % 20 Hz \u2013 20 kHz, 80 % de potencia nominal<\/td>\n<\/tr>\n<tr>\n<td width=\"315\">RESPUESTA EN FRECUENCIA (-1 DB)<\/td>\n<td width=\"619\">5 Hz &#8211; 50 kHz<\/td>\n<\/tr>\n<tr>\n<td width=\"315\">RELACI\u00d3N SE\u00d1AL\/RUIDO (REF. 1 W)<\/td>\n<td width=\"619\">&gt;82 dB (sin ponderar)<\/td>\n<\/tr>\n<tr>\n<td width=\"315\">IMPEDANCIAS DE ENTRADA<\/td>\n<td width=\"619\">47k ohmios<\/td>\n<\/tr>\n<tr>\n<td width=\"315\">FACTOR DE AMORTIGUACI\u00d3N DEL AMPLIFICADOR<\/td>\n<td width=\"619\">&gt;50<\/td>\n<\/tr>\n<tr>\n<td width=\"315\">CONSUMO ENERG\u00c9TICO EN MODO DE ESPERA<\/td>\n<td width=\"619\">&lt;0,5 W<\/td>\n<\/tr>\n<tr>\n<td width=\"315\">CONSUMO ENERG\u00c9TICO M\u00c1XIMO<\/td>\n<td width=\"619\">500 W<\/td>\n<\/tr>\n<tr>\n<td width=\"315\">CONTROL TONOS GRAVES\/AGUDOS<\/td>\n<td width=\"619\">Tipo Shelving, potenciaci\u00f3n y corte m\u00e1ximos +\/- 10 dB a 100 Hz y 20 kHz<\/td>\n<\/tr>\n<tr>\n<td width=\"315\">SALIDA DE SUBWOOFER<\/td>\n<td width=\"619\">200 Hz nivel L+R de segundo orden despu\u00e9s del ajuste de volumen<\/td>\n<\/tr>\n<tr>\n<td width=\"315\">DIMENSIONES<\/td>\n<td width=\"619\">110 x 430 x 340 mm (4,3 x 16,9 x 13,4 pulgadas)<\/td>\n<\/tr>\n<tr>\n<td width=\"315\">PESO<\/td>\n<td width=\"619\">8,1 kg (17,8 libras)<\/td>\n<\/tr>\n<tr>\n<td width=\"315\">BLUETOOTH<\/td>\n<td width=\"619\">5.0 A2DP\/AVRCP soporta SBC<\/td>\n<\/tr>\n<tr>\n<td width=\"315\">BANDAS SINTONIZADORAS<\/td>\n<td width=\"619\">AM (522-1629 kHz) FM (87,5-108 MHz) europeas \/ AM (530-1710 kHz) FM (87,5-108 MHz) de EE. UU.<\/td>\n<\/tr>\n<tr>\n<td width=\"315\">ENTRADAS DE ANTENA<\/td>\n<td width=\"619\">FM 75 ohmios, coaxial. AM 300 ohmios bucle de cable \/ cable solo<\/td>\n<\/tr>\n<tr>\n<td width=\"315\">SE\u00d1AL A RUIDO (SINTONIZADOR)<\/td>\n<td width=\"619\">60 dB habitual (FM)<\/td>\n<\/tr>\n<tr>\n<td width=\"315\">DISTORSI\u00d3N (SINTONIZADOR)<\/td>\n<td width=\"619\">&lt;0,4 % a 1 kHz 50 kHz desviaci\u00f3n (FM mono) &lt;0,6% a 1 kHz 50 kHz desviaci\u00f3n (FM est\u00e9reo)<\/td>\n<\/tr>\n<\/tbody>\n<\/table>\n<p><a href=\"https:\/\/www.cambridgeaudio.com\/row\/en\/products\/hi-fi\/ax\/axr85\" target=\"_blank\" rel=\"noopener noreferrer\"><span style=\"color: #0000ff;\">Click aqu\u00ed para m\u00e1s informaci\u00f3n del producto<\/span><\/a><\/p>\n","protected":false},"excerpt":{"rendered":"<p>RECEPTOR FM\/AM EST\u00c9REO<\/p>\n<p>El AXR85 cuenta con 85 vatios de potencia, una etapa de phono incorporada para conectar tocadiscos con cartuchos de im\u00e1n m\u00f3vil, una entrada de 3,5 mm para iPod\/MP3, radio AM\/FM incorporada con RDS y 30 presinton\u00edas y cuatro entradas anal\u00f3gicas para todas tus fuentes de m\u00fasica, AV y audio. Adem\u00e1s, el receptor de bluetooth integrado te permite transmitir tu m\u00fasica favorita desde tu Smartphone, tablet o PC.<\/p>\n","protected":false},"featured_media":3702,"template":"","meta":[],"product_cat":[19],"product_tag":[52,40,64],"_links":{"self":[{"href":"https:\/\/baflesoviedo.com\/home\/wp-json\/wp\/v2\/product\/371"}],"collection":[{"href":"https:\/\/baflesoviedo.com\/home\/wp-json\/wp\/v2\/product"}],"about":[{"href":"https:\/\/baflesoviedo.com\/home\/wp-json\/wp\/v2\/types\/product"}],"wp:featuredmedia":[{"embeddable":true,"href":"https:\/\/baflesoviedo.com\/home\/wp-json\/wp\/v2\/media\/3702"}],"wp:attachment":[{"href":"https:\/\/baflesoviedo.com\/home\/wp-json\/wp\/v2\/media?parent=371"}],"wp:term":[{"taxonomy":"product_cat","embeddable":true,"href":"https:\/\/baflesoviedo.com\/home\/wp-json\/wp\/v2\/product_cat?post=371"},{"taxonomy":"product_tag","embeddable":true,"href":"https:\/\/baflesoviedo.com\/home\/wp-json\/wp\/v2\/product_tag?post=371"}],"curies":[{"name":"wp","href":"https:\/\/api.w.org\/{rel}","templated":true}]}}