{"id":3877,"date":"2024-09-03T23:55:04","date_gmt":"2024-09-03T23:55:04","guid":{"rendered":"https:\/\/baflesoviedo.com\/home\/?post_type=product&#038;p=3877"},"modified":"2025-12-26T17:30:01","modified_gmt":"2025-12-26T17:30:01","slug":"ortofon-2m-red-on-sh-4-black-pastilla-tornamesa-premontada","status":"publish","type":"product","link":"https:\/\/baflesoviedo.com\/home\/product\/ortofon-2m-red-on-sh-4-black-pastilla-tornamesa-premontada\/","title":{"rendered":"Ortofon, 2M Red Premounted, Pastilla Tornamesa (MM)"},"content":{"rendered":"<p><b>Especificaciones T\u00e9cnicas:<\/b><\/p>\n<p>Channel balance at 1 kHz<br \/>\n<b>1.5 dB<br \/>\n<\/b>Output voltage at 1 kHz, 5cm\/sec<br \/>\n<b>5.5 mV<br \/>\n<\/b>Channel seperation at 1 kHz<br \/>\n<b>22 dB<br \/>\n<\/b>Channel seperation at 15 kHz<br \/>\n<b>15 dB<br \/>\n<\/b>Frequency response 20 Hz &#8211; 20 kHz<br \/>\n<b>3 \/ &#8211; 1 dB<br \/>\n<\/b>Tracking ability at 315Hz at recommended tracking force<br \/>\n<b>70 \u00b5m<br \/>\n<\/b>Compliance, dynamic, lateral<br \/>\n<b>20 \u00b5m\/mN<br \/>\n<\/b>Stylus type<br \/>\n<b>Elliptical<br \/>\n<\/b>Stylus tip radius<br \/>\n<b>r\/R 8\/18 \u00b5m<br \/>\n<\/b>Tracking force range<br \/>\n<b>1.6-2.0 g (16-20 mN)<br \/>\n<\/b>Tracking force, recommended<br \/>\n<b>1.8 g (18 mN)<br \/>\n<\/b>Tracking angle<br \/>\n<b>20\u00b0<br \/>\n<\/b>Internal impedance, DC resistance<br \/>\n<b>1.3 kOhm<br \/>\n<\/b>Cartridge colour<br \/>\n<b>Black\/Red<br \/>\n<\/b>Cartridge weight<br \/>\n<b>7.2 g<br \/>\n<\/b>Premounted cartridge weight<br \/>\n<b>16.7 g<br \/>\n<\/b>Recommended load resistance<br \/>\n<b>47 kOhm<br \/>\n<\/b>Internal inductance<br \/>\n<b>700 mH<br \/>\n<\/b>Recommended load capacitance<br \/>\n<b>150-300 pF<\/b><\/p>\n<p><a href=\"https:\/\/ortofon.com\/products\/2m-red-premounted\" target=\"_blank\" rel=\"noopener noreferrer\"><span style=\"color: #0000ff;\">Click aqu\u00ed para m\u00e1s informaci\u00f3n del producto.<\/span><\/a><\/p>\n","protected":false},"excerpt":{"rendered":"<p>La 2M Red Premounted ofrece gran conveniencia gracias a su instalaci\u00f3n directa y sencilla para un brazo de tornamesa en forma de \u201cS\u201d. El headshell SH-4 cuenta con un dise\u00f1o refinado que contribuye a su resiliencia y estabilidad, con una construcci\u00f3n robusta pero liviana y patilla ergon\u00f3mica para su manejo f\u00e1cil.<span class=\"Apple-converted-space\">\u00a0<\/span><\/p>\n<p>La 2M Red le da vida a la m\u00fasica en sus propios t\u00e9rminos. Es la opci\u00f3n perfecta para aquellos que desean entrar en el mundo de sus vinilos favoritos a un precio entry-level. Esta pastilla se caracteriza por un sonido abierto y din\u00e1mico, con un poco de calidez y adem\u00e1s compatibilidad universal. Su peso y tama\u00f1o fue dise\u00f1ado para adaptarse a la mayor\u00eda de tocadiscos que tenemos hoy en d\u00eda. Cuenta, adem\u00e1s, con la tecnolog\u00eda \u201csplit pole pin\u201d desarrollada por la marca, con alambre de cobre para una reproducci\u00f3n musical precisa.<\/p>\n","protected":false},"featured_media":3878,"template":"","meta":[],"product_cat":[37],"product_tag":[40,169,202,62],"_links":{"self":[{"href":"https:\/\/baflesoviedo.com\/home\/wp-json\/wp\/v2\/product\/3877"}],"collection":[{"href":"https:\/\/baflesoviedo.com\/home\/wp-json\/wp\/v2\/product"}],"about":[{"href":"https:\/\/baflesoviedo.com\/home\/wp-json\/wp\/v2\/types\/product"}],"wp:featuredmedia":[{"embeddable":true,"href":"https:\/\/baflesoviedo.com\/home\/wp-json\/wp\/v2\/media\/3878"}],"wp:attachment":[{"href":"https:\/\/baflesoviedo.com\/home\/wp-json\/wp\/v2\/media?parent=3877"}],"wp:term":[{"taxonomy":"product_cat","embeddable":true,"href":"https:\/\/baflesoviedo.com\/home\/wp-json\/wp\/v2\/product_cat?post=3877"},{"taxonomy":"product_tag","embeddable":true,"href":"https:\/\/baflesoviedo.com\/home\/wp-json\/wp\/v2\/product_tag?post=3877"}],"curies":[{"name":"wp","href":"https:\/\/api.w.org\/{rel}","templated":true}]}}