{"id":4018,"date":"2024-09-13T01:06:36","date_gmt":"2024-09-13T01:06:36","guid":{"rendered":"https:\/\/baflesoviedo.com\/home\/?post_type=product&#038;p=4018"},"modified":"2025-05-16T18:38:42","modified_gmt":"2025-05-16T18:38:42","slug":"elac-debut-reference-dfr52-altavoces-torre","status":"publish","type":"product","link":"https:\/\/baflesoviedo.com\/home\/product\/elac-debut-reference-dfr52-altavoces-torre\/","title":{"rendered":"ELAC, Debut Reference DFR52, Altavoces Torre"},"content":{"rendered":"<p><b>Especificaciones T\u00e9cnicas:<\/b><\/p>\n<table cellspacing=\"0\" cellpadding=\"0\">\n<tbody>\n<tr>\n<td valign=\"top\"><b>Height \u00d7 Width \u00d7 Depth<\/b><\/td>\n<td valign=\"top\">1016 \u00d7 185 \u00d7 242 mm<\/td>\n<\/tr>\n<tr>\n<td valign=\"top\"><b>Weight<\/b><\/td>\n<td valign=\"top\">16.7 Kg<\/td>\n<\/tr>\n<tr>\n<td valign=\"top\"><b>Enclosure Type<\/b><\/td>\n<td valign=\"top\">3-Way Bass Reflex<\/td>\n<\/tr>\n<tr>\n<td valign=\"top\"><b>Frequency Response<\/b><\/td>\n<td valign=\"top\">42Hz &#8211; 35000Hz<\/td>\n<\/tr>\n<tr>\n<td valign=\"top\"><b>Nominal Impedance<\/b><\/td>\n<td valign=\"top\">6 \u2126<\/td>\n<\/tr>\n<tr>\n<td valign=\"top\"><b>Sensitivity<\/b><\/td>\n<td valign=\"top\">87dB @ 2.83v\/1m<\/td>\n<\/tr>\n<tr>\n<td valign=\"top\"><b>Crossover Frequency<\/b><\/td>\n<td valign=\"top\">90 \/ 2200Hz<\/td>\n<\/tr>\n<tr>\n<td valign=\"top\"><b>Max Power Input<\/b><\/td>\n<td valign=\"top\">140 Watts<\/td>\n<\/tr>\n<tr>\n<td valign=\"top\"><b>Tweeter<\/b><\/td>\n<td valign=\"top\">1\u201d Soft Dome<\/td>\n<\/tr>\n<tr>\n<td valign=\"top\"><b>Woofer<\/b><\/td>\n<td valign=\"top\">3 x 5-1\/4\u201d Aramid Fiber<\/td>\n<\/tr>\n<tr>\n<td valign=\"top\"><b>Cabinet<\/b><\/td>\n<td valign=\"top\">CARB2 Rated MDF<\/td>\n<\/tr>\n<tr>\n<td valign=\"top\"><b>Port<\/b><\/td>\n<td valign=\"top\">3 \u00d7 Dual Flared<\/td>\n<\/tr>\n<tr>\n<td valign=\"top\"><b>Binding Posts<\/b><\/td>\n<td valign=\"top\">5-Way Metal<\/td>\n<\/tr>\n<tr>\n<td valign=\"top\"><b>Cabinet Finish<\/b><\/td>\n<td valign=\"top\">White Baffle \/ Oak Cabinet or Black Baffle \/ Walnut Cabinet<\/td>\n<\/tr>\n<\/tbody>\n<\/table>\n<p><a href=\"https:\/\/www.elac.com\/dfr52\" target=\"_blank\" rel=\"noopener noreferrer\"><span style=\"color: #0000ff;\">Click aqu\u00ed para m\u00e1s informaci\u00f3n del producto.<\/span><\/a><\/p>\n","protected":false},"excerpt":{"rendered":"<p>Estos altavoces tipo torre (de 5.25\u201d) est\u00e1n dise\u00f1ados para llenar un espacio con sonido rico y realista, para una experiencia auditiva cautivadora. Desde graves poderosos hasta agudos matizados, cada detalle est\u00e1 meticulosamente representado, creando un paisaje sonoro expansivo e inmersivo. Permite elevar experiencias musicales y cinematogr\u00e1ficas a nuevas alturas, con un dise\u00f1o que combina a la perfecci\u00f3n elegancia, potencia y claridad en una \u00fanica forma llamativa.<\/p>\n<p>Cuenta con una respuesta de alta frecuencia mejorada para el tweeter de c\u00fapula blanda de 1\u201d; un refuerzo perimetral que reduce efectivamente las vibraciones del gabinete (minimizando la coloraci\u00f3n del audio); un woofer de aramida m\u00e1s r\u00edgido, para minimizar las resonancias; un puerto de ranura doble para una salida de graves m\u00e1s alta con niveles de ruido reducidos; y un acabado premium. Disponibles en acabado walnut (con frente negro) u oak (con frente blanco).<\/p>\n<p>La serie Debut Reference de ELAC redefine las posibilidades en la reproducci\u00f3n de sonido. Est\u00e1 dise\u00f1ada tanto para audi\u00f3filos experimentados como aquellos que apenas se embarcan en su viaje hacia el audio premium, con altavoces que hacen de cada nota, cada acorde y cada momento una revelaci\u00f3n de audio.<\/p>\n","protected":false},"featured_media":4019,"template":"","meta":[],"product_cat":[123,121,17],"product_tag":[31,191,195,206,40],"_links":{"self":[{"href":"https:\/\/baflesoviedo.com\/home\/wp-json\/wp\/v2\/product\/4018"}],"collection":[{"href":"https:\/\/baflesoviedo.com\/home\/wp-json\/wp\/v2\/product"}],"about":[{"href":"https:\/\/baflesoviedo.com\/home\/wp-json\/wp\/v2\/types\/product"}],"wp:featuredmedia":[{"embeddable":true,"href":"https:\/\/baflesoviedo.com\/home\/wp-json\/wp\/v2\/media\/4019"}],"wp:attachment":[{"href":"https:\/\/baflesoviedo.com\/home\/wp-json\/wp\/v2\/media?parent=4018"}],"wp:term":[{"taxonomy":"product_cat","embeddable":true,"href":"https:\/\/baflesoviedo.com\/home\/wp-json\/wp\/v2\/product_cat?post=4018"},{"taxonomy":"product_tag","embeddable":true,"href":"https:\/\/baflesoviedo.com\/home\/wp-json\/wp\/v2\/product_tag?post=4018"}],"curies":[{"name":"wp","href":"https:\/\/api.w.org\/{rel}","templated":true}]}}