{"id":4471,"date":"2025-04-08T00:53:17","date_gmt":"2025-04-08T00:53:17","guid":{"rendered":"https:\/\/baflesoviedo.com\/home\/?post_type=product&#038;p=4471"},"modified":"2025-06-17T01:50:20","modified_gmt":"2025-06-17T01:50:20","slug":"pro-ject-measure-it-s2-medidor-de-fuerza-pastilla","status":"publish","type":"product","link":"https:\/\/baflesoviedo.com\/home\/product\/pro-ject-measure-it-s2-medidor-de-fuerza-pastilla\/","title":{"rendered":"Pro-Ject, Measure it S2, Medidor de Fuerza (Pastilla)"},"content":{"rendered":"<p><b>Especificaciones T\u00e9cnicas:<\/b><\/p>\n<table cellspacing=\"0\" cellpadding=\"0\">\n<tbody>\n<tr>\n<td valign=\"middle\"><b>Capacity<\/b><\/td>\n<td valign=\"middle\">0 &#8211; 5g<\/td>\n<\/tr>\n<tr>\n<td valign=\"middle\"><b>Variance<\/b><\/td>\n<td valign=\"middle\">\u00b10,001g<\/td>\n<\/tr>\n<tr>\n<td valign=\"middle\"><b>Weighting modes<\/b><\/td>\n<td valign=\"middle\">gram (1g = 10mN), ounce (oz), pennyweight (dwt) and carat (ct)<\/td>\n<\/tr>\n<tr>\n<td valign=\"middle\"><b>Display<\/b><\/td>\n<td valign=\"middle\">4 digit LCD with backlight<\/td>\n<\/tr>\n<tr>\n<td valign=\"middle\"><b>Calibration<\/b><\/td>\n<td valign=\"middle\">Auto calibration using a 5g weight<\/td>\n<\/tr>\n<tr>\n<td valign=\"middle\"><b>Auto off<\/b><\/td>\n<td valign=\"middle\">60 seconds off<\/td>\n<\/tr>\n<tr>\n<td valign=\"middle\"><b>Replacement battery<\/b><\/td>\n<td valign=\"middle\">2 x AAA cells, 1,5V<\/td>\n<\/tr>\n<tr>\n<td valign=\"middle\"><b>Operating temperature<\/b><\/td>\n<td valign=\"middle\">+10 &#8211; +30\u00b0C (50 &#8211; 86 degrees Fahrenheit)<\/td>\n<\/tr>\n<tr>\n<td valign=\"middle\"><b>Dimensions (W x H x D)<\/b><\/td>\n<td valign=\"middle\">122 x 27 x 55mm<\/td>\n<\/tr>\n<tr>\n<td valign=\"middle\"><b>Weight<\/b><\/td>\n<td valign=\"middle\">170g<\/td>\n<\/tr>\n<\/tbody>\n<\/table>\n<p><a href=\"https:\/\/www.project-audio.com\/en\/product\/measure-it-ii\/\" target=\"_blank\" rel=\"noopener noreferrer\"><span style=\"color: #0000ff;\">Click aqu\u00ed para m\u00e1s informaci\u00f3n del producto.<\/span><\/a><\/p>\n","protected":false},"excerpt":{"rendered":"<p>El Measure it S2 es una balanza electr\u00f3nica de alta precisi\u00f3n dise\u00f1ada para medir fuerzas de seguimiento de la aguja de hasta 5,0 gramos en incrementos de 0,001 gramos. Cada Measure it S2 se calibra f\u00e1cilmente con la pesa de calibraci\u00f3n incluida. El Measure it S2 cuenta con una s\u00f3lida carcasa de aluminio y una pantalla LCD retroiluminada de 4 d\u00edgitos. Si tiene dudas sobre la presi\u00f3n real sobre la punta de diamante, la pantalla de 4 d\u00edgitos de esta herramienta inteligente le ayudar\u00e1. Con informaci\u00f3n precisa sobre la fuerza de seguimiento, el desgaste de la punta de la aguja se reduce significativamente.<\/p>\n","protected":false},"featured_media":4472,"template":"","meta":[],"product_cat":[37],"product_tag":[202,56,62],"_links":{"self":[{"href":"https:\/\/baflesoviedo.com\/home\/wp-json\/wp\/v2\/product\/4471"}],"collection":[{"href":"https:\/\/baflesoviedo.com\/home\/wp-json\/wp\/v2\/product"}],"about":[{"href":"https:\/\/baflesoviedo.com\/home\/wp-json\/wp\/v2\/types\/product"}],"wp:featuredmedia":[{"embeddable":true,"href":"https:\/\/baflesoviedo.com\/home\/wp-json\/wp\/v2\/media\/4472"}],"wp:attachment":[{"href":"https:\/\/baflesoviedo.com\/home\/wp-json\/wp\/v2\/media?parent=4471"}],"wp:term":[{"taxonomy":"product_cat","embeddable":true,"href":"https:\/\/baflesoviedo.com\/home\/wp-json\/wp\/v2\/product_cat?post=4471"},{"taxonomy":"product_tag","embeddable":true,"href":"https:\/\/baflesoviedo.com\/home\/wp-json\/wp\/v2\/product_tag?post=4471"}],"curies":[{"name":"wp","href":"https:\/\/api.w.org\/{rel}","templated":true}]}}