{"id":4500,"date":"2025-05-02T22:02:20","date_gmt":"2025-05-02T22:02:20","guid":{"rendered":"https:\/\/baflesoviedo.com\/home\/?post_type=product&#038;p=4500"},"modified":"2025-07-27T20:19:43","modified_gmt":"2025-07-27T20:19:43","slug":"pro-ject-pick-it-mc1-pastilla-tornamesa","status":"publish","type":"product","link":"https:\/\/baflesoviedo.com\/home\/product\/pro-ject-pick-it-mc1-pastilla-tornamesa\/","title":{"rendered":"Pro-Ject, Pick it MC1, Pastilla Tornamesa (MC)"},"content":{"rendered":"<p><b>Especificaciones T\u00e9cnicas:<\/b><\/p>\n<table cellspacing=\"0\" cellpadding=\"0\">\n<tbody>\n<tr>\n<td valign=\"middle\"><b>Cartridge principle:<\/b><\/td>\n<td valign=\"middle\">MC (Moving-Coil)<\/td>\n<\/tr>\n<tr>\n<td valign=\"middle\"><b>Output voltage at 1 kHz:<\/b><\/td>\n<td valign=\"middle\">0,4 mV (3,54 cm\/sec)<\/td>\n<\/tr>\n<tr>\n<td valign=\"middle\"><b>Channel separation at 1 kHz:<\/b><\/td>\n<td valign=\"middle\">&gt;27 dB<\/td>\n<\/tr>\n<tr>\n<td valign=\"middle\"><b>Tracking ability at 315Hz:<\/b><\/td>\n<td valign=\"middle\">70 \u03bcm<\/td>\n<\/tr>\n<tr>\n<td valign=\"middle\"><b>Dynamic compliance:<\/b><\/td>\n<td valign=\"middle\">18 \u03bcm\/mN<\/td>\n<\/tr>\n<tr>\n<td valign=\"middle\"><b>Frequency response:<\/b><\/td>\n<td valign=\"middle\">20 &#8211; 20 000 Hz +\/- 1dB<\/td>\n<\/tr>\n<tr>\n<td valign=\"middle\"><b>Stylus type:<\/b><\/td>\n<td valign=\"middle\">Spherical on alu cantilever<\/td>\n<\/tr>\n<tr>\n<td valign=\"middle\"><b>Tracking force, range:<\/b><\/td>\n<td valign=\"middle\">1,7 &#8211; 2,1 g (mN)<\/td>\n<\/tr>\n<tr>\n<td valign=\"middle\"><b>Tracking force, recommended:<\/b><\/td>\n<td valign=\"middle\">1,9 g (mN)<\/td>\n<\/tr>\n<tr>\n<td valign=\"middle\"><b>Tracking angle:<\/b><\/td>\n<td valign=\"middle\">22\u00b0<\/td>\n<\/tr>\n<tr>\n<td valign=\"middle\"><b>Recommended load resistance:<\/b><\/td>\n<td valign=\"middle\">100-470 \u03a9<\/td>\n<\/tr>\n<tr>\n<td valign=\"middle\"><b>Cartridge weight:<\/b><\/td>\n<td valign=\"middle\">5 g<\/td>\n<\/tr>\n<\/tbody>\n<\/table>\n<p><a href=\"https:\/\/www.project-audio.com\/en\/product\/pick-it-mc1\/\" target=\"_blank\" rel=\"noopener noreferrer\"><span style=\"color: #0000ff;\">Click aqu\u00ed para m\u00e1s informaci\u00f3n del producto.<\/span><\/a><\/p>\n","protected":false},"excerpt":{"rendered":"<p>La entrada al mundo de las pastillas MC de Pro-Ject. La MC1 supera las limitaciones del costo e intensidad que se asocian a la manufactura de las c\u00e1psulas Moving Coil, para ofrecer una pastilla MC Hi-Fi m\u00e1s accesible. Fue dise\u00f1ada para amantes de la m\u00fasica que desean dar el siguiente paso y actualizarse a un cartucho tipo MC, para una claridad de sonido, imagen est\u00e9reo y transparencia superiores a los cartuchos MM.<\/p>\n<p>Solo con las c\u00e1psulas MC se pueden aprovechar al m\u00e1ximo las ventajas t\u00e9cnicas de una conexi\u00f3n balanceada en cuanto a din\u00e1mica, escena sonora y, especialmente, en la suavidad del sonido. Permite una frecuencia mucho m\u00e1s amplia y una mejor respuesta, resultando en una reproducci\u00f3n y resoluci\u00f3n m\u00e1s detalladas. El sonido tiene menos zumbidos, y debido al menor output se recomienda usarse con una etapa de phono de alta calidad. Funciona a la perfecci\u00f3n con la mayor\u00eda de los tocadiscos de gama b\u00e1sica y media.<\/p>\n","protected":false},"featured_media":4501,"template":"","meta":[],"product_cat":[130,37],"product_tag":[202,56,62],"_links":{"self":[{"href":"https:\/\/baflesoviedo.com\/home\/wp-json\/wp\/v2\/product\/4500"}],"collection":[{"href":"https:\/\/baflesoviedo.com\/home\/wp-json\/wp\/v2\/product"}],"about":[{"href":"https:\/\/baflesoviedo.com\/home\/wp-json\/wp\/v2\/types\/product"}],"wp:featuredmedia":[{"embeddable":true,"href":"https:\/\/baflesoviedo.com\/home\/wp-json\/wp\/v2\/media\/4501"}],"wp:attachment":[{"href":"https:\/\/baflesoviedo.com\/home\/wp-json\/wp\/v2\/media?parent=4500"}],"wp:term":[{"taxonomy":"product_cat","embeddable":true,"href":"https:\/\/baflesoviedo.com\/home\/wp-json\/wp\/v2\/product_cat?post=4500"},{"taxonomy":"product_tag","embeddable":true,"href":"https:\/\/baflesoviedo.com\/home\/wp-json\/wp\/v2\/product_tag?post=4500"}],"curies":[{"name":"wp","href":"https:\/\/api.w.org\/{rel}","templated":true}]}}