{"id":4540,"date":"2025-06-09T23:37:30","date_gmt":"2025-06-09T23:37:30","guid":{"rendered":"https:\/\/baflesoviedo.com\/home\/?post_type=product&#038;p=4540"},"modified":"2025-06-09T23:37:31","modified_gmt":"2025-06-09T23:37:31","slug":"dan-dagostino-momentum-mxv-amplificador-integrado","status":"publish","type":"product","link":"https:\/\/baflesoviedo.com\/home\/product\/dan-dagostino-momentum-mxv-amplificador-integrado\/","title":{"rendered":"Dan D\u2019Agostino, Momentum MxV, Amplificador Integrado"},"content":{"rendered":"<p><b>Especificaciones T\u00e9cnicas:<\/b><\/p>\n<table cellspacing=\"0\" cellpadding=\"0\">\n<tbody>\n<tr>\n<td valign=\"middle\">Frequency Response<\/td>\n<td valign=\"middle\">0.1 Hz to 100 kHz +0\/-3 dB, 20 Hz to 20 kHz, \u00b10.1 dB<\/td>\n<\/tr>\n<tr>\n<td valign=\"middle\">Signal-to-Noise Ratio<\/td>\n<td valign=\"middle\">&gt;75 dB, A-weighted \/ &gt;100 dB, unweighted<\/td>\n<\/tr>\n<tr>\n<td valign=\"middle\">Input Impedance<\/td>\n<td valign=\"middle\">1 M\u03a9<\/td>\n<\/tr>\n<tr>\n<td valign=\"middle\">Output Power (per Channel)<\/td>\n<td valign=\"middle\">250 W @ 8\u03a9 \/ 500 W @ 4\u03a9 \/ 1,000 W @ 2\u03a9<\/td>\n<\/tr>\n<tr>\n<td valign=\"middle\">Output Impedance<\/td>\n<td valign=\"middle\">0.7\u03a9<\/td>\n<\/tr>\n<tr>\n<td valign=\"middle\">Distortion<\/td>\n<td valign=\"middle\">0.05% @ 1 kHz; 250 W per channel @ 8\u03a9<\/td>\n<\/tr>\n<tr>\n<td valign=\"middle\">Analog Inputs<\/td>\n<td valign=\"middle\">3 pair balanced XLR stereo; 1 pair unbalanced RCA stereo<\/td>\n<\/tr>\n<tr>\n<td valign=\"middle\">Digital Inputs (w\/optional DSM)<\/td>\n<td valign=\"middle\">1 each SPDIF coaxial; Optical; USB-B; RJ45 Ethernet; Wi-Fi<\/td>\n<\/tr>\n<tr>\n<td valign=\"middle\">Outputs<\/td>\n<td valign=\"middle\">1 pair balanced XLR stereo; \u00bc-inch headphone;2 pair binding posts<\/td>\n<\/tr>\n<tr>\n<td valign=\"middle\">Control Protocol<\/td>\n<td valign=\"middle\">RS-232<\/td>\n<\/tr>\n<tr>\n<td valign=\"middle\">Dimensions (WHD)<\/td>\n<td valign=\"middle\">18.25 x 9.5 x 17.8 in \/ 46.4 x 24.1 x 45.2 cm<\/td>\n<\/tr>\n<tr>\n<td valign=\"middle\">Weight<\/td>\n<td valign=\"middle\">112 lb \/ 50.8 kg<\/td>\n<\/tr>\n<tr>\n<td valign=\"middle\">Finish<\/td>\n<td valign=\"middle\">Silver or Black<\/td>\n<\/tr>\n<\/tbody>\n<\/table>\n<p><a href=\"https:\/\/dandagostino.com\/products\/momentum-mxv-integrated-amplifier\" target=\"_blank\" rel=\"noopener noreferrer\"><span style=\"color: #0000ff;\">Click aqu\u00ed para m\u00e1s informaci\u00f3n del producto.<\/span><\/a><\/p>\n","protected":false},"excerpt":{"rendered":"<p>Amplificador integrado de audio High End, que ofrece 250 WPC, incluye un m\u00f3dulo de transmisi\u00f3n digital opcional y adem\u00e1s preamplificador phono. Esta unidad alcanza un nivel de rendimiento nunca antes alcanzado en un amplificador integrado. Combina la tecnolog\u00eda del preamplificador Momentum C2 y el amplificador Momentum MxV, para ofrecer el rendimiento de la serie Momentum en un dise\u00f1o compacto. Con un dise\u00f1o modular y configurable, puede ampliarse para incluir m\u00f3dulos para transmisi\u00f3n digital, as\u00ed como preamplificador phono. Al combinar circuitos innovadores con un dise\u00f1o inigualable, el amplificador integrado Momentum MxV supera todos los est\u00e1ndares de potencia, rendimiento y dise\u00f1o.<\/p>\n<ul>\n<li>Desafiando su tama\u00f1o, el amplificador integrado Momentum MxV es una m\u00e1quina de guerra, capaz de potenciar al m\u00e1ximo cualquier altavoz.<\/li>\n<li>Sus componentes de mayor ancho de banda y mayor potencia ampl\u00edan el rendimiento en frecuencias graves y agudas con menor distorsi\u00f3n.<\/li>\n<li>Incorpora circuitos discretos, de acoplamiento directo y balanceados \u2014la plataforma de circuitos m\u00e1s precisa posible.<\/li>\n<li>Un m\u00f3dulo de transmisi\u00f3n digital (DSM) opcional sit\u00faa el amplificador a la vanguardia del mundo de audio digital actual, a\u00f1adiendo conectividad para fuentes antiguas y una funcionalidad de transmisi\u00f3n de primer nivel.<\/li>\n<\/ul>\n<p>*Cont\u00e1ctenos para consultar el precio.<\/p>\n","protected":false},"featured_media":4541,"template":"","meta":[],"product_cat":[20],"product_tag":[163,214,213,185],"_links":{"self":[{"href":"https:\/\/baflesoviedo.com\/home\/wp-json\/wp\/v2\/product\/4540"}],"collection":[{"href":"https:\/\/baflesoviedo.com\/home\/wp-json\/wp\/v2\/product"}],"about":[{"href":"https:\/\/baflesoviedo.com\/home\/wp-json\/wp\/v2\/types\/product"}],"wp:featuredmedia":[{"embeddable":true,"href":"https:\/\/baflesoviedo.com\/home\/wp-json\/wp\/v2\/media\/4541"}],"wp:attachment":[{"href":"https:\/\/baflesoviedo.com\/home\/wp-json\/wp\/v2\/media?parent=4540"}],"wp:term":[{"taxonomy":"product_cat","embeddable":true,"href":"https:\/\/baflesoviedo.com\/home\/wp-json\/wp\/v2\/product_cat?post=4540"},{"taxonomy":"product_tag","embeddable":true,"href":"https:\/\/baflesoviedo.com\/home\/wp-json\/wp\/v2\/product_tag?post=4540"}],"curies":[{"name":"wp","href":"https:\/\/api.w.org\/{rel}","templated":true}]}}