{"id":4548,"date":"2025-06-09T23:48:03","date_gmt":"2025-06-09T23:48:03","guid":{"rendered":"https:\/\/baflesoviedo.com\/home\/?post_type=product&#038;p=4548"},"modified":"2025-06-09T23:48:03","modified_gmt":"2025-06-09T23:48:03","slug":"dan-dagostino-momentum-s250-mxv-amplificador-stereo","status":"publish","type":"product","link":"https:\/\/baflesoviedo.com\/home\/product\/dan-dagostino-momentum-s250-mxv-amplificador-stereo\/","title":{"rendered":"Dan D\u2019Agostino, Momentum S250 MxV, Amplificador Stereo"},"content":{"rendered":"<p><b>Especificaciones T\u00e9cnicas:<\/b><\/p>\n<table cellspacing=\"0\" cellpadding=\"0\">\n<tbody>\n<tr>\n<td valign=\"middle\">Frequency Response<\/td>\n<td valign=\"middle\">1 Hz to 200 kHz, -1 dB \/ 20Hz to 20 kHz, \u00b10.1 dB<\/td>\n<\/tr>\n<tr>\n<td valign=\"middle\">Signal-to-Noise Ratio<\/td>\n<td valign=\"middle\">&gt;75 dB, A-weighted \/ &gt;105 dB, unweighted<\/td>\n<\/tr>\n<tr>\n<td valign=\"middle\">Gain<\/td>\n<td valign=\"middle\">27 dB<\/td>\n<\/tr>\n<tr>\n<td valign=\"middle\">Distortion<\/td>\n<td valign=\"middle\">0.1% @ 1 kHz, 250 W per channel @ 8\u03a9<\/td>\n<\/tr>\n<tr>\n<td valign=\"middle\">Input Impedance<\/td>\n<td valign=\"middle\">100 k\u03a9<\/td>\n<\/tr>\n<tr>\n<td valign=\"middle\">Output Power (per Channel)<\/td>\n<td valign=\"middle\">250 W @ 8\u03a9 \/ 500 W @ 4\u03a9 \/ 1,000 W @ 2\u03a9<\/td>\n<\/tr>\n<tr>\n<td valign=\"middle\">Output Voltage<\/td>\n<td valign=\"middle\">120 V peak-to-peak \/ 60 V RMS<\/td>\n<\/tr>\n<tr>\n<td valign=\"middle\">Output Current<\/td>\n<td valign=\"middle\">120 A peak<\/td>\n<\/tr>\n<tr>\n<td valign=\"middle\">Output Impedance<\/td>\n<td valign=\"middle\">&lt;0.07\u03a9, 20 Hz to 20 kHz<\/td>\n<\/tr>\n<tr>\n<td valign=\"middle\">Power Consumption<\/td>\n<td valign=\"middle\">Standby 3.8 W \/ Idle 105 W \/ Maximum 340 W<\/td>\n<\/tr>\n<tr>\n<td valign=\"middle\">Inputs<\/td>\n<td valign=\"middle\">1 pair balanced XLR stereo<\/td>\n<\/tr>\n<tr>\n<td valign=\"middle\">Outputs<\/td>\n<td valign=\"middle\">2 pair binding posts<\/td>\n<\/tr>\n<tr>\n<td valign=\"middle\">Dimensions (WHD)<\/td>\n<td valign=\"middle\">12.5 x 5.25 x 21.5 in \/ 31.75 x 13.3 x 54.6 cm<\/td>\n<\/tr>\n<tr>\n<td valign=\"middle\">Weight<\/td>\n<td valign=\"middle\">95 lb \/ 43 kg<\/td>\n<\/tr>\n<tr>\n<td valign=\"middle\">Finish<\/td>\n<td valign=\"middle\">Silver or Black<\/td>\n<\/tr>\n<\/tbody>\n<\/table>\n<p><a href=\"https:\/\/dandagostino.com\/products\/momentum-s250-mxv-stereo-amplifier-2\" target=\"_blank\" rel=\"noopener noreferrer\"><span style=\"color: #0000ff;\">Click aqu\u00ed para m\u00e1s informaci\u00f3n del producto.<\/span><\/a><\/p>\n","protected":false},"excerpt":{"rendered":"<p>Potente amplificador stereo de audio High End, con la misma circuiter\u00eda Momentum en un dise\u00f1o compacto. Cada secci\u00f3n principal del amplificador (fuente de alimentaci\u00f3n, entrada, altavoz y etapas de salida) ha sido optimizada. Su dise\u00f1o de transformador resulta en un mayor margen din\u00e1mico durante los pasajes din\u00e1micos. El resultado es una presentaci\u00f3n musical m\u00e1s rica, din\u00e1mica e \u00edntima. Sus componentes de mayor calidad y potencia optimizan el rendimiento en bajas y altas frecuencias, con menor distorsi\u00f3n. El amplificador Momentum M250 MxV es capaz de llevar cualquier altavoz a su m\u00e1ximo potencial.<span class=\"Apple-converted-space\">\u00a0<\/span><\/p>\n<p>*Cont\u00e1ctenos para consultar el precio.<\/p>\n","protected":false},"featured_media":4549,"template":"","meta":[],"product_cat":[20],"product_tag":[163,213,185],"_links":{"self":[{"href":"https:\/\/baflesoviedo.com\/home\/wp-json\/wp\/v2\/product\/4548"}],"collection":[{"href":"https:\/\/baflesoviedo.com\/home\/wp-json\/wp\/v2\/product"}],"about":[{"href":"https:\/\/baflesoviedo.com\/home\/wp-json\/wp\/v2\/types\/product"}],"wp:featuredmedia":[{"embeddable":true,"href":"https:\/\/baflesoviedo.com\/home\/wp-json\/wp\/v2\/media\/4549"}],"wp:attachment":[{"href":"https:\/\/baflesoviedo.com\/home\/wp-json\/wp\/v2\/media?parent=4548"}],"wp:term":[{"taxonomy":"product_cat","embeddable":true,"href":"https:\/\/baflesoviedo.com\/home\/wp-json\/wp\/v2\/product_cat?post=4548"},{"taxonomy":"product_tag","embeddable":true,"href":"https:\/\/baflesoviedo.com\/home\/wp-json\/wp\/v2\/product_tag?post=4548"}],"curies":[{"name":"wp","href":"https:\/\/api.w.org\/{rel}","templated":true}]}}