{"id":4564,"date":"2025-06-10T00:01:04","date_gmt":"2025-06-10T00:01:04","guid":{"rendered":"https:\/\/baflesoviedo.com\/home\/?post_type=product&#038;p=4564"},"modified":"2025-06-10T00:01:04","modified_gmt":"2025-06-10T00:01:04","slug":"dan-dagostino-relentless-800-amplificador-monoblock","status":"publish","type":"product","link":"https:\/\/baflesoviedo.com\/home\/product\/dan-dagostino-relentless-800-amplificador-monoblock\/","title":{"rendered":"Dan D\u2019Agostino, Relentless 800, Amplificador Monoblock"},"content":{"rendered":"<p><b>Especificaciones T\u00e9cnicas:<\/b><\/p>\n<table cellspacing=\"0\" cellpadding=\"0\">\n<tbody>\n<tr>\n<td valign=\"middle\">Frequency Response<\/td>\n<td valign=\"middle\">20 Hz to 20 kHz, \u00b10.1 dB<\/td>\n<\/tr>\n<tr>\n<td valign=\"middle\">Signal-to-Noise Ratio<\/td>\n<td valign=\"middle\">&gt;75 dB, A-weighted \/ &gt;113 dB, unweighted<\/td>\n<\/tr>\n<tr>\n<td valign=\"middle\">Gain<\/td>\n<td valign=\"middle\">26.5 dB<\/td>\n<\/tr>\n<tr>\n<td valign=\"middle\">Distortion<\/td>\n<td valign=\"middle\">0.05% @ 1 kHz @ 800 W into 8\u03a9<\/td>\n<\/tr>\n<tr>\n<td valign=\"middle\">Input Impedance<\/td>\n<td valign=\"middle\">100 k\u03a9<\/td>\n<\/tr>\n<tr>\n<td valign=\"middle\">Output Power<\/td>\n<td valign=\"middle\">800 W @ 8\u03a9 \/ 1,600 W @ 4\u03a9 \/ 3,200 W @ 2\u03a9<\/td>\n<\/tr>\n<tr>\n<td valign=\"middle\">Output Voltage<\/td>\n<td valign=\"middle\">200 V peak-to-peak \/ 100 V RMS<\/td>\n<\/tr>\n<tr>\n<td valign=\"middle\">Output Current<\/td>\n<td valign=\"middle\">200 A peak<\/td>\n<\/tr>\n<tr>\n<td valign=\"middle\">Output Impedance<\/td>\n<td valign=\"middle\">&lt;0.03\u03a9, 20 Hz to 20 kHz<\/td>\n<\/tr>\n<tr>\n<td valign=\"middle\">Damping Factor<\/td>\n<td valign=\"middle\">&gt;195, 20 Hz to 20 kHz, ref. to 8\u03a9<\/td>\n<\/tr>\n<tr>\n<td valign=\"middle\">Slew Rate<\/td>\n<td valign=\"middle\">100 V\/\u03bcs<\/td>\n<\/tr>\n<tr>\n<td valign=\"middle\">Power Consumption<\/td>\n<td valign=\"middle\">Standby 35 W \/ Idle 480 W \/ Maximum 10 kW<\/td>\n<\/tr>\n<tr>\n<td valign=\"middle\">Inputs<\/td>\n<td valign=\"middle\">1 balanced XLR<\/td>\n<\/tr>\n<tr>\n<td valign=\"middle\">Outputs<\/td>\n<td valign=\"middle\">1 pair binding posts<\/td>\n<\/tr>\n<tr>\n<td valign=\"middle\">Dimensions (WHD)<\/td>\n<td valign=\"middle\">21.6 x 10.4 x 26.0 in \/ 54.9 x 26.4 x 66.0 cm<\/td>\n<\/tr>\n<tr>\n<td valign=\"middle\">Weight<\/td>\n<td valign=\"middle\">320 lb \/ 145 kg<\/td>\n<\/tr>\n<tr>\n<td valign=\"middle\">Finish<\/td>\n<td valign=\"middle\">Silver or Black<\/td>\n<\/tr>\n<\/tbody>\n<\/table>\n<p><a href=\"https:\/\/dandagostino.com\/products\/relentless-800-monoblock-amplifier-2\" target=\"_blank\" rel=\"noopener noreferrer\"><span style=\"color: #0000ff;\">Click aqu\u00ed para m\u00e1s informaci\u00f3n del producto.<\/span><\/a><\/p>\n","protected":false},"excerpt":{"rendered":"<p>Amplificador monoblock de audio High End, potente y sutil, con el sonido Relentless Epic 1600 en una plataforma ligeramente m\u00e1s peque\u00f1a. El amplificador monobloque Relentless 800 ofrece la calidad de sonido Relentless en una plataforma m\u00e1s peque\u00f1a. Con la misma topolog\u00eda de circuito que el Epic1600, su fuente de alimentaci\u00f3n, entrada, driver y etapas de salida se han dise\u00f1ado para distinguirlo de su hermano mayor solo por su menor potencia de salida. Con matices y musicalidad a bajo volumen, el Relentless 800 ofrece los impactantes contrastes din\u00e1micos que dan vida a la m\u00fasica. En el Relentless 800, el transistor del driver se ha mejorado para gestionar un 33% m\u00e1s de potencia por dispositivo. El exclusivo disipador de calor del amplificador combina cobre y aluminio para disipar el calor de los dispositivos conectados.<\/p>\n<p>*Cont\u00e1ctenos para consultar el precio.<\/p>\n","protected":false},"featured_media":4565,"template":"","meta":[],"product_cat":[20],"product_tag":[163,213,185],"_links":{"self":[{"href":"https:\/\/baflesoviedo.com\/home\/wp-json\/wp\/v2\/product\/4564"}],"collection":[{"href":"https:\/\/baflesoviedo.com\/home\/wp-json\/wp\/v2\/product"}],"about":[{"href":"https:\/\/baflesoviedo.com\/home\/wp-json\/wp\/v2\/types\/product"}],"wp:featuredmedia":[{"embeddable":true,"href":"https:\/\/baflesoviedo.com\/home\/wp-json\/wp\/v2\/media\/4565"}],"wp:attachment":[{"href":"https:\/\/baflesoviedo.com\/home\/wp-json\/wp\/v2\/media?parent=4564"}],"wp:term":[{"taxonomy":"product_cat","embeddable":true,"href":"https:\/\/baflesoviedo.com\/home\/wp-json\/wp\/v2\/product_cat?post=4564"},{"taxonomy":"product_tag","embeddable":true,"href":"https:\/\/baflesoviedo.com\/home\/wp-json\/wp\/v2\/product_tag?post=4564"}],"curies":[{"name":"wp","href":"https:\/\/api.w.org\/{rel}","templated":true}]}}