{"id":4594,"date":"2025-07-04T19:02:06","date_gmt":"2025-07-04T19:02:06","guid":{"rendered":"https:\/\/baflesoviedo.com\/home\/?post_type=product&#038;p=4594"},"modified":"2025-07-04T19:02:11","modified_gmt":"2025-07-04T19:02:11","slug":"pro-ject-automat-a1-2-tornamesa-automatica","status":"publish","type":"product","link":"https:\/\/baflesoviedo.com\/home\/product\/pro-ject-automat-a1-2-tornamesa-automatica\/","title":{"rendered":"Pro-Ject, AUTOMAT A1.2, Tornamesa Autom\u00e1tica"},"content":{"rendered":"<p><b>Especificaciones T\u00e9cnicas:<\/b><\/p>\n<table cellspacing=\"0\" cellpadding=\"0\">\n<tbody>\n<tr>\n<td valign=\"middle\"><b>Speed:<\/b><\/td>\n<td valign=\"middle\">33, 45 (electronic speed change)<\/td>\n<\/tr>\n<tr>\n<td valign=\"middle\"><b>Drive principle:<\/b><\/td>\n<td valign=\"middle\">belt drive, fully automatic<\/td>\n<\/tr>\n<tr>\n<td valign=\"middle\"><b>Platter:<\/b><\/td>\n<td valign=\"middle\">damped aluminium platter<\/td>\n<\/tr>\n<tr>\n<td valign=\"middle\"><b>Wow &amp; flutter:<\/b><\/td>\n<td valign=\"middle\">33: +\/-0,27%; 45: +\/-0,25%<\/td>\n<\/tr>\n<tr>\n<td valign=\"middle\"><b>Speed drift:<\/b><\/td>\n<td valign=\"middle\">33: +\/-0,75%; 45: +\/-0,65%<\/td>\n<\/tr>\n<tr>\n<td valign=\"middle\"><b>Signal to noise:<\/b><\/td>\n<td valign=\"middle\">65dB<\/td>\n<\/tr>\n<tr>\n<td valign=\"middle\"><b>Tonearm:<\/b><\/td>\n<td valign=\"middle\">ultra-light-mass 8,3\u201d aluminium tonearm<\/td>\n<\/tr>\n<tr>\n<td valign=\"middle\"><b>Effective arm length:<\/b><\/td>\n<td valign=\"middle\">211mm<\/td>\n<\/tr>\n<tr>\n<td valign=\"middle\"><b>Overhang:<\/b><\/td>\n<td valign=\"middle\">19,5mm<\/td>\n<\/tr>\n<tr>\n<td valign=\"middle\"><b>Included accessories:<\/b><\/td>\n<td valign=\"middle\">15V DC \/ 0,8A power supply, dust cover, 7\u2018\u2018 single adapter, feltmat, phono cable<\/td>\n<\/tr>\n<tr>\n<td valign=\"middle\"><b>Power consumption:<\/b><\/td>\n<td valign=\"middle\">1,5W<\/td>\n<\/tr>\n<tr>\n<td valign=\"middle\"><b>Dimensions:<\/b><\/td>\n<td valign=\"middle\">430 x 130 x 365 mm (WxHxD)<\/td>\n<\/tr>\n<tr>\n<td valign=\"middle\"><b>Weight:<\/b><\/td>\n<td valign=\"middle\">5,6 kg net<\/td>\n<\/tr>\n<\/tbody>\n<\/table>\n<p><a href=\"https:\/\/www.project-audio.com\/en\/product\/a1-2\/\" target=\"_blank\" rel=\"noopener noreferrer\"><span style=\"color: #0000ff;\">Click aqu\u00ed para m\u00e1s informaci\u00f3n del producto.<\/span><\/a><\/p>\n","protected":false},"excerpt":{"rendered":"<p>Sumergite en el placer del vinilo con tecnolog\u00eda de \u00faltima generaci\u00f3n y un dise\u00f1o pensado tanto para principiantes como para audi\u00f3filos exigentes. La A1.2 redefine la experiencia anal\u00f3gica sin sacrificar calidad sonora ni construcci\u00f3n.<\/p>\n<ul>\n<li><b>Automatizaci\u00f3n mec\u00e1nica inteligente:<\/b> con solo pulsar \u201cStart\/Stop\u201d.<\/li>\n<li><b>Plato de aluminio fundido y mecanizado CNC:<\/b> para reducir vibraciones y aumentar estabilidad del disco.<\/li>\n<li><b>Brazo de aluminio ultraligero de 8.3\u2033:<\/b> para un seguimiento impecable.<\/li>\n<li><b>Headshell<\/b> reforzado con fibra de carbono.<\/li>\n<li><b>Pastilla Pick it MM E:<\/b> sonido suave y de alta calidad, con bajo ruido y alta precisi\u00f3n de tracking.<\/li>\n<li><b>Chasis de madera con patas amortiguadas:<\/b> para aislamiento eficaz contra vibraciones externas.<\/li>\n<li><b>Preamplificador phono<\/b> integrado.<\/li>\n<li>Incluye cable <b>Connect it\u202fE<\/b>.<\/li>\n<li><b>Fabricado en Europa:<\/b> este modelo viene fabricado en Alemania, reflejo de la tradici\u00f3n y precisi\u00f3n que distinguen a Pro\u2011Ject.<\/li>\n<li>Disponible en acabado <b>satin black<\/b>.<\/li>\n<\/ul>\n","protected":false},"featured_media":4596,"template":"","meta":[],"product_cat":[37],"product_tag":[40,56,62],"_links":{"self":[{"href":"https:\/\/baflesoviedo.com\/home\/wp-json\/wp\/v2\/product\/4594"}],"collection":[{"href":"https:\/\/baflesoviedo.com\/home\/wp-json\/wp\/v2\/product"}],"about":[{"href":"https:\/\/baflesoviedo.com\/home\/wp-json\/wp\/v2\/types\/product"}],"wp:featuredmedia":[{"embeddable":true,"href":"https:\/\/baflesoviedo.com\/home\/wp-json\/wp\/v2\/media\/4596"}],"wp:attachment":[{"href":"https:\/\/baflesoviedo.com\/home\/wp-json\/wp\/v2\/media?parent=4594"}],"wp:term":[{"taxonomy":"product_cat","embeddable":true,"href":"https:\/\/baflesoviedo.com\/home\/wp-json\/wp\/v2\/product_cat?post=4594"},{"taxonomy":"product_tag","embeddable":true,"href":"https:\/\/baflesoviedo.com\/home\/wp-json\/wp\/v2\/product_tag?post=4594"}],"curies":[{"name":"wp","href":"https:\/\/api.w.org\/{rel}","templated":true}]}}