{"id":4694,"date":"2025-07-17T23:49:45","date_gmt":"2025-07-17T23:49:45","guid":{"rendered":"https:\/\/baflesoviedo.com\/home\/?post_type=product&#038;p=4694"},"modified":"2025-07-17T23:49:45","modified_gmt":"2025-07-17T23:49:45","slug":"cambridge-audio-mxw70-amplificador-potencia","status":"publish","type":"product","link":"https:\/\/baflesoviedo.com\/home\/product\/cambridge-audio-mxw70-amplificador-potencia\/","title":{"rendered":"Cambridge Audio, MXW70, Amplificador Potencia"},"content":{"rendered":"<p><b>Especificaciones T\u00e9cnicas:<\/b><\/p>\n<p><b>Power output<\/b><br \/>\n2x70W (8ohm stereo), 2x 125W (4ohm stereo), 250W (8ohm mono)<\/p>\n<p><b>Speaker outputs<\/b><br \/>\n1 set<\/p>\n<p><b>Other outputs<\/b><br \/>\n12v Trigger pass-through<\/p>\n<p><b>Thd+n (unweighted)<\/b><br \/>\n&lt;0.015% @ 5W\/8ohm<\/p>\n<p><b>S\/n ratio (ref 1w &#8211; 20k bw)<\/b><br \/>\n&gt;92dB (XLR), &gt;89dB (RCA)<\/p>\n<p><b>Crosstalk @1khz<\/b><br \/>\n&lt;-82dB<\/p>\n<p><b>Gain<\/b><br \/>\n22.2dB (XLR), 28.8dB (RCA)<\/p>\n<p><b>Input sensitivity<\/b><br \/>\n3.6V (mono XLR), 1.65V (mono RCA), 0.9V (stereo RCA), 1.9V (stereo XLR)<\/p>\n<p><b>Input impedances<\/b><br \/>\n22kohm (RCA), 35kohm (XLR)<\/p>\n<p><b>Power amp damping factor<\/b><br \/>\n&gt;180 @ 1kHz 8ohm<\/p>\n<p><b>Max power consumption<\/b><br \/>\n300w<\/p>\n<p><b>Standby power consumption<\/b><br \/>\n&lt;0.5W<\/p>\n<p><a href=\"https:\/\/www.cambridgeaudio.com\/row\/en\/products\/hi-fi\/mx\/mxw70\" target=\"_blank\" rel=\"noopener noreferrer\"><span style=\"color: #0000ff;\">Click aqu\u00ed para m\u00e1s informaci\u00f3n del producto.<\/span><\/a><\/p>\n","protected":false},"excerpt":{"rendered":"<p>Amplificador de potencia compacto, que destaca por su poder y nitidez en un formato minimalista. Dise\u00f1ado para ofrecer alto rendimiento sin sacrificar espacio, es perfecto para quienes buscan eficiencia y estilo. El resultado es audio din\u00e1mico, delicado y potente.<\/p>\n<ul>\n<li>70 Watts por canal<\/li>\n<li>Hypex NCORE Class D<\/li>\n<li>Entradas RCA y XLR<\/li>\n<li>Dise\u00f1o compacto<\/li>\n<li>Opci\u00f3n \u201cbridge\u201d en modo mono (250W)<\/li>\n<\/ul>\n","protected":false},"featured_media":4695,"template":"","meta":[],"product_cat":[130,19],"product_tag":[163,52,40],"_links":{"self":[{"href":"https:\/\/baflesoviedo.com\/home\/wp-json\/wp\/v2\/product\/4694"}],"collection":[{"href":"https:\/\/baflesoviedo.com\/home\/wp-json\/wp\/v2\/product"}],"about":[{"href":"https:\/\/baflesoviedo.com\/home\/wp-json\/wp\/v2\/types\/product"}],"wp:featuredmedia":[{"embeddable":true,"href":"https:\/\/baflesoviedo.com\/home\/wp-json\/wp\/v2\/media\/4695"}],"wp:attachment":[{"href":"https:\/\/baflesoviedo.com\/home\/wp-json\/wp\/v2\/media?parent=4694"}],"wp:term":[{"taxonomy":"product_cat","embeddable":true,"href":"https:\/\/baflesoviedo.com\/home\/wp-json\/wp\/v2\/product_cat?post=4694"},{"taxonomy":"product_tag","embeddable":true,"href":"https:\/\/baflesoviedo.com\/home\/wp-json\/wp\/v2\/product_tag?post=4694"}],"curies":[{"name":"wp","href":"https:\/\/api.w.org\/{rel}","templated":true}]}}