{"id":4756,"date":"2025-07-22T21:25:41","date_gmt":"2025-07-22T21:25:41","guid":{"rendered":"https:\/\/baflesoviedo.com\/home\/?post_type=product&#038;p=4756"},"modified":"2025-12-17T00:35:25","modified_gmt":"2025-12-17T00:35:25","slug":"pro-ject-head-box-e-amplificador-audifonos","status":"publish","type":"product","link":"https:\/\/baflesoviedo.com\/home\/product\/pro-ject-head-box-e-amplificador-audifonos\/","title":{"rendered":"Pro-Ject, Head Box E, Amplificador Aud\u00edfonos"},"content":{"rendered":"<p><b>Especificaciones T\u00e9cnicas:<\/b><\/p>\n<p><b>Power output:<\/b> 665 mW (into 32 ohms)<\/p>\n<p><b>Signal-to-noise ratio:<\/b> -105 dBV<\/p>\n<p><b>THD +N:<\/b> &lt; 0,005%<\/p>\n<p><b>Gain:<\/b> 11dB<\/p>\n<p><b>Crosstalk:<\/b> 65dB<\/p>\n<p><b>Frequency response:<\/b> 20Hz &#8211; 80kHz (+-0,2dB)<\/p>\n<p><b>Analogue inputs:<\/b> 1 pair RCA\/Cinch sockets line<\/p>\n<p><b>Headphone output:<\/b> 1x 6.3mm jack, 1x 3.5mm jack<\/p>\n<p><b>Analogue loop outputs:<\/b> 1 pair RCA\/Cinch<\/p>\n<p><b>Headphone impedance:<\/b> 8 &#8211; 600 Ohm<\/p>\n<p><b>Output impedance (Headphone):<\/b> &lt;1 Ohm<\/p>\n<p><b>Power supply:<\/b> 5V\/0.5A DC<\/p>\n<p><b>Standby Power consumption:<\/b> &lt; 0,5W<\/p>\n<p><b>Dimensions W x H x D:<\/b> 103 x 37 x 120 mm<\/p>\n<p><b>Weight:<\/b> 390 g without power supply<\/p>\n<p><a href=\"https:\/\/www.project-audio.com\/en\/product\/head-box-e\/\" target=\"_blank\" rel=\"noopener noreferrer\"><span style=\"color: #0000ff;\">Click aqu\u00ed para m\u00e1s informaci\u00f3n del producto.<\/span><\/a><\/p>\n","protected":false},"excerpt":{"rendered":"<p>Amplificador tama\u00f1o micro para aud\u00edfonos, que ofrece un sonido rico y envolvente con gran din\u00e1mica y transparencia. Dispositivos como computadoras y smartphones no tienen la potencia suficiente para revelar el verdadero potencial de los aud\u00edfonos modernos. Head Box E, en cambio, es capaz de ofrecer la m\u00e1s alta calidad de sonido con cualquier aud\u00edfono que teng\u00e1s, incluso para quienes desean escuchar a un volumen alto.<\/p>\n<p>\u2022 Ideal para aud\u00edfonos demandantes<br \/>\n\u2022 Salidas de 6.35 mm y 3.5 mm<br \/>\n\u2022 Componentes de bajo ruido\/distorsi\u00f3n<br \/>\n\u2022 Tama\u00f1o compacto<br \/>\n\u2022 Construcci\u00f3n s\u00f3lida totalmente met\u00e1lica<br \/>\n\u2022 Disponible con panel frontal plateado o negro<\/p>\n","protected":false},"featured_media":4757,"template":"","meta":[],"product_cat":[139,130,19],"product_tag":[163,203,226,40,56],"_links":{"self":[{"href":"https:\/\/baflesoviedo.com\/home\/wp-json\/wp\/v2\/product\/4756"}],"collection":[{"href":"https:\/\/baflesoviedo.com\/home\/wp-json\/wp\/v2\/product"}],"about":[{"href":"https:\/\/baflesoviedo.com\/home\/wp-json\/wp\/v2\/types\/product"}],"wp:featuredmedia":[{"embeddable":true,"href":"https:\/\/baflesoviedo.com\/home\/wp-json\/wp\/v2\/media\/4757"}],"wp:attachment":[{"href":"https:\/\/baflesoviedo.com\/home\/wp-json\/wp\/v2\/media?parent=4756"}],"wp:term":[{"taxonomy":"product_cat","embeddable":true,"href":"https:\/\/baflesoviedo.com\/home\/wp-json\/wp\/v2\/product_cat?post=4756"},{"taxonomy":"product_tag","embeddable":true,"href":"https:\/\/baflesoviedo.com\/home\/wp-json\/wp\/v2\/product_tag?post=4756"}],"curies":[{"name":"wp","href":"https:\/\/api.w.org\/{rel}","templated":true}]}}