{"id":4772,"date":"2025-07-24T17:21:01","date_gmt":"2025-07-24T17:21:01","guid":{"rendered":"https:\/\/baflesoviedo.com\/home\/?post_type=product&#038;p=4772"},"modified":"2025-12-17T00:16:33","modified_gmt":"2025-12-17T00:16:33","slug":"pro-ject-amp-box-rs2-amplificador-potencia","status":"publish","type":"product","link":"https:\/\/baflesoviedo.com\/home\/product\/pro-ject-amp-box-rs2-amplificador-potencia\/","title":{"rendered":"Pro-Ject, Amp Box RS2, Amplificador Potencia"},"content":{"rendered":"<p><b>Especificaciones T\u00e9cnicas:<\/b><\/p>\n<table cellspacing=\"0\" cellpadding=\"0\">\n<tbody>\n<tr>\n<td valign=\"middle\"><b>Power output:<\/b><\/td>\n<td valign=\"middle\">2 x 130W \/ 80W at 4 ohms \/ 8 ohms (1% THD)<\/td>\n<\/tr>\n<tr>\n<td valign=\"middle\"><\/td>\n<td valign=\"middle\">Bridged: 280W \/ 8 ohms (1% THD)<\/td>\n<\/tr>\n<tr>\n<td valign=\"middle\"><b>Peak power:<\/b><\/td>\n<td valign=\"middle\">2 x 160W \/ 100W @ 4 ohms \/ 8 ohms<\/td>\n<\/tr>\n<tr>\n<td valign=\"middle\"><\/td>\n<td valign=\"middle\">Bridged: 350W \/ 8 ohms (1% THD)<\/td>\n<\/tr>\n<tr>\n<td valign=\"middle\"><b>Noise floor:<\/b><\/td>\n<td valign=\"middle\">&#8211; 73dBV ( -76dBV &#8211; \u201aA\u2018 weighted)<\/td>\n<\/tr>\n<tr>\n<td valign=\"middle\"><b>Frequency response 20Hz &#8211; 20kHz:<\/b><\/td>\n<td valign=\"middle\">&lt; -0,2 dB<\/td>\n<\/tr>\n<tr>\n<td valign=\"middle\"><b>Channel separation:<\/b><\/td>\n<td valign=\"middle\">&#8211; 58dB at 10kHz at 4 Ohms<\/td>\n<\/tr>\n<tr>\n<td valign=\"middle\"><b>Signal to noise ratio:<\/b><\/td>\n<td valign=\"middle\">97dBV (100dBV &#8211; \u201aA\u2018 weighted)<\/td>\n<\/tr>\n<tr>\n<td valign=\"middle\"><b>THD:<\/b><\/td>\n<td valign=\"middle\">&lt; 0,08% at 20W \/ 4 ohms<\/td>\n<\/tr>\n<tr>\n<td valign=\"middle\"><b>Gain:<\/b><\/td>\n<td valign=\"middle\">27dB<\/td>\n<\/tr>\n<tr>\n<td valign=\"middle\"><b>Input Impedance RCA\/XLR:<\/b><\/td>\n<td valign=\"middle\">47k\/20k Ohms<\/td>\n<\/tr>\n<tr>\n<td valign=\"middle\"><b>Line level inputs:<\/b><\/td>\n<td valign=\"middle\">1 pair RCA, 1 pair XLR<\/td>\n<\/tr>\n<tr>\n<td valign=\"middle\"><b>Speaker terminals:<\/b><\/td>\n<td valign=\"middle\">4mm \u00d8 Banana, spade or bare wire<\/td>\n<\/tr>\n<tr>\n<td valign=\"middle\"><b>RS232:<\/b><\/td>\n<td valign=\"middle\">Pluggable 3-PIN Terminal Block<\/td>\n<\/tr>\n<tr>\n<td valign=\"middle\"><b>External power supply<\/b><\/td>\n<td valign=\"middle\">\u00b1 40V\/5A DC;100 &#8211; 240V, 50\/60Hz<\/td>\n<\/tr>\n<tr>\n<td valign=\"middle\"><b>Standby consumption<\/b><\/td>\n<td valign=\"middle\">&lt;0,5W in standby<\/td>\n<\/tr>\n<tr>\n<td valign=\"middle\"><b>Dimensions W x H x D<\/b><\/td>\n<td valign=\"middle\">206 x 85 x 200 (227mm with sockets)<\/td>\n<\/tr>\n<tr>\n<td valign=\"middle\"><b>Weight<\/b><\/td>\n<td valign=\"middle\">2660g without power supply<\/td>\n<\/tr>\n<\/tbody>\n<\/table>\n<p><a href=\"https:\/\/www.project-audio.com\/en\/product\/amp-box-rs2\/\" target=\"_blank\" rel=\"noopener noreferrer\"><span style=\"color: #0000ff;\">Click aqu\u00ed para m\u00e1s informaci\u00f3n del producto.<\/span><\/a><\/p>\n","protected":false},"excerpt":{"rendered":"<p>Amplificador de potencia High End. Ofrece una puesta en escena sonora tridimensional, una microdin\u00e1mica perfecta y una resoluci\u00f3n excepcional, combinadas con una alta potencia de salida. El dise\u00f1o del amplificador clase AB, totalmente discreto, combina las ventajas de ambas tecnolog\u00edas y ofrece mayor fidelidad, baja distorsi\u00f3n y alta eficiencia. La fuente de alimentaci\u00f3n incluida ya es una buena base, pero el amplificador Power Box RS2 va a\u00fan m\u00e1s all\u00e1 ofreciendo alimentaci\u00f3n lineal (evita la penetraci\u00f3n de interferencias de la red el\u00e9ctrica en el amplificador). La combinaci\u00f3n Amp Box RS2 + Power Box RS2 brinda el mejor resultado para tu m\u00fasica.<span class=\"Apple-converted-space\">\u00a0<\/span><\/p>\n","protected":false},"featured_media":4773,"template":"","meta":[],"product_cat":[130,20],"product_tag":[163,185,56],"_links":{"self":[{"href":"https:\/\/baflesoviedo.com\/home\/wp-json\/wp\/v2\/product\/4772"}],"collection":[{"href":"https:\/\/baflesoviedo.com\/home\/wp-json\/wp\/v2\/product"}],"about":[{"href":"https:\/\/baflesoviedo.com\/home\/wp-json\/wp\/v2\/types\/product"}],"wp:featuredmedia":[{"embeddable":true,"href":"https:\/\/baflesoviedo.com\/home\/wp-json\/wp\/v2\/media\/4773"}],"wp:attachment":[{"href":"https:\/\/baflesoviedo.com\/home\/wp-json\/wp\/v2\/media?parent=4772"}],"wp:term":[{"taxonomy":"product_cat","embeddable":true,"href":"https:\/\/baflesoviedo.com\/home\/wp-json\/wp\/v2\/product_cat?post=4772"},{"taxonomy":"product_tag","embeddable":true,"href":"https:\/\/baflesoviedo.com\/home\/wp-json\/wp\/v2\/product_tag?post=4772"}],"curies":[{"name":"wp","href":"https:\/\/api.w.org\/{rel}","templated":true}]}}