{"id":4777,"date":"2025-07-24T17:51:18","date_gmt":"2025-07-24T17:51:18","guid":{"rendered":"https:\/\/baflesoviedo.com\/home\/?post_type=product&#038;p=4777"},"modified":"2025-12-17T00:32:25","modified_gmt":"2025-12-17T00:32:25","slug":"pro-ject-power-box-rs2-fuente-poder","status":"publish","type":"product","link":"https:\/\/baflesoviedo.com\/home\/product\/pro-ject-power-box-rs2-fuente-poder\/","title":{"rendered":"Pro-Ject, Power Box RS2, Fuente Poder"},"content":{"rendered":"<p><b>Especificaciones T\u00e9cnicas:<\/b><\/p>\n<table cellspacing=\"0\" cellpadding=\"0\">\n<tbody>\n<tr>\n<td valign=\"middle\"><b>Input voltage:<\/b><\/td>\n<td valign=\"middle\">115V\/230V AC<\/td>\n<\/tr>\n<tr>\n<td valign=\"middle\"><b>Output voltage &#8211; switchable<\/b><\/td>\n<td valign=\"middle\">\u00b135 V \/ \u00b145 V<\/td>\n<\/tr>\n<tr>\n<td valign=\"middle\"><b>Output current<\/b><\/td>\n<td valign=\"middle\">4A<\/td>\n<\/tr>\n<tr>\n<td valign=\"middle\"><b>Filtration capacity:<\/b><\/td>\n<td valign=\"middle\">40.000 \u03bcF<\/td>\n<\/tr>\n<tr>\n<td valign=\"middle\"><b>incl. accessories:<\/b><\/td>\n<td valign=\"middle\">connection cable to Amp Box RS2<\/td>\n<\/tr>\n<tr>\n<td valign=\"middle\"><b>Dimensions W x H x D:<\/b><\/td>\n<td valign=\"middle\">206 x 71 x 209 mm<\/td>\n<\/tr>\n<tr>\n<td valign=\"middle\"><b>Weight:<\/b><\/td>\n<td valign=\"middle\">4700 g<\/td>\n<\/tr>\n<\/tbody>\n<\/table>\n<p><a href=\"https:\/\/www.project-audio.com\/en\/product\/power-box-rs2-amp\/\" target=\"_blank\" rel=\"noopener noreferrer\"><span style=\"color: #0000ff;\">Click aqu\u00ed para m\u00e1s informaci\u00f3n del producto.<\/span><\/a><\/p>\n","protected":false},"excerpt":{"rendered":"<p>La salida conmutable de 35 V y 45 V le permite elegir el modo de funcionamiento del Amp Box RS2 a su gusto. Para altavoces de 4 ohms, se recomienda la opci\u00f3n de 35 V, para mayor eficiencia del Amp Box RS2 (menor consumo de energ\u00eda y una menor acumulaci\u00f3n de calor). 45 V aumentar\u00e1 la potencia del Amp Box RS2 hasta en un 25%, para lo cual se requiere de buena ventilaci\u00f3n. El Power Box RS2 est\u00e1 disponible en acabados plata o negro.<\/p>\n<ul>\n<li>Sustituye a las fuentes de alimentaci\u00f3n conmutadas originales<\/li>\n<li>Mejora significativa del sonido<\/li>\n<li>35 V (eficiencia energ\u00e9tica\/t\u00e9rmica) o 45 V (potencia m\u00e1xima)<\/li>\n<li>Mejora del escenario sonoro y la resoluci\u00f3n de detalle<\/li>\n<li>El sistema de arranque suave evita las entradas de corriente<\/li>\n<li>Componentes silenciosos con protecci\u00f3n contra sobretensiones<\/li>\n<li>Carcasa r\u00edgida de aluminio que protege contra interferencias<\/li>\n<li>Hecho en Europa<\/li>\n<\/ul>\n","protected":false},"featured_media":4778,"template":"","meta":[],"product_cat":[130,20],"product_tag":[163,185,56],"_links":{"self":[{"href":"https:\/\/baflesoviedo.com\/home\/wp-json\/wp\/v2\/product\/4777"}],"collection":[{"href":"https:\/\/baflesoviedo.com\/home\/wp-json\/wp\/v2\/product"}],"about":[{"href":"https:\/\/baflesoviedo.com\/home\/wp-json\/wp\/v2\/types\/product"}],"wp:featuredmedia":[{"embeddable":true,"href":"https:\/\/baflesoviedo.com\/home\/wp-json\/wp\/v2\/media\/4778"}],"wp:attachment":[{"href":"https:\/\/baflesoviedo.com\/home\/wp-json\/wp\/v2\/media?parent=4777"}],"wp:term":[{"taxonomy":"product_cat","embeddable":true,"href":"https:\/\/baflesoviedo.com\/home\/wp-json\/wp\/v2\/product_cat?post=4777"},{"taxonomy":"product_tag","embeddable":true,"href":"https:\/\/baflesoviedo.com\/home\/wp-json\/wp\/v2\/product_tag?post=4777"}],"curies":[{"name":"wp","href":"https:\/\/api.w.org\/{rel}","templated":true}]}}