{"id":4781,"date":"2025-07-24T17:58:35","date_gmt":"2025-07-24T17:58:35","guid":{"rendered":"https:\/\/baflesoviedo.com\/home\/?post_type=product&#038;p=4781"},"modified":"2025-07-24T17:58:35","modified_gmt":"2025-07-24T17:58:35","slug":"pro-ject-flatten-it-maquina-correctora-vinilo","status":"publish","type":"product","link":"https:\/\/baflesoviedo.com\/home\/product\/pro-ject-flatten-it-maquina-correctora-vinilo\/","title":{"rendered":"Pro-Ject, Flatten it, M\u00e1quina Correctora Vinilo"},"content":{"rendered":"<p><b>Especificaciones T\u00e9cnicas:<\/b><\/p>\n<table cellspacing=\"0\" cellpadding=\"0\">\n<tbody>\n<tr>\n<td valign=\"middle\"><b>Power connection:<\/b><\/td>\n<td valign=\"middle\">110\/120 or 230\/240 Volt<\/td>\n<\/tr>\n<tr>\n<td valign=\"middle\"><\/td>\n<td valign=\"middle\">50 or 60 Hz<\/td>\n<\/tr>\n<tr>\n<td valign=\"middle\"><b>Power supply:<\/b><\/td>\n<td valign=\"middle\">12V \/ 12A DC<\/td>\n<\/tr>\n<tr>\n<td valign=\"middle\"><b>Dimensions:<\/b><\/td>\n<td valign=\"middle\">365 x 60 x 420 mm (W x H x D)<\/td>\n<\/tr>\n<tr>\n<td valign=\"middle\"><b>Weight:<\/b><\/td>\n<td valign=\"middle\">4 kg<\/td>\n<\/tr>\n<\/tbody>\n<\/table>\n<p><a href=\"https:\/\/www.project-audio.com\/en\/product\/flatten-it\/\" target=\"_blank\" rel=\"noopener noreferrer\"><span style=\"color: #0000ff;\">Click aqu\u00ed para m\u00e1s informaci\u00f3n del producto.<\/span><\/a><\/p>\n","protected":false},"excerpt":{"rendered":"<p>Dise\u00f1ado tanto para audi\u00f3filos como para coleccionistas, este dispositivo repara discos deformados y mejora tu experiencia auditiva.<span class=\"Apple-converted-space\">\u00a0<\/span><\/p>\n<ul>\n<li>Aplana tus vinilos de forma suave y segura, mejorando la calidad de reproducci\u00f3n al eliminar saltos, chasquidos y distorsi\u00f3n<\/li>\n<li>Compatible con discos de todos los tama\u00f1os y grosores<\/li>\n<li>Cuenta con placas de aluminio calefactadas de primera calidad para una distribuci\u00f3n uniforme del calor, garantizando resultados consistentes<\/li>\n<li>F\u00e1cil de usar<\/li>\n<li>S\u00f3lida construcci\u00f3n de aluminio para alta durabilidad<\/li>\n<\/ul>\n","protected":false},"featured_media":4783,"template":"","meta":[],"product_cat":[130,37],"product_tag":[56,62],"_links":{"self":[{"href":"https:\/\/baflesoviedo.com\/home\/wp-json\/wp\/v2\/product\/4781"}],"collection":[{"href":"https:\/\/baflesoviedo.com\/home\/wp-json\/wp\/v2\/product"}],"about":[{"href":"https:\/\/baflesoviedo.com\/home\/wp-json\/wp\/v2\/types\/product"}],"wp:featuredmedia":[{"embeddable":true,"href":"https:\/\/baflesoviedo.com\/home\/wp-json\/wp\/v2\/media\/4783"}],"wp:attachment":[{"href":"https:\/\/baflesoviedo.com\/home\/wp-json\/wp\/v2\/media?parent=4781"}],"wp:term":[{"taxonomy":"product_cat","embeddable":true,"href":"https:\/\/baflesoviedo.com\/home\/wp-json\/wp\/v2\/product_cat?post=4781"},{"taxonomy":"product_tag","embeddable":true,"href":"https:\/\/baflesoviedo.com\/home\/wp-json\/wp\/v2\/product_tag?post=4781"}],"curies":[{"name":"wp","href":"https:\/\/api.w.org\/{rel}","templated":true}]}}