{"id":5154,"date":"2025-09-16T15:20:18","date_gmt":"2025-09-16T15:20:18","guid":{"rendered":"https:\/\/baflesoviedo.com\/home\/?post_type=product&#038;p=5154"},"modified":"2025-09-16T15:20:22","modified_gmt":"2025-09-16T15:20:22","slug":"elac-varro-ps250-subwoofer-activo","status":"publish","type":"product","link":"https:\/\/baflesoviedo.com\/home\/product\/elac-varro-ps250-subwoofer-activo\/","title":{"rendered":"ELAC, Varro PS250, Subwoofer Activo"},"content":{"rendered":"<p><b>Especificaciones T\u00e9cnicas:<\/b><\/p>\n<table cellspacing=\"0\" cellpadding=\"0\">\n<tbody>\n<tr>\n<td valign=\"top\"><b>Speaker Type<\/b><\/td>\n<td valign=\"top\">Bass Reflex<\/td>\n<\/tr>\n<tr>\n<td valign=\"top\"><b>Woofer<\/b><\/td>\n<td valign=\"top\">10\u201d Treated Paper<\/td>\n<\/tr>\n<tr>\n<td valign=\"top\"><b>Frequency Response (Anechoic)<\/b><\/td>\n<td valign=\"top\">27Hz to 150Hz<\/td>\n<\/tr>\n<tr>\n<td valign=\"top\"><b>Frequency Response (In Room)<\/b><\/td>\n<td valign=\"top\">24Hz to 150Hz<\/td>\n<\/tr>\n<tr>\n<td valign=\"top\"><b>Maximum Output Level, SPL dB\/1m anechoic<\/b><\/td>\n<td valign=\"top\">107 dB<\/td>\n<\/tr>\n<tr>\n<td valign=\"top\"><b>Low pass crossover, Hz<\/b><\/td>\n<td valign=\"top\">40Hz to 150Hz<\/td>\n<\/tr>\n<tr>\n<td valign=\"top\"><b>Amplifier power, @4 Ohm (RMS\/Peak)<\/b><\/td>\n<td valign=\"top\">250\/500 Watts<\/td>\n<\/tr>\n<tr>\n<td valign=\"top\"><b>App Controlled (BLE)<\/b><\/td>\n<td valign=\"top\">iOS and Android<\/td>\n<\/tr>\n<tr>\n<td valign=\"top\"><b>Amplifier Topology<\/b><\/td>\n<td valign=\"top\">BASH<\/td>\n<\/tr>\n<tr>\n<td valign=\"top\"><b>Standby Power Consumption<\/b><\/td>\n<td valign=\"top\">&lt; 0.5W<\/td>\n<\/tr>\n<tr>\n<td valign=\"top\"><b>Inputs<\/b><\/td>\n<td valign=\"top\">RCA Line Level<\/td>\n<\/tr>\n<tr>\n<td valign=\"top\"><b>Data Connection<\/b><\/td>\n<td valign=\"top\">USB (Firmware Update)<\/td>\n<\/tr>\n<tr>\n<td valign=\"top\"><b>Cabinet Finish<\/b><\/td>\n<td valign=\"top\">Black Vinyl<\/td>\n<\/tr>\n<tr>\n<td valign=\"top\"><b>Accessories Included<\/b><\/td>\n<td valign=\"top\">Grille, AC power Cord, Spikes<\/td>\n<\/tr>\n<tr>\n<td valign=\"top\"><b>Height<\/b><\/td>\n<td valign=\"top\">381 mm<\/td>\n<\/tr>\n<tr>\n<td valign=\"top\"><b>Width<\/b><\/td>\n<td valign=\"top\">360 mm<\/td>\n<\/tr>\n<tr>\n<td valign=\"top\"><b>Depth<\/b><\/td>\n<td valign=\"top\">360 mm<\/td>\n<\/tr>\n<tr>\n<td valign=\"top\"><b>Net Weight<\/b><\/td>\n<td valign=\"top\">16.4 Kg<\/td>\n<\/tr>\n<\/tbody>\n<\/table>\n<p><a href=\"https:\/\/elac.com\/ps250\" target=\"_blank\" rel=\"noopener noreferrer\"><span style=\"color: #0000ff;\">Click aqu\u00ed para m\u00e1s informaci\u00f3n del producto.<\/span><\/a><\/p>\n","protected":false},"excerpt":{"rendered":"<p>Subwoofer activo de 10\u201d, de la l\u00ednea premium de ELAC. Eleva tu sistema de audio o cine en casa con gran impacto, precisi\u00f3n ac\u00fastica y funciones modernas que facilitan su integraci\u00f3n. El PS250 combina potencia, dise\u00f1o y tecnolog\u00eda para entregar bajos contundentes sin sacrificar claridad.<\/p>\n<ul>\n<li><b>Amplificador BASH de alta eficiencia: <\/b>proporciona <b>250 W RMS \/ 500 W pico<\/b> de potencia din\u00e1mica, garantizando respuestas r\u00e1pidas, alto nivel de salida (SPL) y buen control del woofer incluso ante exigencias ac\u00fasticas.<span class=\"Apple-converted-space\">\u00a0<\/span><\/li>\n<li><b>Woofer de 10<\/b>\u2033<b> con cono de papel tratado + bobina de voz de 2<\/b>\u2033<b>: <\/b>alta excursi\u00f3n, buena gesti\u00f3n t\u00e9rmica, excelente adaptaci\u00f3n al rango grave profundo. Mejora la rigidez del cono para minimizar distorsiones.<span class=\"Apple-converted-space\">\u00a0<\/span><\/li>\n<li><b>Respuesta en frecuencia y SPL adecuados para espacios exigentes: <\/b>desde aproximadamente <b>27 Hz hasta 150 Hz<\/b>, con niveles de SPL de hasta <b>\u2248107 dB<\/b> a 1 metro; en ambientes reales la extensi\u00f3n puede mejorar a ~24 Hz.<span class=\"Apple-converted-space\">\u00a0<\/span><\/li>\n<li><b>DSP avanzado + Auto EQ + control por app (Sub Control 3.0): <\/b>permite calibraci\u00f3n autom\u00e1tica de la sala mediante micr\u00f3fono de tel\u00e9fono inteligente, ajustes de ecualizaci\u00f3n, cruce de frecuencia, fase, retardo. Facilita emparejar m\u00faltiples subwoofers.<span class=\"Apple-converted-space\">\u00a0<\/span><\/li>\n<li><b>Gabinete robusto bien construido: <\/b>MDF de 30 mm, vinilo acabado satin-black, refuerzos internos, dise\u00f1o resistente a resonancias no deseadas. Portado bass-reflex con puerto inferior.<span class=\"Apple-converted-space\">\u00a0<\/span><\/li>\n<li><b>Controles f\u00edsicos accesibles + conectividad funcional: <\/b>entrada LFE \/ RCA stereo, posibilidad de actualizar firmware v\u00eda USB, mando por app, perilla de volumen trasera, interruptor de fase, cruce bajo-paso ajustable (40-150 Hz) para adaptar al sistema.<span class=\"Apple-converted-space\">\u00a0<\/span><\/li>\n<li><b>Consumo relativamente bajo en modo espera: <\/b>&lt; 0,5-2 W en standby, lo que ayuda a eficiencia energ\u00e9tica y confort de uso permanente.<span class=\"Apple-converted-space\">\u00a0<\/span><\/li>\n<\/ul>\n","protected":false},"featured_media":5155,"template":"","meta":[],"product_cat":[123,36,17],"product_tag":[210,195,206,40,68],"_links":{"self":[{"href":"https:\/\/baflesoviedo.com\/home\/wp-json\/wp\/v2\/product\/5154"}],"collection":[{"href":"https:\/\/baflesoviedo.com\/home\/wp-json\/wp\/v2\/product"}],"about":[{"href":"https:\/\/baflesoviedo.com\/home\/wp-json\/wp\/v2\/types\/product"}],"wp:featuredmedia":[{"embeddable":true,"href":"https:\/\/baflesoviedo.com\/home\/wp-json\/wp\/v2\/media\/5155"}],"wp:attachment":[{"href":"https:\/\/baflesoviedo.com\/home\/wp-json\/wp\/v2\/media?parent=5154"}],"wp:term":[{"taxonomy":"product_cat","embeddable":true,"href":"https:\/\/baflesoviedo.com\/home\/wp-json\/wp\/v2\/product_cat?post=5154"},{"taxonomy":"product_tag","embeddable":true,"href":"https:\/\/baflesoviedo.com\/home\/wp-json\/wp\/v2\/product_tag?post=5154"}],"curies":[{"name":"wp","href":"https:\/\/api.w.org\/{rel}","templated":true}]}}