{"id":5164,"date":"2025-09-16T15:37:22","date_gmt":"2025-09-16T15:37:22","guid":{"rendered":"https:\/\/baflesoviedo.com\/home\/?post_type=product&#038;p=5164"},"modified":"2025-09-16T15:37:23","modified_gmt":"2025-09-16T15:37:23","slug":"elac-varro-ps500-subwoofer-activo","status":"publish","type":"product","link":"https:\/\/baflesoviedo.com\/home\/product\/elac-varro-ps500-subwoofer-activo\/","title":{"rendered":"ELAC, Varro PS500, Subwoofer Activo"},"content":{"rendered":"<p><b>Especificaciones T\u00e9cnicas:<\/b><\/p>\n<table cellspacing=\"0\" cellpadding=\"0\">\n<tbody>\n<tr>\n<td valign=\"top\"><b>Speaker Type<\/b><\/td>\n<td valign=\"top\">Bass Reflex<\/td>\n<\/tr>\n<tr>\n<td valign=\"top\"><b>Woofer<\/b><\/td>\n<td valign=\"top\">15\u201d Treated Paper<\/td>\n<\/tr>\n<tr>\n<td valign=\"top\"><b>Frequency Response (Anechoic)<\/b><\/td>\n<td valign=\"top\">20Hz to 150Hz<\/td>\n<\/tr>\n<tr>\n<td valign=\"top\"><b>Frequency Response (In Room)<\/b><\/td>\n<td valign=\"top\">16Hz to 150Hz<\/td>\n<\/tr>\n<tr>\n<td valign=\"top\"><b>Maximum Output Level, SPL dB\/1m anechoic<\/b><\/td>\n<td valign=\"top\">115 dB<\/td>\n<\/tr>\n<tr>\n<td valign=\"top\"><b>Low pass crossover, Hz<\/b><\/td>\n<td valign=\"top\">40Hz to 150Hz<\/td>\n<\/tr>\n<tr>\n<td valign=\"top\"><b>Amplifier power, @4 Ohm (RMS\/Peak)<\/b><\/td>\n<td valign=\"top\">500\/1000 Watts<\/td>\n<\/tr>\n<tr>\n<td valign=\"top\"><b>App Controlled (BLE)<\/b><\/td>\n<td valign=\"top\">iOS and Android<\/td>\n<\/tr>\n<tr>\n<td valign=\"top\"><b>Amplifier Topology<\/b><\/td>\n<td valign=\"top\">BASH<\/td>\n<\/tr>\n<tr>\n<td valign=\"top\"><b>Standby Power Consumption<\/b><\/td>\n<td valign=\"top\">&lt; 0.5W<\/td>\n<\/tr>\n<tr>\n<td valign=\"top\"><b>Inputs<\/b><\/td>\n<td valign=\"top\">RCA Line Level<\/td>\n<\/tr>\n<tr>\n<td valign=\"top\"><b>Data Connection<\/b><\/td>\n<td valign=\"top\">USB (Firmware Update)<\/td>\n<\/tr>\n<tr>\n<td valign=\"top\"><b>Cabinet Finish<\/b><\/td>\n<td valign=\"top\">Black Vinyl<\/td>\n<\/tr>\n<tr>\n<td valign=\"top\"><b>Accessories Included<\/b><\/td>\n<td valign=\"top\">Grille, AC power Cord, Spikes<\/td>\n<\/tr>\n<tr>\n<td valign=\"top\"><b>Height<\/b><\/td>\n<td valign=\"top\">480 mm<\/td>\n<\/tr>\n<tr>\n<td valign=\"top\"><b>Width<\/b><\/td>\n<td valign=\"top\">460 mm<\/td>\n<\/tr>\n<tr>\n<td valign=\"top\"><b>Depth<\/b><\/td>\n<td valign=\"top\">460 mm<\/td>\n<\/tr>\n<tr>\n<td valign=\"top\"><b>Net Weight<\/b><\/td>\n<td valign=\"top\">25.9 Kg<\/td>\n<\/tr>\n<\/tbody>\n<\/table>\n<p><a href=\"https:\/\/elac.com\/ps500\" target=\"_blank\" rel=\"noopener noreferrer\"><span style=\"color: #0000ff;\">Click aqu\u00ed para m\u00e1s informaci\u00f3n del producto.<\/span><\/a><\/p>\n","protected":false},"excerpt":{"rendered":"<p>Subwoofer activo de 15\u201d, de la l\u00ednea premium de ELAC. Con esta unidad, elev\u00e1s tu sistema de audio o cine en casa para que no solo entregue graves de gran calado, sino tambi\u00e9n sofisticadas herramientas de ajuste para que el sonido se amolde perfectamente a tu sala. Si busc\u00e1s impacto, precisi\u00f3n y control, este modelo lo tiene todo.<\/p>\n<ul>\n<li><b>Driver front-firing de 15<\/b>\u2033<b>: <\/b>gran excursi\u00f3n, excelente rigidez y manejo t\u00e9rmico, lo que permite reproducir bajos f\u00edsicos incluso en pasajes exigentes sin distorsi\u00f3n.<span class=\"Apple-converted-space\">\u00a0<\/span><\/li>\n<li><b>Amplificador BASH de alto rendimiento (500 W RMS \/ 1000 W pico): <\/b>tecnolog\u00eda eficiente que proporciona potencia din\u00e1mica amplia, con margen para subgraves intensos sin comprometer claridad ni estabilidad.<span class=\"Apple-converted-space\">\u00a0<\/span><\/li>\n<li><b>DSP dual de 28 bits + reloj maestro de 147 MHz: <\/b>procesamiento digital preciso, latencia m\u00ednima, manejo refinado de se\u00f1al y respuesta controlada frente a variaciones de sala y nivel.<span class=\"Apple-converted-space\">\u00a0<\/span><\/li>\n<li><b>Auto-EQ mediante app (ELAC Sub Control 3.0): <\/b>permite calibraci\u00f3n autom\u00e1tica de la sala usando el micr\u00f3fono del tel\u00e9fono; corrige irregularidades ac\u00fasticas, ajusta la respuesta de graves seg\u00fan la posici\u00f3n, volumen y predilecciones del oyente.<span class=\"Apple-converted-space\">\u00a0<\/span><\/li>\n<li><b>Frecuencia de corte baja y SPL destacado: <\/b>respuesta anecoica de <b>20 Hz a 150 Hz<\/b>, en sala de escucha cerca de <b>16 Hz<\/b> como respuesta \u00fatil. Nivel m\u00e1ximo SPL de unos <b>115 dB a 1 m<\/b>, lo que lo hace ideal tanto para pel\u00edculas como para m\u00fasica potente.<span class=\"Apple-converted-space\">\u00a0<\/span><\/li>\n<li><b>Gabinete robusto de 30 mm con refuerzos internos: <\/b>construcci\u00f3n con MDF grueso bien amortiguado e interior reforzado para minimizar resonancias no deseadas. Acabado vin\u00edlico de calidad. Incluye patas\/spikes para mejor acoplamiento al suelo.<span class=\"Apple-converted-space\">\u00a0<\/span><\/li>\n<li><b>Controles vers\u00e1tiles + conectividad clara: <\/b>corte bajo ajustable (40-150 Hz), control de fase, entrada RCA LFE\/line level, actualizaci\u00f3n de firmware por USB, panel de control o v\u00eda app. Todo dise\u00f1ado para facilitar su integraci\u00f3n y ajuste desde tu posici\u00f3n de escucha.<span class=\"Apple-converted-space\">\u00a0<\/span><\/li>\n<\/ul>\n","protected":false},"featured_media":5165,"template":"","meta":[],"product_cat":[123,36,17],"product_tag":[210,195,206,40,68],"_links":{"self":[{"href":"https:\/\/baflesoviedo.com\/home\/wp-json\/wp\/v2\/product\/5164"}],"collection":[{"href":"https:\/\/baflesoviedo.com\/home\/wp-json\/wp\/v2\/product"}],"about":[{"href":"https:\/\/baflesoviedo.com\/home\/wp-json\/wp\/v2\/types\/product"}],"wp:featuredmedia":[{"embeddable":true,"href":"https:\/\/baflesoviedo.com\/home\/wp-json\/wp\/v2\/media\/5165"}],"wp:attachment":[{"href":"https:\/\/baflesoviedo.com\/home\/wp-json\/wp\/v2\/media?parent=5164"}],"wp:term":[{"taxonomy":"product_cat","embeddable":true,"href":"https:\/\/baflesoviedo.com\/home\/wp-json\/wp\/v2\/product_cat?post=5164"},{"taxonomy":"product_tag","embeddable":true,"href":"https:\/\/baflesoviedo.com\/home\/wp-json\/wp\/v2\/product_tag?post=5164"}],"curies":[{"name":"wp","href":"https:\/\/api.w.org\/{rel}","templated":true}]}}