{"id":5192,"date":"2025-09-16T16:18:36","date_gmt":"2025-09-16T16:18:36","guid":{"rendered":"https:\/\/baflesoviedo.com\/home\/?post_type=product&#038;p=5192"},"modified":"2025-09-30T23:45:29","modified_gmt":"2025-09-30T23:45:29","slug":"bowers-wilkins-zeppelin-pro-edition-altavoz-inalambrico","status":"publish","type":"product","link":"https:\/\/baflesoviedo.com\/home\/product\/bowers-wilkins-zeppelin-pro-edition-altavoz-inalambrico\/","title":{"rendered":"Bowers &#038; Wilkins, Zeppelin Pro Edition, Altavoz Inal\u00e1mbrico"},"content":{"rendered":"<p><b>Especificaciones T\u00e9cnicas:<\/b><\/p>\n<p><b>Drive units<\/b><\/p>\n<p>HF 2x 25mm (1 in) Titanium dome tweeter high frequency<span class=\"Apple-converted-space\">\u00a0<\/span><\/p>\n<p>MF 2x 90mm (3.5 in) FST midrange<span class=\"Apple-converted-space\">\u00a0<\/span><\/p>\n<p>LF 1x 150mm (6 in) Subwoofer<\/p>\n<p><b>Technical features<\/b><\/p>\n<p>Bowers &amp; Wilkins Music App (with Deezer, Qobuz and TIDAL support)<span class=\"Apple-converted-space\">\u00a0<\/span><\/p>\n<p>Apple AirPlay 2\u00a9<span class=\"Apple-converted-space\">\u00a0<\/span><\/p>\n<p>Spotify Connect<span class=\"Apple-converted-space\">\u00a0<\/span><\/p>\n<p>Bluetooth In<span class=\"Apple-converted-space\">\u00a0<\/span><\/p>\n<p>Digital Signal Processing<span class=\"Apple-converted-space\">\u00a0<\/span><\/p>\n<p>Dynamic EQ<\/p>\n<p><b>Bluetooth<\/b><\/p>\n<p>5.0<\/p>\n<p><b>AirPlay 2 compatibility<\/b><\/p>\n<p>iPhone, iPad, and iPod touch with iOS 11.4 or later, Apple TV 4K or Apple TV (4th Generation) with tvOS 11.4 or later, Mac or PC with iTunes 12.8 or later<\/p>\n<p><b>Amplifier power output<\/b><\/p>\n<p>240W<\/p>\n<p><b>Frequency response<\/b><\/p>\n<p>35 Hz to 24 kHz<\/p>\n<p><b>Connections<\/b><\/p>\n<p>USB\u2013C \u2013 Service Only<\/p>\n<p><b>Input voltage<\/b><\/p>\n<p>100V &#8211; 240V, 50\/60Hz<\/p>\n<p><b>Power consumption<\/b><\/p>\n<p>Below 2 W (Sleep)<\/p>\n<p><b>BT codecs<\/b><\/p>\n<p>aptX\u2122 Adaptive<span class=\"Apple-converted-space\">\u00a0<\/span><\/p>\n<p>AAC<span class=\"Apple-converted-space\">\u00a0<\/span><\/p>\n<p>SBC<\/p>\n<p><a href=\"https:\/\/www.bowerswilkins.com\/en-us\/product\/wireless-speakers\/zeppelin-pro\/301026.html\" target=\"_blank\" rel=\"noopener noreferrer\"><span style=\"color: #0000ff;\">Click aqu\u00ed para m\u00e1s informaci\u00f3n del producto.<\/span><\/a><\/p>\n","protected":false},"excerpt":{"rendered":"<p>El Zeppelin Pro Edition combina lo mejor de la est\u00e9tica emblem\u00e1tica de la serie Zeppelin con mejoras t\u00e9cnicas sustanciales. Perfecto si busc\u00e1s un todo-en-uno inal\u00e1mbrico que ofrezca potencia, detalle, streaming avanzado y presencia visual sin igual. Disponible en acabados space grey o solar gold.<span class=\"Apple-converted-space\">\u00a0<\/span><\/p>\n<ul>\n<li><b>Amplificador potente de 240 W: <\/b>suficiente empuje para llenar salas de tama\u00f1o medio con claridad, graves con cuerpo y sin fatiga.<span class=\"Apple-converted-space\">\u00a0<\/span><\/li>\n<li><b>Respuesta en frecuencia y DSP refinado: <\/b>rango de 35 Hz a 24 kHz, apoyado por procesamiento digital (DSP) y ecualizaci\u00f3n din\u00e1mica (Dynamic EQ) para conservar claridad tonal incluso a volumen alto.<span class=\"Apple-converted-space\">\u00a0<\/span><\/li>\n<li><b>Varias opciones de conexi\u00f3n y streaming moderno: <\/b>AirPlay 2, Spotify Connect, Bluetooth 5.0 con aptX\u2122 Adaptive, y la app <i>Bowers &amp; Wilkins Music<\/i> que integra servicios como Deezer, Qobuz y TIDAL.<span class=\"Apple-converted-space\">\u00a0<\/span><\/li>\n<li><b>Dise\u00f1o impresionante con detalles de est\u00e9tica y funcionalidad: <\/b>cuerpo sello, forma Zeppelin caracter\u00edstica, luz inferior (downlight) regulable, acabado lujoso, componentes bien distribuidos para lograr equilibrio sonoro.<\/li>\n<li><b>Calidad de construcci\u00f3n premium: <\/b>materiales resistentes, drivers heredados de series de gama alta de B&amp;W, buena gesti\u00f3n de las vibraciones del gabinete, tama\u00f1o y peso que transmiten robustez (\u2248 6.6 kg).<\/li>\n<\/ul>\n","protected":false},"featured_media":5193,"template":"","meta":[],"product_cat":[126,23],"product_tag":[31,212,35,40,74],"_links":{"self":[{"href":"https:\/\/baflesoviedo.com\/home\/wp-json\/wp\/v2\/product\/5192"}],"collection":[{"href":"https:\/\/baflesoviedo.com\/home\/wp-json\/wp\/v2\/product"}],"about":[{"href":"https:\/\/baflesoviedo.com\/home\/wp-json\/wp\/v2\/types\/product"}],"wp:featuredmedia":[{"embeddable":true,"href":"https:\/\/baflesoviedo.com\/home\/wp-json\/wp\/v2\/media\/5193"}],"wp:attachment":[{"href":"https:\/\/baflesoviedo.com\/home\/wp-json\/wp\/v2\/media?parent=5192"}],"wp:term":[{"taxonomy":"product_cat","embeddable":true,"href":"https:\/\/baflesoviedo.com\/home\/wp-json\/wp\/v2\/product_cat?post=5192"},{"taxonomy":"product_tag","embeddable":true,"href":"https:\/\/baflesoviedo.com\/home\/wp-json\/wp\/v2\/product_tag?post=5192"}],"curies":[{"name":"wp","href":"https:\/\/api.w.org\/{rel}","templated":true}]}}