{"id":5203,"date":"2025-09-16T16:32:33","date_gmt":"2025-09-16T16:32:33","guid":{"rendered":"https:\/\/baflesoviedo.com\/home\/?post_type=product&#038;p=5203"},"modified":"2025-12-17T00:30:59","modified_gmt":"2025-12-17T00:30:59","slug":"pro-ject-phono-box-e-preamplificador-phono","status":"publish","type":"product","link":"https:\/\/baflesoviedo.com\/home\/product\/pro-ject-phono-box-e-preamplificador-phono\/","title":{"rendered":"Pro-Ject, Phono Box E, Preamplificador Phono"},"content":{"rendered":"<p><b>Especificaciones T\u00e9cnicas:<\/b><\/p>\n<table cellspacing=\"0\" cellpadding=\"0\">\n<tbody>\n<tr>\n<td valign=\"middle\"><b>Input impedance<\/b><\/td>\n<td valign=\"middle\">47 kohms<\/td>\n<\/tr>\n<tr>\n<td valign=\"middle\"><b>Input capacitance<\/b><\/td>\n<td valign=\"middle\">120 pF<\/td>\n<\/tr>\n<tr>\n<td valign=\"middle\"><b>Gain<\/b><\/td>\n<td valign=\"middle\">40 dB<\/td>\n<\/tr>\n<tr>\n<td valign=\"middle\"><b>Output voltage(typically)<\/b><\/td>\n<td valign=\"middle\">500mV\/ 1kHz at 5mV\/1kHz<\/td>\n<\/tr>\n<tr>\n<td valign=\"middle\"><b>Noise floor<\/b><\/td>\n<td valign=\"middle\">88 dB (A weighted)<\/td>\n<\/tr>\n<tr>\n<td valign=\"middle\"><b>THD<\/b><\/td>\n<td valign=\"middle\">&lt;0,05%<\/td>\n<\/tr>\n<tr>\n<td valign=\"middle\"><b>RIAA deviation<\/b><\/td>\n<td valign=\"middle\">deviation max. 0.5 dB\/ 20 Hz &#8211; 20 kHz<\/td>\n<\/tr>\n<tr>\n<td valign=\"middle\"><b>Input<\/b><\/td>\n<td valign=\"middle\">1 pair RCA socket<\/td>\n<\/tr>\n<tr>\n<td valign=\"middle\"><b>Output<\/b><\/td>\n<td valign=\"middle\">1 pair RCA socket<\/td>\n<\/tr>\n<tr>\n<td valign=\"middle\"><b>Outboard power supply<\/b><\/td>\n<td valign=\"middle\">18 V\/500 mA DC; 220 &#8211; 240 V, 50 Hz<\/td>\n<\/tr>\n<tr>\n<td valign=\"middle\"><b>Standby power consumption<\/b><\/td>\n<td valign=\"middle\">&lt; 1 watt<\/td>\n<\/tr>\n<tr>\n<td valign=\"middle\"><b>Power consumption<\/b><\/td>\n<td valign=\"middle\">20 mA DC<\/td>\n<\/tr>\n<tr>\n<td valign=\"middle\"><b>Dimension W x H x D (D with sockets)<\/b><\/td>\n<td valign=\"middle\">120 x 32 x 100 (106) mm<\/td>\n<\/tr>\n<tr>\n<td valign=\"middle\"><b>Weight<\/b><\/td>\n<td valign=\"middle\">269 g without power supply<\/td>\n<\/tr>\n<\/tbody>\n<\/table>\n<p><a href=\"https:\/\/www.project-audio.com\/en\/product\/phono-box-e\/\" target=\"_blank\" rel=\"noopener noreferrer\"><span style=\"color: #0000ff;\">Click aqu\u00ed para m\u00e1s informaci\u00f3n del producto.<\/span><\/a><\/p>\n","protected":false},"excerpt":{"rendered":"<p>El Phono Box E es un preamplificador de phono dise\u00f1ado para cartuchos MM, ideal para quienes buscan una soluci\u00f3n econ\u00f3mica sin sacrificar calidad. Su construcci\u00f3n avanzada y tama\u00f1o compacto lo hacen perfecto para sistemas de audio dom\u00e9sticos. Disponible en acabados white o black.<\/p>\n<ul>\n<li><b>Amplificaci\u00f3n y ecualizaci\u00f3n RIAA para cartuchos MM: <\/b>optimiza la se\u00f1al de tus vinilos para una reproducci\u00f3n precisa y detallada.<span class=\"Apple-converted-space\">\u00a0<\/span><\/li>\n<li><b>Circuiter\u00eda SMD y componentes de bajo ruido: <\/b>reduce al m\u00ednimo la distorsi\u00f3n y el ruido, ofreciendo una experiencia auditiva limpia.<span class=\"Apple-converted-space\">\u00a0<\/span><\/li>\n<li><b>Apantallamiento met\u00e1lico interno: <\/b>protege contra interferencias externas, asegurando una se\u00f1al pura.<span class=\"Apple-converted-space\">\u00a0<\/span><\/li>\n<li><b>Tama\u00f1o compacto: <\/b>su dise\u00f1o permite colocarlo cerca del tocadiscos sin ocupar mucho espacio.<span class=\"Apple-converted-space\">\u00a0<\/span><\/li>\n<li><b>Conectores RCA chapados en oro: <\/b>garantizan una conexi\u00f3n estable y duradera.<span class=\"Apple-converted-space\">\u00a0<\/span><\/li>\n<li><b>Fuente de alimentaci\u00f3n externa: <\/b>minimiza el ruido el\u00e9ctrico y mejora la calidad de la se\u00f1al.<\/li>\n<\/ul>\n","protected":false},"featured_media":5204,"template":"","meta":[],"product_cat":[37,19],"product_tag":[40,216,56,62],"_links":{"self":[{"href":"https:\/\/baflesoviedo.com\/home\/wp-json\/wp\/v2\/product\/5203"}],"collection":[{"href":"https:\/\/baflesoviedo.com\/home\/wp-json\/wp\/v2\/product"}],"about":[{"href":"https:\/\/baflesoviedo.com\/home\/wp-json\/wp\/v2\/types\/product"}],"wp:featuredmedia":[{"embeddable":true,"href":"https:\/\/baflesoviedo.com\/home\/wp-json\/wp\/v2\/media\/5204"}],"wp:attachment":[{"href":"https:\/\/baflesoviedo.com\/home\/wp-json\/wp\/v2\/media?parent=5203"}],"wp:term":[{"taxonomy":"product_cat","embeddable":true,"href":"https:\/\/baflesoviedo.com\/home\/wp-json\/wp\/v2\/product_cat?post=5203"},{"taxonomy":"product_tag","embeddable":true,"href":"https:\/\/baflesoviedo.com\/home\/wp-json\/wp\/v2\/product_tag?post=5203"}],"curies":[{"name":"wp","href":"https:\/\/api.w.org\/{rel}","templated":true}]}}