{"id":5330,"date":"2025-11-05T06:31:41","date_gmt":"2025-11-05T06:31:41","guid":{"rendered":"https:\/\/baflesoviedo.com\/home\/?post_type=product&#038;p=5330"},"modified":"2025-11-05T06:31:43","modified_gmt":"2025-11-05T06:31:43","slug":"ifi-xdsd-gryphon-dac-amplificador-portatil","status":"publish","type":"product","link":"https:\/\/baflesoviedo.com\/home\/product\/ifi-xdsd-gryphon-dac-amplificador-portatil\/","title":{"rendered":"iFi, xDSD Gryphon, DAC\/Amplificador Port\u00e1til"},"content":{"rendered":"<p class=\"p1\"><b>Especificaciones T\u00e9cnicas:<\/b><\/p>\n<table class=\"t1\" cellspacing=\"0\" cellpadding=\"0\">\n<tbody>\n<tr>\n<td class=\"td1\" valign=\"middle\">\n<p class=\"p3\"><span class=\"s1\"><b>BATTERY<\/b><\/span><\/p>\n<\/td>\n<td class=\"td1\" valign=\"middle\">\n<p class=\"p3\"><span class=\"s1\">USB-C charging. BC1.2 compliant up to 1900mA charging current<\/span><\/p>\n<\/td>\n<\/tr>\n<tr>\n<td class=\"td2\" valign=\"middle\">\n<p class=\"p3\"><span class=\"s1\"><b>DAC<\/b><\/span><\/p>\n<\/td>\n<td class=\"td2\" valign=\"middle\">\n<p class=\"p3\"><span class=\"s1\">Burr-Brown<\/span><\/p>\n<\/td>\n<\/tr>\n<tr>\n<td class=\"td3\" valign=\"middle\">\n<p class=\"p3\"><span class=\"s1\"><b>DIMENSIONS<\/b><\/span><\/p>\n<\/td>\n<td class=\"td3\" valign=\"middle\">\n<p class=\"p4\">123x75x19 mm<span class=\"Apple-converted-space\">\u00a0<\/span><\/p>\n<p class=\"p3\"><span class=\"s1\">4.8&#8243;x3.0&#8243;x0.7&#8243;<\/span><\/p>\n<\/td>\n<\/tr>\n<tr>\n<td class=\"td4\" valign=\"middle\">\n<p class=\"p3\"><span class=\"s1\"><b>FORMATS SUPPORTED<\/b><\/span><\/p>\n<\/td>\n<td class=\"td4\" valign=\"middle\">\n<p class=\"p4\"><b>DSD:<\/b> DSD512\/256\/128\/64, Octa\/Quad\/Double\/Single-Speed<\/p>\n<p class=\"p4\"><b>PCM:<\/b> 768\/705.6\/384\/352.8\/192\/176.4\/ 96\/88.2\/48\/44.1kHz<\/p>\n<p class=\"p4\"><b>DXD:<\/b> 768\/705.6\/384\/352.8kHz, Double\/Single-Speed DXD<\/p>\n<p class=\"p4\"><b>MQA (Decoder):<\/b> 384\/352.8kHz<\/p>\n<p class=\"p3\"><span class=\"s1\"><b>Bluetooth:<\/b> Up to 96kHz<\/span><\/p>\n<\/td>\n<\/tr>\n<tr>\n<td class=\"td5\" valign=\"middle\">\n<p class=\"p3\"><span class=\"s1\"><b>INPUT<\/b><\/span><\/p>\n<\/td>\n<td class=\"td5\" valign=\"middle\">\n<p class=\"p4\"><b>Wireless:<\/b><\/p>\n<p class=\"p4\">Bluetooth 5.1 (aptX, aptX HD, aptX Adaptive, aptX LL, LDAC, HWA, AAC and SBC Codec)<\/p>\n<p class=\"p4\"><b>Wired (Digital):<\/b><\/p>\n<p class=\"p4\">USB-C<span class=\"Apple-converted-space\">\u00a0<\/span><\/p>\n<p class=\"p4\">S\/PDIF co-axial<\/p>\n<p class=\"p4\"><b>Wired (Analogue):<\/b><\/p>\n<p class=\"p4\">Balanced 4.4mm<span class=\"Apple-converted-space\">\u00a0<\/span><\/p>\n<p class=\"p3\"><span class=\"s1\">S\/PDIF co-axial<\/span><\/p>\n<\/td>\n<\/tr>\n<tr>\n<td class=\"td6\" valign=\"middle\">\n<p class=\"p3\"><span class=\"s1\"><b>NET WEIGHT<\/b><\/span><\/p>\n<\/td>\n<td class=\"td6\" valign=\"middle\">\n<p class=\"p4\">215 grams<span class=\"Apple-converted-space\">\u00a0<\/span><\/p>\n<p class=\"p3\"><span class=\"s1\">0.5 Ibs<\/span><\/p>\n<\/td>\n<\/tr>\n<tr>\n<td class=\"td7\" valign=\"middle\">\n<p class=\"p3\"><span class=\"s1\"><b>OUTPUT<\/b><\/span><\/p>\n<\/td>\n<td class=\"td7\" valign=\"middle\">\n<p class=\"p4\"><b>Line Section:<span class=\"Apple-converted-space\">\u00a0<\/span><\/b><\/p>\n<p class=\"p4\"><b>Balanced:<\/b> 6.7V max. (variable)<\/p>\n<p class=\"p4\"><b>S-Bal (SE):<\/b> 3.5V max. (variable)<\/p>\n<p class=\"p4\"><b>Headphone Section:<span class=\"Apple-converted-space\">\u00a0<\/span><\/b><\/p>\n<p class=\"p4\"><b>Balanced:<\/b> 4.4mm Pentaconn<\/p>\n<p class=\"p3\"><span class=\"s1\"><b>S-Bal (SE):<\/b> 3.5mm SE<\/span><\/p>\n<\/td>\n<\/tr>\n<tr>\n<td class=\"td8\" valign=\"middle\">\n<p class=\"p3\"><span class=\"s1\"><b>OUTPUT IMPEDANCE<\/b><\/span><\/p>\n<\/td>\n<td class=\"td8\" valign=\"middle\">\n<p class=\"p4\"><b>Line Section:<span class=\"Apple-converted-space\">\u00a0<\/span><\/b><\/p>\n<p class=\"p4\"><b>Balanced:<\/b> \u2264200\u03a9<\/p>\n<p class=\"p4\"><b>S-Bal (SE):<\/b> \u2264100\u03a9<span class=\"Apple-converted-space\">\u00a0<\/span><\/p>\n<p class=\"p4\"><b>Balanced:<\/b> &lt;110dB(A) @ 0dBFS<\/p>\n<p class=\"p4\"><b>S-Bal (SE):<\/b> &lt;110dB(A) @ 0dBFS<span class=\"Apple-converted-space\">\u00a0<\/span><\/p>\n<p class=\"p4\"><b>Balanced:<\/b> &lt;0.007% @ 0dBFS<\/p>\n<p class=\"p4\"><b>S-Bal (SE):<\/b> &lt;0.015% @ 0dBFS<\/p>\n<p class=\"p4\"><b>Headphone Section:<span class=\"Apple-converted-space\">\u00a0<\/span><\/b><\/p>\n<p class=\"p4\"><b>Balanced:<\/b> &lt;1\u03a9<\/p>\n<p class=\"p3\"><span class=\"s1\"><b>S-Bal (SE):<\/b> &lt;1\u03a9<\/span><\/p>\n<\/td>\n<\/tr>\n<tr>\n<td class=\"td9\" valign=\"middle\">\n<p class=\"p3\"><span class=\"s1\"><b>RMS OUTPUT POWER<\/b><\/span><\/p>\n<\/td>\n<td class=\"td9\" valign=\"middle\">\n<p class=\"p4\"><b>Headphone Section:<span class=\"Apple-converted-space\">\u00a0<\/span><\/b><\/p>\n<p class=\"p4\"><b>Balanced:<\/b><span class=\"Apple-converted-space\">\u00a0<\/span><\/p>\n<p class=\"p4\">&gt;1000mW @ 32\u03a9<span class=\"Apple-converted-space\">\u00a0<\/span><\/p>\n<p class=\"p4\">&gt;74mW @ 600\u03a9<\/p>\n<p class=\"p4\">&gt;6.7V max. @ 600\u03a9<span class=\"Apple-converted-space\">\u00a0<\/span><\/p>\n<p class=\"p4\"><b>S-Bal (SE):<\/b><span class=\"Apple-converted-space\">\u00a0<\/span><\/p>\n<p class=\"p4\">&gt;320mW @ 32\u03a9<\/p>\n<p class=\"p4\">&gt;40mW @ 300\u03a9<\/p>\n<p class=\"p3\"><span class=\"s1\">&gt;3.5V max. @ 600\u03a9<\/span><\/p>\n<\/td>\n<\/tr>\n<tr>\n<td class=\"td10\" valign=\"middle\">\n<p class=\"p3\"><span class=\"s1\"><b>SNR<\/b><\/span><\/p>\n<\/td>\n<td class=\"td10\" valign=\"middle\">\n<p class=\"p4\"><b>Headphone Section:<span class=\"Apple-converted-space\">\u00a0<\/span><\/b><\/p>\n<p class=\"p4\"><b>Balanced:<\/b> &lt;116dB(A) @ 0dBFS<span class=\"Apple-converted-space\">\u00a0<\/span><\/p>\n<p class=\"p3\"><span class=\"s1\"><b>S-Bal (SE):<\/b> &lt;115dB(A) @ 0dBFS<\/span><\/p>\n<\/td>\n<\/tr>\n<tr>\n<td class=\"td3\" valign=\"middle\">\n<p class=\"p3\"><span class=\"s1\"><b>THD+N<\/b><\/span><\/p>\n<\/td>\n<td class=\"td3\" valign=\"middle\">\n<p class=\"p4\"><b>Headphone Section:<span class=\"Apple-converted-space\">\u00a0<\/span><\/b><\/p>\n<p class=\"p3\"><span class=\"s1\">&lt;0.005% (1V @ 16\u03a9)<\/span><\/p>\n<\/td>\n<\/tr>\n<\/tbody>\n<\/table>\n<p><a href=\"https\u2026\" target=\"_blank\" rel=\"noopener noreferrer\"><span style=\"color: #0000ff;\">Click aqu\u00ed para m\u00e1s informaci\u00f3n del producto.<\/span><\/a><\/p>\n","protected":false},"excerpt":{"rendered":"<p class=\"p1\">El <b>xDSD Gryphon<\/b> es una soluci\u00f3n \u201ctodo-en-uno\u201d para audi\u00f3filos: combina la portabilidad con un DAC de alta gama, amplificaci\u00f3n potente, conectividad Bluetooth moderna y funciones anal\u00f3gicas avanzadas. Ideal para quienes desean audio de nivel de estudio en el escritorio, el estudio o en movilidad, sin sacrificar versatilidad.<\/p>\n<ul class=\"ul1\">\n<li class=\"li1\"><b>Amplificaci\u00f3n PureWave balanceada de alto desempe\u00f1o<\/b><br \/>\nGracias a su dise\u00f1o dual-mono y rutas de se\u00f1al cortas, puede entregar hasta <b>1.000 mW en 32 \u03a9<\/b> desde la salida balanceada 4,4 mm, con una tensi\u00f3n m\u00e1xima de <b>6,7 V<\/b> para manejar auriculares exigentes.<span class=\"Apple-converted-space\">\u00a0<\/span><\/li>\n<li class=\"li1\"><b>Compatibilidad total de formatos digitales &amp; Bluetooth de \u00faltima generaci\u00f3n<\/b><br \/>\nAcepta PCM hasta 768 kHz v\u00eda USB, DSD nativo hasta DSD512, DXD hasta 768 kHz y decodificaci\u00f3n completa de MQA.<br \/>\nEn modo inal\u00e1mbrico, cuenta con <b>Bluetooth 5.1<\/b> y soporte para c\u00f3decs como aptX (incluyendo Adaptive, HD, LL), LDAC, LHDC\/HWA, AAC y SBC.<span class=\"Apple-converted-space\">\u00a0<\/span><\/li>\n<li class=\"li1\"><b>Pantalla OLED, control inteligente y usabilidad avanzada<\/b><br \/>\nMuestra formato, volumen, entrada, nivel de bater\u00eda y permite navegar por men\u00fas (filtros digitales, brillantes, etc.). Tiene modo de brillo alto, bajo o apagado para ahorrar energ\u00eda.<br \/>\nIncorpora el sistema <i>CyberSync<\/i>, que sincroniza el volumen de origen y del DAC mediante control anal\u00f3gico preciso.<span class=\"Apple-converted-space\">\u00a0<\/span><\/li>\n<li class=\"li1\"><b>Funciones anal\u00f3gicas adicionales: XBass II y XSpace<\/b><br \/>\nPermiten realzar los graves o expandir el escenario sonoro de forma adaptable. Puedes combinarlas seg\u00fan tu preferencia.<span class=\"Apple-converted-space\">\u00a0<\/span><\/li>\n<li class=\"li1\"><b>iEMatch para uso con IEMs sensibles<\/b><br \/>\nUn interruptor inferior reduce el ruido de fondo al usar auriculares de alta sensibilidad, sin afectar la din\u00e1mica.<span class=\"Apple-converted-space\">\u00a0<\/span><\/li>\n<li class=\"li1\"><b>Entradas \/ salidas vers\u00e1tiles<\/b><br \/>\nIncluye USB-C para datos, USB-C para carga, entrada S\/PDIF (mini TOSLINK \/ coaxial), salidas balanceadas (4,4 mm) y no balanceadas (3,5 mm).<br \/>\nEl modo \u201cLine\u201d permite que las salidas anal\u00f3gicas funcionen como <i>salidas variables<\/i> (pre-alcance), \u00fatil para conectar amplificadores o altavoces activos.<span class=\"Apple-converted-space\">\u00a0<\/span><\/li>\n<li class=\"li1\"><b>Construcci\u00f3n robusta, dise\u00f1o elegante y formato manejable<\/b><br \/>\nCuerpo mecanizado de aluminio con acabado oscuro mate, peso de ~ 215 g y dimensiones de 123 \u00d7 75 \u00d7 19 mm.<br \/>\nSu carcasa integra estr\u00edas y agarres para manejo firme, y evita huellas visibles.<\/li>\n<\/ul>\n","protected":false},"featured_media":5331,"template":"","meta":[],"product_cat":[139,19],"product_tag":[163,203,225,57,40,224],"_links":{"self":[{"href":"https:\/\/baflesoviedo.com\/home\/wp-json\/wp\/v2\/product\/5330"}],"collection":[{"href":"https:\/\/baflesoviedo.com\/home\/wp-json\/wp\/v2\/product"}],"about":[{"href":"https:\/\/baflesoviedo.com\/home\/wp-json\/wp\/v2\/types\/product"}],"wp:featuredmedia":[{"embeddable":true,"href":"https:\/\/baflesoviedo.com\/home\/wp-json\/wp\/v2\/media\/5331"}],"wp:attachment":[{"href":"https:\/\/baflesoviedo.com\/home\/wp-json\/wp\/v2\/media?parent=5330"}],"wp:term":[{"taxonomy":"product_cat","embeddable":true,"href":"https:\/\/baflesoviedo.com\/home\/wp-json\/wp\/v2\/product_cat?post=5330"},{"taxonomy":"product_tag","embeddable":true,"href":"https:\/\/baflesoviedo.com\/home\/wp-json\/wp\/v2\/product_tag?post=5330"}],"curies":[{"name":"wp","href":"https:\/\/api.w.org\/{rel}","templated":true}]}}