{"id":5446,"date":"2025-11-06T19:49:44","date_gmt":"2025-11-06T19:49:44","guid":{"rendered":"https:\/\/baflesoviedo.com\/home\/?post_type=product&#038;p=5446"},"modified":"2025-11-06T19:49:44","modified_gmt":"2025-11-06T19:49:44","slug":"ifi-zen-stream-streamer","status":"publish","type":"product","link":"https:\/\/baflesoviedo.com\/home\/product\/ifi-zen-stream-streamer\/","title":{"rendered":"iFi, ZEN Stream, Streamer"},"content":{"rendered":"<p class=\"p1\"><b>Especificaciones T\u00e9cnicas:<\/b><\/p>\n<table class=\"t1\" cellspacing=\"0\" cellpadding=\"0\">\n<tbody>\n<tr>\n<td class=\"td1\" valign=\"middle\">\n<p class=\"p3\"><span class=\"s1\"><b>DIMENSIONS<\/b><\/span><\/p>\n<\/td>\n<td class=\"td1\" valign=\"middle\">\n<p class=\"p4\">158 x 100 x 35 mm<span class=\"Apple-converted-space\">\u00a0<\/span><\/p>\n<p class=\"p3\"><span class=\"s1\">6.2&#8243; x 3.9&#8243; x 1.4&#8243;<\/span><\/p>\n<\/td>\n<\/tr>\n<tr>\n<td class=\"td2\" valign=\"middle\">\n<p class=\"p3\"><span class=\"s1\"><b>FORMATS SUPPORTED<\/b><\/span><\/p>\n<\/td>\n<td class=\"td2\" valign=\"middle\">\n<p class=\"p4\">PCM384<span class=\"Apple-converted-space\">\u00a0<\/span><\/p>\n<p class=\"p4\">DSD256<span class=\"Apple-converted-space\">\u00a0<\/span><\/p>\n<p class=\"p3\"><span class=\"s1\">(MQA passthrough)<\/span><\/p>\n<\/td>\n<\/tr>\n<tr>\n<td class=\"td3\" valign=\"middle\">\n<p class=\"p3\"><span class=\"s1\"><b>INPUT<\/b><\/span><\/p>\n<\/td>\n<td class=\"td3\" valign=\"middle\">\n<p class=\"p4\">Wi-Fi \/ Ethernet \/ USB HDD<span class=\"Apple-converted-space\">\u00a0<\/span><\/p>\n<p class=\"p3\"><span class=\"s1\">(Firmware updates via OTA and USB-C at rear)<\/span><\/p>\n<\/td>\n<\/tr>\n<tr>\n<td class=\"td4\" valign=\"middle\">\n<p class=\"p3\"><span class=\"s1\"><b>INPUT VOLTAGE<\/b><\/span><\/p>\n<\/td>\n<td class=\"td4\" valign=\"middle\">\n<p class=\"p4\">DC 9V\/1.8A-15V\/0.8A<span class=\"Apple-converted-space\">\u00a0<\/span><\/p>\n<p class=\"p3\"><span class=\"s1\">AC 100 -240V, 50\/60Hz<\/span><\/p>\n<\/td>\n<\/tr>\n<tr>\n<td class=\"td5\" valign=\"middle\">\n<p class=\"p3\"><span class=\"s1\"><b>NET WEIGHT<\/b><\/span><\/p>\n<\/td>\n<td class=\"td5\" valign=\"middle\">\n<p class=\"p3\"><span class=\"s1\">578g (1.14 lbs)<\/span><\/p>\n<\/td>\n<\/tr>\n<tr>\n<td class=\"td4\" valign=\"middle\">\n<p class=\"p3\"><span class=\"s1\"><b>OUTPUT<\/b><\/span><\/p>\n<\/td>\n<td class=\"td4\" valign=\"middle\">\n<p class=\"p4\">USB3.0 (Type-A Socket) x2<span class=\"Apple-converted-space\">\u00a0<\/span><\/p>\n<p class=\"p3\"><span class=\"s1\">SPDIF (Coaxial)<\/span><\/p>\n<\/td>\n<\/tr>\n<tr>\n<td class=\"td1\" valign=\"middle\">\n<p class=\"p3\"><span class=\"s1\"><b>POWER CONSUMPTION<\/b><\/span><\/p>\n<\/td>\n<td class=\"td1\" valign=\"middle\">\n<p class=\"p4\">No Signal ~6W<span class=\"Apple-converted-space\">\u00a0<\/span><\/p>\n<p class=\"p3\"><span class=\"s1\">Max Signal ~10W<\/span><\/p>\n<\/td>\n<\/tr>\n<\/tbody>\n<\/table>\n<p><a href=\"https:\/\/ifi-audio.com\/products\/zen-stream\" target=\"_blank\" rel=\"noopener noreferrer\"><span style=\"color: #0000ff;\">Click aqu\u00ed para m\u00e1s informaci\u00f3n del producto.<\/span><\/a><\/p>\n","protected":false},"excerpt":{"rendered":"<p class=\"p1\">El <b>ZEN Stream<\/b> es un dispositivo de transporte digital (streamer \/ network bridge) que se dedica exclusivamente a recibir m\u00fasica en red (Wi-Fi, Ethernet) y entregarla a tu DAC \u2014 sin tener DAC interno propio. Su misi\u00f3n: trasladar la se\u00f1al con la m\u00e1xima fidelidad, m\u00ednima latencia y el menor ruido posible, actuando como el \u201ccoraz\u00f3n digital\u201d de un sistema hi-fi moderno.<\/p>\n<ul class=\"ul1\">\n<li class=\"li1\"><b>Transporte digital sin procesamiento propio<\/b><br \/>\nNo incluye conversi\u00f3n a anal\u00f3gico: en su lugar, ofrece salidas USB y coaxial S\/PDIF para que lleves la se\u00f1al a tu DAC preferido.<span class=\"Apple-converted-space\">\u00a0<\/span><\/li>\n<li class=\"li1\"><b>Alta resoluci\u00f3n y compatibilidad MQA<\/b><br \/>\nSoporta PCM hasta 32-bit \/ 384 kHz, DSD hasta DSD256, y es totalmente compatible con MQA como transporte (passthrough)<span class=\"Apple-converted-space\">\u00a0<\/span><\/li>\n<li class=\"li1\"><b>Conectividad de red moderna y completa<\/b><br \/>\nIntegra Wi-Fi dual banda (2,4 \/ 5 GHz) y Ethernet por cable.<br \/>\nTambi\u00e9n soporta servicios modernos como Spotify Connect, Tidal Connect, AirPlay, Chromecast (v\u00eda firmware), DLNA, Roon, NAA, etc.<span class=\"Apple-converted-space\">\u00a0<\/span><\/li>\n<li class=\"li1\"><b>Procesamiento interno robusto &amp; reducci\u00f3n de jitter \/ ruido<\/b><br \/>\nUsa procesador ARM Cortex de 64 bits \/ 4 n\u00facleos, reloj GMT para minimizar jitter, circuito de alimentaci\u00f3n con alta PSRR, y tecnolog\u00edas iPurifier \/ Active Noise Cancellation para salidas digitales.<span class=\"Apple-converted-space\">\u00a0<\/span><\/li>\n<li class=\"li1\"><b>Modos \u201cExclusive Modes\u201d para optimizar rendimiento<\/b><br \/>\nPermite seleccionar modos dedicados (All-In-One, DLNA, Roon Bridge, Tidal, NAA) para alinear funciones activas del sistema con tu uso, reduciendo interferencias de software.<span class=\"Apple-converted-space\">\u00a0<\/span><\/li>\n<li class=\"li1\"><b>Flujo de salida digital dual<\/b><br \/>\nEl ZEN Stream dispone de dos salidas USB 3.0 tipo A y una salida coaxial S\/PDIF, ofreciendo versatilidad para conectar diferentes DACs o sistemas.<span class=\"Apple-converted-space\">\u00a0<\/span><\/li>\n<li class=\"li1\"><b>Actualizaci\u00f3n por aire y v\u00eda USB-C<\/b><br \/>\nEl firmware se puede actualizar OTA (over-the-air) o mediante puerto USB-C trasero, asegurando mejoras y compatibilidad futura.<span class=\"Apple-converted-space\">\u00a0<\/span><\/li>\n<li class=\"li1\"><b>Compacto y f\u00e1cil de ubicar<\/b><br \/>\nDimensiones contenidas (158 \u00d7 100 \u00d7 35 mm) para integrarse sin dificultad en cualquier mueble hi-fi.<span class=\"Apple-converted-space\">\u00a0<\/span><\/li>\n<\/ul>\n","protected":false},"featured_media":5447,"template":"","meta":[],"product_cat":[19,22],"product_tag":[226,40,224,219,67],"_links":{"self":[{"href":"https:\/\/baflesoviedo.com\/home\/wp-json\/wp\/v2\/product\/5446"}],"collection":[{"href":"https:\/\/baflesoviedo.com\/home\/wp-json\/wp\/v2\/product"}],"about":[{"href":"https:\/\/baflesoviedo.com\/home\/wp-json\/wp\/v2\/types\/product"}],"wp:featuredmedia":[{"embeddable":true,"href":"https:\/\/baflesoviedo.com\/home\/wp-json\/wp\/v2\/media\/5447"}],"wp:attachment":[{"href":"https:\/\/baflesoviedo.com\/home\/wp-json\/wp\/v2\/media?parent=5446"}],"wp:term":[{"taxonomy":"product_cat","embeddable":true,"href":"https:\/\/baflesoviedo.com\/home\/wp-json\/wp\/v2\/product_cat?post=5446"},{"taxonomy":"product_tag","embeddable":true,"href":"https:\/\/baflesoviedo.com\/home\/wp-json\/wp\/v2\/product_tag?post=5446"}],"curies":[{"name":"wp","href":"https:\/\/api.w.org\/{rel}","templated":true}]}}