{"id":5470,"date":"2025-11-10T23:48:00","date_gmt":"2025-11-10T23:48:00","guid":{"rendered":"https:\/\/baflesoviedo.com\/home\/?post_type=product&#038;p=5470"},"modified":"2025-11-10T23:48:01","modified_gmt":"2025-11-10T23:48:01","slug":"ifi-90-degree-type-c-otg-cable","status":"publish","type":"product","link":"https:\/\/baflesoviedo.com\/home\/product\/ifi-90-degree-type-c-otg-cable\/","title":{"rendered":"iFi, 90 degree Type-C OTG Cable"},"content":{"rendered":"<p class=\"p1\"><b>Especificaciones T\u00e9cnicas:<\/b><\/p>\n<p><a href=\"https:\/\/ifi-audio.com\/products\/90-degree-type-c-otg-cable\" target=\"_blank\" rel=\"noopener noreferrer\"><span style=\"color: #0000ff;\">Click aqu\u00ed para m\u00e1s informaci\u00f3n del producto.<\/span><\/a><\/p>\n","protected":false},"excerpt":{"rendered":"<p class=\"p1\">Este cable OTG est\u00e1 dise\u00f1ado para conectar dispositivos con puerto USB-C (como smartphones, tablets, port\u00e1tiles) en modo host hacia un DAC u otro equipo de audio digital. El conector en \u00e1ngulo de 90\u00b0 facilita la conexi\u00f3n en espacios reducidos o detr\u00e1s de equipos sin que el cable sobresalga demasiado.<span class=\"Apple-converted-space\">\u00a0<\/span><\/p>\n<ul class=\"ul1\">\n<li class=\"li1\"><b>Dise\u00f1o en \u00e1ngulo de 90\u00b0<\/b><br \/>\nIdeal para conexiones en entornos donde un cable recto resulta inc\u00f3modo o genera tensi\u00f3n, por ejemplo detr\u00e1s de un DAC, equipo port\u00e1til o en un soporte reducido.<span class=\"Apple-converted-space\">\u00a0<\/span><\/li>\n<li class=\"li1\"><b>Uso expl\u00edcitamente para se\u00f1al digital OTG<\/b><br \/>\nPermite que tu dispositivo USB-C act\u00fae como \u201chost\u201d y env\u00ede la se\u00f1al digital al DAC compatible. Compatible con equipos Android (si soportan modo host\/OTG) y tambi\u00e9n con dispositivos Apple que cuentan con USB-C.<span class=\"Apple-converted-space\">\u00a0<\/span><\/li>\n<li class=\"li1\"><b>Conductores de alta calidad<\/b><br \/>\nFabricado con cobre OFHC \u201ccontinuous cast\u201d de alto calibre, lo que ayuda a mantener la se\u00f1al digital limpia y con m\u00ednima degradaci\u00f3n.<span class=\"Apple-converted-space\">\u00a0<\/span><\/li>\n<li class=\"li1\"><b>Blindaje y aislamiento optimizados<\/b><br \/>\nCuenta con aislamiento PPS (soft PPS yarn knitting) y resistencia de aislamiento de 100 M\u03a9, lo que favorece la estabilidad y reduce interferencias el\u00e9ctricas o radiofrecuencia.<span class=\"Apple-converted-space\">\u00a0<\/span><\/li>\n<li class=\"li1\"><b>Compacto y ligero, f\u00e1cil de transportar<\/b><br \/>\nLongitud aproximada de 75 mm (\u2248 3<span class=\"s1\">\u2033<\/span>) y un peso muy reducido (~ 5 g) para facilitar su uso con dispositivos m\u00f3viles o en setups m\u00ednimos.<span class=\"Apple-converted-space\">\u00a0<\/span><\/li>\n<li class=\"li1\"><b>Calidad \u201caudi\u00f3fila\u201d tambi\u00e9n para la conectividad digital<\/b><br \/>\niFi lo promociona como un cable pensado para usuarios exigentes que quieren que todo el trayecto digital desde el m\u00f3vil al DAC mantenga un standard alto.<\/li>\n<\/ul>\n","protected":false},"featured_media":5471,"template":"","meta":[],"product_cat":[26],"product_tag":[201,40,224],"_links":{"self":[{"href":"https:\/\/baflesoviedo.com\/home\/wp-json\/wp\/v2\/product\/5470"}],"collection":[{"href":"https:\/\/baflesoviedo.com\/home\/wp-json\/wp\/v2\/product"}],"about":[{"href":"https:\/\/baflesoviedo.com\/home\/wp-json\/wp\/v2\/types\/product"}],"wp:featuredmedia":[{"embeddable":true,"href":"https:\/\/baflesoviedo.com\/home\/wp-json\/wp\/v2\/media\/5471"}],"wp:attachment":[{"href":"https:\/\/baflesoviedo.com\/home\/wp-json\/wp\/v2\/media?parent=5470"}],"wp:term":[{"taxonomy":"product_cat","embeddable":true,"href":"https:\/\/baflesoviedo.com\/home\/wp-json\/wp\/v2\/product_cat?post=5470"},{"taxonomy":"product_tag","embeddable":true,"href":"https:\/\/baflesoviedo.com\/home\/wp-json\/wp\/v2\/product_tag?post=5470"}],"curies":[{"name":"wp","href":"https:\/\/api.w.org\/{rel}","templated":true}]}}