{"id":5495,"date":"2025-11-11T20:06:46","date_gmt":"2025-11-11T20:06:46","guid":{"rendered":"https:\/\/baflesoviedo.com\/home\/?post_type=product&#038;p=5495"},"modified":"2025-11-11T20:06:46","modified_gmt":"2025-11-11T20:06:46","slug":"ifi-iematch-adaptador-atenuador","status":"publish","type":"product","link":"https:\/\/baflesoviedo.com\/home\/product\/ifi-iematch-adaptador-atenuador\/","title":{"rendered":"iFi, iEMatch+, Adaptador Atenuador"},"content":{"rendered":"<p class=\"p1\"><b>Especificaciones T\u00e9cnicas:<\/b><\/p>\n<table class=\"t1\" cellspacing=\"0\" cellpadding=\"0\">\n<tbody>\n<tr>\n<td class=\"td1\" valign=\"middle\">\n<p class=\"p3\"><span class=\"s1\"><b>INPUT IMPEDANCE<\/b><\/span><\/p>\n<\/td>\n<td class=\"td1\" valign=\"middle\">\n<p class=\"p3\"><span class=\"s1\">&gt; 16 Ohm<\/span><\/p>\n<\/td>\n<\/tr>\n<tr>\n<td class=\"td2\" valign=\"middle\">\n<p class=\"p3\"><span class=\"s1\"><b>OUTPUT IMPEDANCE<\/b><\/span><\/p>\n<\/td>\n<td class=\"td2\" valign=\"middle\">\n<p class=\"p4\">&lt; 2.5 Ohms (High-Sensitivity)<span class=\"Apple-converted-space\">\u00a0<\/span><\/p>\n<p class=\"p3\"><span class=\"s1\">&lt; 1 Ohms (Ultra-Sensitivity)<\/span><\/p>\n<\/td>\n<\/tr>\n<tr>\n<td class=\"td1\" valign=\"middle\">\n<p class=\"p3\"><span class=\"s1\"><b>LENGTHS<\/b><\/span><\/p>\n<\/td>\n<td class=\"td1\" valign=\"middle\">\n<p class=\"p3\"><span class=\"s1\">116 mm (4.6&#8243;)<\/span><\/p>\n<\/td>\n<\/tr>\n<tr>\n<td class=\"td3\" valign=\"middle\">\n<p class=\"p3\"><span class=\"s1\"><b>WEIGHT<\/b><\/span><\/p>\n<\/td>\n<td class=\"td3\" valign=\"middle\">\n<p class=\"p3\"><span class=\"s1\">12.8 g (0.45 oz)<\/span><\/p>\n<\/td>\n<\/tr>\n<tr>\n<td class=\"td4\" valign=\"middle\">\n<p class=\"p3\"><span class=\"s1\"><b>WARRANTY PERIOD<\/b><\/span><\/p>\n<\/td>\n<td class=\"td4\" valign=\"middle\">\n<p class=\"p3\"><span class=\"s1\">12 months<\/span><\/p>\n<\/td>\n<\/tr>\n<\/tbody>\n<\/table>\n<p><a href=\"https:\/\/ifi-audio.com\/products\/iematch\" target=\"_blank\" rel=\"noopener noreferrer\"><span style=\"color: #0000ff;\">Click aqu\u00ed para m\u00e1s informaci\u00f3n del producto.<\/span><\/a><\/p>\n","protected":false},"excerpt":{"rendered":"<p class=\"p1\">El iEMatch es un adaptador\/pass-thru compacto dise\u00f1ado para conectar en l\u00ednea con tus aud\u00edfonos o IEMs cuando us\u00e1s una fuente con salida potente o de bajo ruido. Su funci\u00f3n principal es <b>reducir la ganancia efectiva<\/b> y <b>mejorar la relaci\u00f3n se\u00f1al\/ruido<\/b>, especialmente en auriculares de muy alta sensibilidad que pueden presentar siseo (hiss) o un control de volumen demasiado abrupto.<span class=\"Apple-converted-space\">\u00a0<\/span><\/p>\n<ul class=\"ul1\">\n<li class=\"li1\"><b>Control de ganancia ajustable<\/b>: dispone de dos modos de atenuaci\u00f3n \u2014 <i>High<\/i> (-12 dB) y <i>Ultra<\/i> (-24 dB) \u2014 para adaptar la salida al nivel de sensibilidad del auricular.<span class=\"Apple-converted-space\">\u00a0<\/span><\/li>\n<li class=\"li1\"><b>Salida m\u00e1s silenciosa<\/b>: al reducir la ganancia, se aten\u00faa el ruido de fondo y se permite usar el control de volumen en una zona m\u00e1s c\u00f3moda y manejable.<span class=\"Apple-converted-space\">\u00a0<\/span><\/li>\n<li class=\"li1\"><b>Mejor compatibilidad con auriculares de baja impedancia o alta sensibilidad<\/b>: ayuda a que fuentes con salida muy potente \u201cno saturen\u201d al auricular, y evita que el volumen m\u00ednimo ya sea demasiado alto.<span class=\"Apple-converted-space\">\u00a0<\/span><\/li>\n<li class=\"li1\"><b>Construcci\u00f3n de calidad audi\u00f3fila<\/b>: cuerpo de aleaci\u00f3n de aluminio-magnesio (6063-T5), cable \u201cminZ\u2122\u201d de baja inductancia\/capacitancia, conectores chapados en oro.<span class=\"Apple-converted-space\">\u00a0<\/span><\/li>\n<li class=\"li1\"><b>F\u00e1cil de usar<\/b>: simplemente se coloca entre la fuente y el auricular; no requiere alimentaci\u00f3n externa ni ajustes complejos.<\/li>\n<\/ul>\n","protected":false},"featured_media":5496,"template":"","meta":[],"product_cat":[139,26],"product_tag":[203,201,40,224],"_links":{"self":[{"href":"https:\/\/baflesoviedo.com\/home\/wp-json\/wp\/v2\/product\/5495"}],"collection":[{"href":"https:\/\/baflesoviedo.com\/home\/wp-json\/wp\/v2\/product"}],"about":[{"href":"https:\/\/baflesoviedo.com\/home\/wp-json\/wp\/v2\/types\/product"}],"wp:featuredmedia":[{"embeddable":true,"href":"https:\/\/baflesoviedo.com\/home\/wp-json\/wp\/v2\/media\/5496"}],"wp:attachment":[{"href":"https:\/\/baflesoviedo.com\/home\/wp-json\/wp\/v2\/media?parent=5495"}],"wp:term":[{"taxonomy":"product_cat","embeddable":true,"href":"https:\/\/baflesoviedo.com\/home\/wp-json\/wp\/v2\/product_cat?post=5495"},{"taxonomy":"product_tag","embeddable":true,"href":"https:\/\/baflesoviedo.com\/home\/wp-json\/wp\/v2\/product_tag?post=5495"}],"curies":[{"name":"wp","href":"https:\/\/api.w.org\/{rel}","templated":true}]}}