{"id":5505,"date":"2025-11-11T20:17:37","date_gmt":"2025-11-11T20:17:37","guid":{"rendered":"https:\/\/baflesoviedo.com\/home\/?post_type=product&#038;p=5505"},"modified":"2025-11-11T20:17:38","modified_gmt":"2025-11-11T20:17:38","slug":"ifi-ipower2-fuente-alimentacion-ac-dc","status":"publish","type":"product","link":"https:\/\/baflesoviedo.com\/home\/product\/ifi-ipower2-fuente-alimentacion-ac-dc\/","title":{"rendered":"iFi, iPower2, Fuente Alimentaci\u00f3n AC\/DC"},"content":{"rendered":"<p class=\"p1\"><b>Especificaciones T\u00e9cnicas:<\/b><\/p>\n<p class=\"p1\"><b>INPUT<\/b><br \/>\nAC 100 -240VAC<\/p>\n<p class=\"p1\"><b>OUTPUT<\/b><\/p>\n<p class=\"p3\">5V\/2.5A<span class=\"s1\"><br \/>\n<\/span>9V\/2.0A<span class=\"s1\"><br \/>\n<\/span>12V\/1.8A<span class=\"s1\"><br \/>\n<\/span>15V\/1.2A<\/p>\n<p class=\"p5\"><b>OUTPUT PLUG<\/b><\/p>\n<p class=\"p3\">3.5&#215;1.35mm<span class=\"s1\"><br \/>\n<\/span>4.0&#215;1.7mm<span class=\"s1\"><br \/>\n<\/span>4.8&#215;1.7mm<span class=\"s1\"><br \/>\n<\/span>5.5&#215;2.1mm<span class=\"s1\"><br \/>\n<\/span>5.5&#215;2.5mm \u2014 Reverse Polarity Plug (White)<\/p>\n<p>For 5v iPOWER2 ONLY:<span class=\"s1\"><br \/>\n<\/span>USB-C &gt; DC pigtail<span class=\"s1\"><br \/>\n<\/span>USB-micro &gt; DC pigtail<\/p>\n<p class=\"p5\"><b>NOISE FLOOR<\/b><\/p>\n<p class=\"p3\">~1uV<\/p>\n<p class=\"p5\"><b>DIMENSIONS<\/b><\/p>\n<p class=\"p3\">82 x 43 x 43mm<span class=\"s1\"><br \/>\n<\/span>3.2\u2033 x 1.7\u201d x 1.7\u201d<\/p>\n<p class=\"p5\"><b>WEIGHT<\/b><\/p>\n<p class=\"p3\">165g | 1.2lbs (with cable)<\/p>\n<p><a href=\"https:\/\/www.silentpower.tech\/collections\/power\/products\/ipower2\" target=\"_blank\" rel=\"noopener noreferrer\"><span style=\"color: #0000ff;\">Click aqu\u00ed para m\u00e1s informaci\u00f3n del producto.<\/span><\/a><\/p>\n","protected":false},"excerpt":{"rendered":"<p class=\"p1\">El iPower2 es una fuente de alimentaci\u00f3n AC <span class=\"s1\">\u2192<\/span> DC dise\u00f1ada para usuarios de audio y v\u00eddeo exigentes que desean sustituir las fuentes est\u00e1ndar por una soluci\u00f3n de mucho menor ruido. Su misi\u00f3n es entregar corriente limpia, estable y con un piso de ruido extremadamente bajo (~1 \u00b5V), lo que permite que tu equipo revele m\u00e1s detalle, mayor din\u00e1mica y menos ruido de fondo.<span class=\"Apple-converted-space\">\u00a0<\/span><\/p>\n<ul class=\"ul1\">\n<li class=\"li1\"><b>Versiones de voltaje variadas para adaptarse a diferentes equipos<\/b><br \/>\nDisponible en m\u00faltiples variantes: 5 V\/2,5 A, 9 V\/2,0 A, 12 V\/1,8 A y 15 V\/1,2 A. As\u00ed puedes escoger la que mejor se adapte a tu DAC, preamplificador, streamer o componente que requiera alimentaci\u00f3n DC.<\/li>\n<li class=\"li1\"><b>Tecnolog\u00eda de cancelaci\u00f3n activa de ruido \u201cActive Noise Cancellation II\u201d<\/b><br \/>\nEsta tecnolog\u00eda analiza el ruido entrante del suministro el\u00e9ctrico y genera una se\u00f1al opuesta para neutralizarlo, tal como lo hacen los auriculares de cancelaci\u00f3n activa. El resultado: nivel de ruido (ruido residual) ultra bajo.<span class=\"Apple-converted-space\">\u00a0<\/span><\/li>\n<li class=\"li1\"><b>Nivel de ruido extremadamente bajo (~1 \u00b5V)<\/b><br \/>\nEl piso de ruido declarado ronda los ~1 \u00b5V, lo que representa m\u00e1s de 10 veces menos ruido que muchas fuentes de alimentaci\u00f3n audi\u00f3filas convencionales.<span class=\"Apple-converted-space\">\u00a0<\/span><\/li>\n<li class=\"li1\"><b>Compatibilidad amplia de conectores incluidos<\/b><br \/>\nIncluye varios adaptadores de salidas (3.5\u00d71.35 mm, 4.0\u00d71.7 mm, 4.8\u00d71.7 mm, 5.5\u00d72.1 mm, 5.5\u00d72.5 mm y adaptador de polaridad invertida) para cubrir una gran parte de dispositivos DC.<span class=\"Apple-converted-space\">\u00a0<\/span><\/li>\n<li class=\"li1\"><b>Instalaci\u00f3n sencilla, mejora inmediata<\/b><br \/>\nNo se trata de un cambio de se\u00f1al o procesamiento, sino de alimentaci\u00f3n: simplemente se conecta el iPower2 en lugar de la fuente original para obtener mejoras audibles en silencio de fondo, detalle y din\u00e1mica.<\/li>\n<\/ul>\n","protected":false},"featured_media":5506,"template":"","meta":[],"product_cat":[26],"product_tag":[201,40,224],"_links":{"self":[{"href":"https:\/\/baflesoviedo.com\/home\/wp-json\/wp\/v2\/product\/5505"}],"collection":[{"href":"https:\/\/baflesoviedo.com\/home\/wp-json\/wp\/v2\/product"}],"about":[{"href":"https:\/\/baflesoviedo.com\/home\/wp-json\/wp\/v2\/types\/product"}],"wp:featuredmedia":[{"embeddable":true,"href":"https:\/\/baflesoviedo.com\/home\/wp-json\/wp\/v2\/media\/5506"}],"wp:attachment":[{"href":"https:\/\/baflesoviedo.com\/home\/wp-json\/wp\/v2\/media?parent=5505"}],"wp:term":[{"taxonomy":"product_cat","embeddable":true,"href":"https:\/\/baflesoviedo.com\/home\/wp-json\/wp\/v2\/product_cat?post=5505"},{"taxonomy":"product_tag","embeddable":true,"href":"https:\/\/baflesoviedo.com\/home\/wp-json\/wp\/v2\/product_tag?post=5505"}],"curies":[{"name":"wp","href":"https:\/\/api.w.org\/{rel}","templated":true}]}}