{"id":5626,"date":"2025-12-03T01:00:06","date_gmt":"2025-12-03T01:00:06","guid":{"rendered":"https:\/\/baflesoviedo.com\/home\/?post_type=product&#038;p=5626"},"modified":"2025-12-03T01:00:07","modified_gmt":"2025-12-03T01:00:07","slug":"pro-ject-record-puck-classic-prensa-tocadiscos","status":"publish","type":"product","link":"https:\/\/baflesoviedo.com\/home\/product\/pro-ject-record-puck-classic-prensa-tocadiscos\/","title":{"rendered":"Pro-Ject, Record Puck Classic, Prensa Tocadiscos"},"content":{"rendered":"<p class=\"p1\"><b>Especificaciones T\u00e9cnicas:<\/b><\/p>\n<table class=\"t1\" cellspacing=\"0\" cellpadding=\"0\">\n<tbody>\n<tr>\n<td class=\"td1\" valign=\"middle\">\n<p class=\"p3\"><span class=\"s1\"><b>Material<\/b><\/span><\/p>\n<\/td>\n<td class=\"td2\" valign=\"middle\">\n<p class=\"p3\"><span class=\"s1\">Brass<\/span><\/p>\n<\/td>\n<\/tr>\n<tr>\n<td class=\"td3\" valign=\"middle\">\n<p class=\"p3\"><span class=\"s1\"><b>Weight<\/b><\/span><\/p>\n<\/td>\n<td class=\"td4\" valign=\"middle\">\n<p class=\"p3\"><span class=\"s1\">800g<\/span><\/p>\n<\/td>\n<\/tr>\n<tr>\n<td class=\"td1\" valign=\"middle\">\n<p class=\"p3\"><span class=\"s1\"><b>Diameter<\/b><\/span><\/p>\n<\/td>\n<td class=\"td2\" valign=\"middle\">\n<p class=\"p3\"><span class=\"s1\">78mm<\/span><\/p>\n<\/td>\n<\/tr>\n<tr>\n<td class=\"td5\" valign=\"middle\">\n<p class=\"p3\"><span class=\"s1\"><b>Height<\/b><\/span><\/p>\n<\/td>\n<td class=\"td6\" valign=\"middle\">\n<p class=\"p4\">26mm<\/p>\n<\/td>\n<\/tr>\n<\/tbody>\n<\/table>\n<p><a href=\"https:\/\/www.project-audio.com\/en\/product\/record-puck-classic\/\" target=\"_blank\" rel=\"noopener noreferrer\"><span style=\"color: #0000ff;\">Click aqu\u00ed para m\u00e1s informaci\u00f3n del producto.<\/span><\/a><\/p>\n","protected":false},"excerpt":{"rendered":"<p class=\"p1\"><span class=\"s1\"><b>Acabados disponibles:<br \/>\n<\/b><\/span>\u2014<i>Brass Black:<\/i> $109 ($123.17 con IVA)<br \/>\n\u2014<i>Brass Transparent:<\/i> $119 ($134.47 con IVA)<\/p>\n<p class=\"p3\">El <b>Record Puck Classic<\/b> es una prensa dise\u00f1ada para asegurar una conexi\u00f3n firme entre el disco y el plato, lo que ayuda a mejorar la estabilidad de reproducci\u00f3n, reducir resonancias y optimizar el sonido, especialmente en vinilos deformados o con irregularidades.<\/p>\n<ul class=\"ul1\">\n<li class=\"li3\"><b>Mayor estabilidad del vinilo<\/b><br \/>\nGracias a su peso considerable, asegura que el vinilo est\u00e9 bien asentado sobre el plato, reduciendo deslizamientos o micro-movimientos durante la reproducci\u00f3n.<span class=\"Apple-converted-space\">\u00a0<\/span><\/li>\n<li class=\"li3\"><b>Reducci\u00f3n de vibraciones indeseadas<\/b><br \/>\nSu masa ayuda a amortiguar resonancias que pueden afectar la claridad y la profundidad del sonido.<span class=\"Apple-converted-space\">\u00a0<\/span><\/li>\n<li class=\"li3\"><b>Mejora la reproducci\u00f3n de discos pandeados<\/b><br \/>\nAyuda a que los vinilos torcidos (warp) mantengan un mejor contacto con el plato, reduciendo distorsiones o p\u00e9rdidas de tracking.<span class=\"Apple-converted-space\">\u00a0<\/span><\/li>\n<li class=\"li3\"><b>Protecci\u00f3n para la etiqueta<\/b><br \/>\nLleva una base de fieltro en la parte inferior para evitar da\u00f1ar la etiqueta central del disco.<span class=\"Apple-converted-space\">\u00a0<\/span><\/li>\n<li class=\"li3\"><b>Dise\u00f1o duradero y de peso audi\u00f3filo<\/b><br \/>\nFabricado en <b>lat\u00f3n<\/b>, lo que proporciona una masa consistente y robustez para usos prolongados.<span class=\"Apple-converted-space\">\u00a0<\/span><\/li>\n<li class=\"li3\"><b>Recomendado para giradiscos grandes<\/b><br \/>\nPro-Ject sugiere su uso especialmente en modelos de alta masa como las series <b>RPM<\/b>, <b>Signature<\/b> y <b>Xtension<\/b>, donde su peso puede aportar m\u00e1s beneficios de estabilizaci\u00f3n.<\/li>\n<\/ul>\n","protected":false},"featured_media":5629,"template":"","meta":[],"product_cat":[37],"product_tag":[207,56,62],"_links":{"self":[{"href":"https:\/\/baflesoviedo.com\/home\/wp-json\/wp\/v2\/product\/5626"}],"collection":[{"href":"https:\/\/baflesoviedo.com\/home\/wp-json\/wp\/v2\/product"}],"about":[{"href":"https:\/\/baflesoviedo.com\/home\/wp-json\/wp\/v2\/types\/product"}],"wp:featuredmedia":[{"embeddable":true,"href":"https:\/\/baflesoviedo.com\/home\/wp-json\/wp\/v2\/media\/5629"}],"wp:attachment":[{"href":"https:\/\/baflesoviedo.com\/home\/wp-json\/wp\/v2\/media?parent=5626"}],"wp:term":[{"taxonomy":"product_cat","embeddable":true,"href":"https:\/\/baflesoviedo.com\/home\/wp-json\/wp\/v2\/product_cat?post=5626"},{"taxonomy":"product_tag","embeddable":true,"href":"https:\/\/baflesoviedo.com\/home\/wp-json\/wp\/v2\/product_tag?post=5626"}],"curies":[{"name":"wp","href":"https:\/\/api.w.org\/{rel}","templated":true}]}}