{"id":5633,"date":"2025-12-03T01:08:08","date_gmt":"2025-12-03T01:08:08","guid":{"rendered":"https:\/\/baflesoviedo.com\/home\/?post_type=product&#038;p=5633"},"modified":"2025-12-03T01:08:09","modified_gmt":"2025-12-03T01:08:09","slug":"pro-ject-record-puck-ds-prensa-tocadiscos","status":"publish","type":"product","link":"https:\/\/baflesoviedo.com\/home\/product\/pro-ject-record-puck-ds-prensa-tocadiscos\/","title":{"rendered":"Pro-Ject, Record Puck DS, Prensa Tocadiscos"},"content":{"rendered":"<p class=\"p1\"><b>Especificaciones T\u00e9cnicas:<\/b><\/p>\n<table class=\"t1\" cellspacing=\"0\" cellpadding=\"0\">\n<tbody>\n<tr>\n<td class=\"td1\" valign=\"middle\">\n<p class=\"p3\"><span class=\"s1\"><b>Material:<\/b><\/span><\/p>\n<\/td>\n<td class=\"td2\" valign=\"middle\">\n<p class=\"p3\"><span class=\"s1\">Stainless Steel (black painted or polished)<\/span><\/p>\n<\/td>\n<\/tr>\n<tr>\n<td class=\"td3\" valign=\"middle\">\n<p class=\"p3\"><span class=\"s1\"><b>Weight:<\/b><\/span><\/p>\n<\/td>\n<td class=\"td4\" valign=\"middle\">\n<p class=\"p3\"><span class=\"s1\">915g<\/span><\/p>\n<\/td>\n<\/tr>\n<tr>\n<td class=\"td1\" valign=\"middle\">\n<p class=\"p3\"><span class=\"s1\"><b>Diameter:<\/b><\/span><\/p>\n<\/td>\n<td class=\"td2\" valign=\"middle\">\n<p class=\"p3\"><span class=\"s1\">78mm<\/span><\/p>\n<\/td>\n<\/tr>\n<tr>\n<td class=\"td5\" valign=\"middle\">\n<p class=\"p3\"><span class=\"s1\"><b>Height:<\/b><\/span><\/p>\n<\/td>\n<td class=\"td6\" valign=\"middle\">\n<p class=\"p4\">27mm<\/p>\n<\/td>\n<\/tr>\n<\/tbody>\n<\/table>\n<p><a href=\"https:\/\/www.project-audio.com\/en\/product\/record-puck-ds\/#specs\" target=\"_blank\" rel=\"noopener noreferrer\"><span style=\"color: #0000ff;\">Click aqu\u00ed para m\u00e1s informaci\u00f3n del producto.<\/span><\/a><\/p>\n","protected":false},"excerpt":{"rendered":"<p class=\"p1\"><span class=\"s1\"><b>Acabados disponibles:<br \/>\n<\/b><\/span>\u2014<i>Steel Black:<\/i> $124 ($140.12 con IVA)<br \/>\n\u2014<i>Steel Polished:<\/i> $134 ($151.42 con IVA)<\/p>\n<p class=\"p3\">El Record Puck DS es un estabilizador \/ prensa dise\u00f1ada para asegurar tus discos de vinilo firmemente contra el plato de la tornamesa. Gracias a su considerable masa, ayuda a reducir vibraciones, mejorar el contacto del disco con el plato, corregir leve deformaci\u00f3n del vinilo y, en general, optimizar la reproducci\u00f3n \u2014 especialmente en sistemas de gama media o alta que requieren estabilidad.<span class=\"Apple-converted-space\">\u00a0<\/span><\/p>\n<ul class=\"ul1\">\n<li class=\"li3\"><b>Fijaci\u00f3n firme del disco al plato<\/b> \u2014 con su peso, asegura que el vinilo quede bien asentado, reduciendo micro-movimientos o deslizamientos en la reproducci\u00f3n.<span class=\"Apple-converted-space\">\u00a0<\/span><\/li>\n<li class=\"li3\"><b>Reducci\u00f3n de vibraciones y resonancias<\/b> \u2014 al sujetar el disco con m\u00e1s firmeza, disminuye interferencias mec\u00e1nicas que pueden deteriorar la calidad del sonido.<span class=\"Apple-converted-space\">\u00a0<\/span><\/li>\n<li class=\"li3\"><b>Mejora reproducci\u00f3n de vinilos deformados\/modificados<\/b> \u2014 ideal para discos antiguos o con ligera curvatura: ayuda a \u201caplacar\u201d la superficie y mejorar tracking, estabilidad y fidelidad.<span class=\"Apple-converted-space\">\u00a0<\/span><\/li>\n<li class=\"li3\"><b>Protecci\u00f3n de la etiqueta central<\/b> \u2014 su base inferior tiene tapete de fieltro, evitando da\u00f1ar la etiqueta del vinilo al usar el clamp.<span class=\"Apple-converted-space\">\u00a0<\/span><\/li>\n<li class=\"li3\"><b>Construcci\u00f3n robusta y de calidad europea<\/b> \u2014 fabricado en acero inoxidable (acabado negro o pulido), hecho en Europa, lo que garantiza durabilidad y acabado premium.<span class=\"Apple-converted-space\">\u00a0<\/span><\/li>\n<\/ul>\n","protected":false},"featured_media":5636,"template":"","meta":[],"product_cat":[37],"product_tag":[207,56,62],"_links":{"self":[{"href":"https:\/\/baflesoviedo.com\/home\/wp-json\/wp\/v2\/product\/5633"}],"collection":[{"href":"https:\/\/baflesoviedo.com\/home\/wp-json\/wp\/v2\/product"}],"about":[{"href":"https:\/\/baflesoviedo.com\/home\/wp-json\/wp\/v2\/types\/product"}],"wp:featuredmedia":[{"embeddable":true,"href":"https:\/\/baflesoviedo.com\/home\/wp-json\/wp\/v2\/media\/5636"}],"wp:attachment":[{"href":"https:\/\/baflesoviedo.com\/home\/wp-json\/wp\/v2\/media?parent=5633"}],"wp:term":[{"taxonomy":"product_cat","embeddable":true,"href":"https:\/\/baflesoviedo.com\/home\/wp-json\/wp\/v2\/product_cat?post=5633"},{"taxonomy":"product_tag","embeddable":true,"href":"https:\/\/baflesoviedo.com\/home\/wp-json\/wp\/v2\/product_tag?post=5633"}],"curies":[{"name":"wp","href":"https:\/\/api.w.org\/{rel}","templated":true}]}}