{"id":5952,"date":"2026-03-04T01:30:17","date_gmt":"2026-03-04T01:30:17","guid":{"rendered":"https:\/\/baflesoviedo.com\/home\/?post_type=product&#038;p=5952"},"modified":"2026-04-01T22:25:56","modified_gmt":"2026-04-01T22:25:56","slug":"combo-1-amp-altavoces-cables","status":"publish","type":"product","link":"https:\/\/baflesoviedo.com\/home\/product\/combo-1-amp-altavoces-cables\/","title":{"rendered":"Combo 1: Amp + Altavoces + Cables"},"content":{"rendered":"<p class=\"p1\"><b>Links a productos incluidos:<\/b><\/p>\n<p><a href=\"https:\/\/baflesoviedo.com\/home\/product\/pro-ject-stereo-box-s3-bt-amplificador-integrado\/\" target=\"_blank\" rel=\"noopener noreferrer\">Pro-Ject Stereo Box S3 BT<\/a><\/p>\n<p><a href=\"https:\/\/baflesoviedo.com\/home\/product\/pro-ject-speaker-box-3-e-carbon-altavoz-compacto\/\" target=\"_blank\" rel=\"noopener noreferrer\">Pro-Ject Speaker Box 3E Carbon<\/a><\/p>\n<p><a href=\"https:\/\/baflesoviedo.com\/home\/product\/pro-ject-connect-it-ls-e-cable-altavoz\/\" target=\"_blank\" rel=\"noopener noreferrer\">Pro-Ject Connect it LS E (3M)<\/a><\/p>\n","protected":false},"excerpt":{"rendered":"<p>El Combo 1 de 60 Aniversario viene armado con el amplificador <b>Pro-Ject Stereo Box S3 BT<\/b>, altavoces <b>Pro-Ject Speaker Box 3E Carbon<\/b> y cables de altavoz <b>Pro-Ject Connect it LS E (3M)<\/b>. Este combo sirve como \u201chub\u201d para tu m\u00fasica: pod\u00e9s conectarle tu Spotify por Bluetooth desde tu tel\u00e9fono, a\u00f1adirle una tornamesa y pre de phono, o un CD player. Adem\u00e1s de vers\u00e1til, el amplificador da un salto de calidad significativo en relaci\u00f3n al modelo de entrada de Pro-Ject (Stereo Box E), de manera que termin\u00e1s con un sistema stereo de sonido superior a un precio m\u00e1s c\u00f3modo. Una opci\u00f3n ideal para quienes quieren armar un sistema entry level con calidad de sonido Hi-Fi.<\/p>\n","protected":false},"featured_media":5953,"template":"","meta":[],"product_cat":[122,129,17,19],"product_tag":[234,31,184,214,80,92],"_links":{"self":[{"href":"https:\/\/baflesoviedo.com\/home\/wp-json\/wp\/v2\/product\/5952"}],"collection":[{"href":"https:\/\/baflesoviedo.com\/home\/wp-json\/wp\/v2\/product"}],"about":[{"href":"https:\/\/baflesoviedo.com\/home\/wp-json\/wp\/v2\/types\/product"}],"wp:featuredmedia":[{"embeddable":true,"href":"https:\/\/baflesoviedo.com\/home\/wp-json\/wp\/v2\/media\/5953"}],"wp:attachment":[{"href":"https:\/\/baflesoviedo.com\/home\/wp-json\/wp\/v2\/media?parent=5952"}],"wp:term":[{"taxonomy":"product_cat","embeddable":true,"href":"https:\/\/baflesoviedo.com\/home\/wp-json\/wp\/v2\/product_cat?post=5952"},{"taxonomy":"product_tag","embeddable":true,"href":"https:\/\/baflesoviedo.com\/home\/wp-json\/wp\/v2\/product_tag?post=5952"}],"curies":[{"name":"wp","href":"https:\/\/api.w.org\/{rel}","templated":true}]}}