{"id":5958,"date":"2026-03-04T01:44:26","date_gmt":"2026-03-04T01:44:26","guid":{"rendered":"https:\/\/baflesoviedo.com\/home\/?post_type=product&#038;p=5958"},"modified":"2026-04-01T22:23:34","modified_gmt":"2026-04-01T22:23:34","slug":"combo-4-amp-altavoces","status":"publish","type":"product","link":"https:\/\/baflesoviedo.com\/home\/product\/combo-4-amp-altavoces\/","title":{"rendered":"Combo 4: Amp + Altavoces"},"content":{"rendered":"<p class=\"p1\"><b>Links a productos incluidos:<\/b><\/p>\n<p><a href=\"https:\/\/baflesoviedo.com\/home\/product\/pro-ject-uni-box-s3-amplificador-integrado-streamer\/\" target=\"_blank\" rel=\"noopener noreferrer\">Pro-Ject Uni Box S3<\/a><\/p>\n<p><a href=\"https:\/\/baflesoviedo.com\/home\/product\/pro-ject-speaker-box-3-e-carbon-altavoz-compacto\/\" target=\"_blank\" rel=\"noopener noreferrer\">Pro-Ject Speaker Box 3E Carbon<\/a><\/p>\n","protected":false},"excerpt":{"rendered":"<p class=\"p1\">El Combo 4 de 60 Aniversario viene armado con el amplificador <b>Pro-Ject Uni Box S3<\/b> y altavoces <b>Pro-Ject Speaker Box 3E Carbon<\/b>. Una versi\u00f3n m\u00e1s simple del Combo 5, cambiando los altavoces ELAC DB53 por los Speaker Box 3E: m\u00e1s compactos y econ\u00f3micos, ideales para espacios m\u00e1s peque\u00f1os y un costo un poco m\u00e1s bajo que el Combo 5. Este combo eleva el rendimiento respecto a los Combos 3, 2 y 1, al incorporar el amplificador Pro-Ject Uni Box S3 \u2014este combina amplificador y streamer, HDMI arc, entrada phono, salida para aud\u00edfonos, salida para subwoofer, y adem\u00e1s es fabricado por Pro-Ject en Europa. Supera el desempe\u00f1o y caracter\u00edsticas del amplificador Stereo Box S3 BT, posicion\u00e1ndose como una de las opciones m\u00e1s premium de alta fidelidad dentro de nuestra oferta para el 60 Aniversario.<\/p>\n<p class=\"p1\">No incluye cables de altavoz.<\/p>\n","protected":false},"featured_media":5959,"template":"","meta":[],"product_cat":[122,129,17,19],"product_tag":[234,31,184,214,80],"_links":{"self":[{"href":"https:\/\/baflesoviedo.com\/home\/wp-json\/wp\/v2\/product\/5958"}],"collection":[{"href":"https:\/\/baflesoviedo.com\/home\/wp-json\/wp\/v2\/product"}],"about":[{"href":"https:\/\/baflesoviedo.com\/home\/wp-json\/wp\/v2\/types\/product"}],"wp:featuredmedia":[{"embeddable":true,"href":"https:\/\/baflesoviedo.com\/home\/wp-json\/wp\/v2\/media\/5959"}],"wp:attachment":[{"href":"https:\/\/baflesoviedo.com\/home\/wp-json\/wp\/v2\/media?parent=5958"}],"wp:term":[{"taxonomy":"product_cat","embeddable":true,"href":"https:\/\/baflesoviedo.com\/home\/wp-json\/wp\/v2\/product_cat?post=5958"},{"taxonomy":"product_tag","embeddable":true,"href":"https:\/\/baflesoviedo.com\/home\/wp-json\/wp\/v2\/product_tag?post=5958"}],"curies":[{"name":"wp","href":"https:\/\/api.w.org\/{rel}","templated":true}]}}