{"id":650,"date":"2020-04-23T17:59:04","date_gmt":"2020-04-23T17:59:04","guid":{"rendered":"https:\/\/baflesoviedo.com\/home\/?post_type=product&#038;p=650"},"modified":"2023-10-21T22:20:10","modified_gmt":"2023-10-21T22:20:10","slug":"dayton-audio-rs100t-8-parlante-woofer","status":"publish","type":"product","link":"https:\/\/baflesoviedo.com\/home\/product\/dayton-audio-rs100t-8-parlante-woofer\/","title":{"rendered":"Dayton Audio, RS100T-8, Parlante Woofer"},"content":{"rendered":"<p>&nbsp;<\/p>\n<p><strong>Especificaciones<\/strong><\/p>\n<table style=\"height: 370px;\" width=\"366\">\n<tbody>\n<tr>\n<td width=\"216\">Color<\/td>\n<td width=\"125\">Negro<\/td>\n<\/tr>\n<tr>\n<td width=\"216\">Tipo de altavoz<\/td>\n<td width=\"125\">Woofer<\/td>\n<\/tr>\n<tr>\n<td width=\"216\">Di\u00e1metro nominal<\/td>\n<td width=\"125\">4 &#8220;<\/td>\n<\/tr>\n<tr>\n<td width=\"216\">Manejo de potencia (RMS)<\/td>\n<td width=\"125\">30 vatios<\/td>\n<\/tr>\n<tr>\n<td width=\"216\">Manejo de potencia (m\u00e1x.)<\/td>\n<td width=\"125\">60 vatios<\/td>\n<\/tr>\n<tr>\n<td width=\"216\">Impedancia<\/td>\n<td width=\"125\">8 ohmios<\/td>\n<\/tr>\n<tr>\n<td width=\"216\">Sensibilidad<\/td>\n<td width=\"125\">87 dB @ 2.83V \/ 1m<\/td>\n<\/tr>\n<tr>\n<td width=\"216\">Respuesta frecuente<\/td>\n<td width=\"125\">90-20000 Hz<\/td>\n<\/tr>\n<tr>\n<td width=\"216\">Di\u00e1metro de la bobina de voz<\/td>\n<td width=\"125\">25 mm<\/td>\n<\/tr>\n<tr>\n<td width=\"216\">Resistencia DC (Re)<\/td>\n<td width=\"125\">6.5 ohmios<\/td>\n<\/tr>\n<tr>\n<td width=\"216\">Inductancia de bobina de voz (Le)<\/td>\n<td width=\"125\">0.5 mH @ 1 kHz<\/td>\n<\/tr>\n<tr>\n<td width=\"216\">Frecuencia Resonante (Fs)<\/td>\n<td width=\"125\">94,9 Hz<\/td>\n<\/tr>\n<\/tbody>\n<\/table>\n<p><a href=\"https:\/\/www.daytonaudio.com\/product\/92\/rs100t-8-4-reference-woofer-truncated-frame-8-ohm\" target=\"_blank\" rel=\"noopener noreferrer\"><span style=\"color: #0000ff;\">Click aqu\u00ed para m\u00e1s informaci\u00f3n del producto<\/span><\/a><\/p>\n","protected":false},"excerpt":{"rendered":"<p>Utilizando un sistema de motor avanzado y un cono de aluminio r\u00edgido, la serie de referencia puede superar a los controladores que cuestan varias veces el precio. Sus caracter\u00edsticas de baja distorsi\u00f3n y sus altas capacidades de excursi\u00f3n proporcionan claridad, detalle y din\u00e1mica excepcionales. Woofer presenta un cono anodizado negro, marco fundido de alta resistencia, marco de goma de baja p\u00e9rdida, conector de fase de aluminio s\u00f3lido, anillo de cobre con espacio magn\u00e9tico que reduce la distorsi\u00f3n, funda de im\u00e1n de goma y terminales dorados.<\/p>\n","protected":false},"featured_media":653,"template":"","meta":[],"product_cat":[25],"product_tag":[76,84,85],"_links":{"self":[{"href":"https:\/\/baflesoviedo.com\/home\/wp-json\/wp\/v2\/product\/650"}],"collection":[{"href":"https:\/\/baflesoviedo.com\/home\/wp-json\/wp\/v2\/product"}],"about":[{"href":"https:\/\/baflesoviedo.com\/home\/wp-json\/wp\/v2\/types\/product"}],"wp:featuredmedia":[{"embeddable":true,"href":"https:\/\/baflesoviedo.com\/home\/wp-json\/wp\/v2\/media\/653"}],"wp:attachment":[{"href":"https:\/\/baflesoviedo.com\/home\/wp-json\/wp\/v2\/media?parent=650"}],"wp:term":[{"taxonomy":"product_cat","embeddable":true,"href":"https:\/\/baflesoviedo.com\/home\/wp-json\/wp\/v2\/product_cat?post=650"},{"taxonomy":"product_tag","embeddable":true,"href":"https:\/\/baflesoviedo.com\/home\/wp-json\/wp\/v2\/product_tag?post=650"}],"curies":[{"name":"wp","href":"https:\/\/api.w.org\/{rel}","templated":true}]}}