{"id":732,"date":"2020-04-23T22:56:05","date_gmt":"2020-04-23T22:56:05","guid":{"rendered":"https:\/\/baflesoviedo.com\/home\/?post_type=product&#038;p=732"},"modified":"2025-06-11T02:28:41","modified_gmt":"2025-06-11T02:28:41","slug":"liberty-e2-hdsem-m-cable-hdmi","status":"publish","type":"product","link":"https:\/\/baflesoviedo.com\/home\/product\/liberty-e2-hdsem-m-cable-hdmi\/","title":{"rendered":"Liberty, E2-HDSEM-M-, Cable HDMI"},"content":{"rendered":"<p>&nbsp;<\/p>\n<p><strong>Especificaciones<\/strong><\/p>\n<table style=\"height: 154px;\" width=\"458\">\n<tbody>\n<tr>\n<td width=\"423\">Enchufes HDMI &#8220;A&#8221; chapados en oro de alta retenci\u00f3n.<\/td>\n<\/tr>\n<tr>\n<td width=\"423\">Totalmente blindado de la cubierta del conector a la cubierta.<\/td>\n<\/tr>\n<tr>\n<td width=\"423\">18 Gbps hasta 2 m Todas las longitudes clasificadas para 10,2 Gbps.<\/td>\n<\/tr>\n<tr>\n<td width=\"423\">5 metros y m\u00e1s largos son activos y direccionales.<\/td>\n<\/tr>\n<tr>\n<td width=\"423\">Video 4K, retorno de audio, Ethernet, CEC.<\/td>\n<\/tr>\n<tr>\n<td width=\"423\">NEC CL2, CEC CMG FT4, Cumple con RoHS \/ REACH.<\/td>\n<\/tr>\n<\/tbody>\n<\/table>\n<p><a href=\"https:\/\/secure.libertycable.com\/products\/E2-HDSEM-M-03\" target=\"_blank\" rel=\"noopener noreferrer\"><span style=\"color: #0000ff;\">Click aqu\u00ed para m\u00e1s informaci\u00f3n del producto<\/span><\/a><\/p>\n","protected":false},"excerpt":{"rendered":"<p>Conectividad HDMI comercial y residencial. Aplicaciones e instalaciones 3D, 4K, Deep Color. Conexi\u00f3n de equipos audiovisuales y mucho m\u00e1s.<\/p>\n","protected":false},"featured_media":733,"template":"","meta":[],"product_cat":[26],"product_tag":[201,97,96],"_links":{"self":[{"href":"https:\/\/baflesoviedo.com\/home\/wp-json\/wp\/v2\/product\/732"}],"collection":[{"href":"https:\/\/baflesoviedo.com\/home\/wp-json\/wp\/v2\/product"}],"about":[{"href":"https:\/\/baflesoviedo.com\/home\/wp-json\/wp\/v2\/types\/product"}],"wp:featuredmedia":[{"embeddable":true,"href":"https:\/\/baflesoviedo.com\/home\/wp-json\/wp\/v2\/media\/733"}],"wp:attachment":[{"href":"https:\/\/baflesoviedo.com\/home\/wp-json\/wp\/v2\/media?parent=732"}],"wp:term":[{"taxonomy":"product_cat","embeddable":true,"href":"https:\/\/baflesoviedo.com\/home\/wp-json\/wp\/v2\/product_cat?post=732"},{"taxonomy":"product_tag","embeddable":true,"href":"https:\/\/baflesoviedo.com\/home\/wp-json\/wp\/v2\/product_tag?post=732"}],"curies":[{"name":"wp","href":"https:\/\/api.w.org\/{rel}","templated":true}]}}