{"id":734,"date":"2020-04-23T22:59:13","date_gmt":"2020-04-23T22:59:13","guid":{"rendered":"https:\/\/baflesoviedo.com\/home\/?post_type=product&#038;p=734"},"modified":"2025-06-11T02:28:21","modified_gmt":"2025-06-11T02:28:21","slug":"liberty-hdpmm-cable-hdmi","status":"publish","type":"product","link":"https:\/\/baflesoviedo.com\/home\/product\/liberty-hdpmm-cable-hdmi\/","title":{"rendered":"Liberty, HDPMM-, Cable HDMI"},"content":{"rendered":"<p>&nbsp;<\/p>\n<p><strong>Especificaciones<\/strong><\/p>\n<table style=\"height: 179px;\" width=\"426\">\n<tbody>\n<tr>\n<td width=\"407\">Cables HDMI de alta velocidad premium con Ethernet.<\/td>\n<\/tr>\n<tr>\n<td width=\"407\">Full 18 Gig 4K @ 60Hz y HDR certificado por HDMI ATC.<\/td>\n<\/tr>\n<tr>\n<td width=\"407\">Admite Ethernet, ARC, CEC y todos los formatos de audio HDMI.<\/td>\n<\/tr>\n<tr>\n<td width=\"407\">Todas las longitudes clasificadas para 18.0 Gbps.<\/td>\n<\/tr>\n<tr>\n<td width=\"407\">NEC CM, CEC CMG FT4, Cumple con RoHS \/ REACH.<\/td>\n<\/tr>\n<tr>\n<td width=\"407\">HDMI trazable completo serializado.<\/td>\n<\/tr>\n<tr>\n<td width=\"407\">Longitudes 3, 6, 10, 15, 20 y 24 pies.<\/td>\n<\/tr>\n<\/tbody>\n<\/table>\n<p><a href=\"https:\/\/secure.libertycable.com\/product_details.php?pitem=HDPMM06F\" target=\"_blank\" rel=\"noopener noreferrer\"><span style=\"color: #0000ff;\">Click aqu\u00ed para m\u00e1s informaci\u00f3n del producto<\/span><\/a><\/p>\n","protected":false},"excerpt":{"rendered":"<p>Conectividad HDMI comercial y residencial. Aplicaciones e instalaciones 3D, 4K, Deep Color. Conexi\u00f3n de equipos audiovisuales y mucho m\u00e1s.<\/p>\n","protected":false},"featured_media":735,"template":"","meta":[],"product_cat":[26],"product_tag":[201,97,96],"_links":{"self":[{"href":"https:\/\/baflesoviedo.com\/home\/wp-json\/wp\/v2\/product\/734"}],"collection":[{"href":"https:\/\/baflesoviedo.com\/home\/wp-json\/wp\/v2\/product"}],"about":[{"href":"https:\/\/baflesoviedo.com\/home\/wp-json\/wp\/v2\/types\/product"}],"wp:featuredmedia":[{"embeddable":true,"href":"https:\/\/baflesoviedo.com\/home\/wp-json\/wp\/v2\/media\/735"}],"wp:attachment":[{"href":"https:\/\/baflesoviedo.com\/home\/wp-json\/wp\/v2\/media?parent=734"}],"wp:term":[{"taxonomy":"product_cat","embeddable":true,"href":"https:\/\/baflesoviedo.com\/home\/wp-json\/wp\/v2\/product_cat?post=734"},{"taxonomy":"product_tag","embeddable":true,"href":"https:\/\/baflesoviedo.com\/home\/wp-json\/wp\/v2\/product_tag?post=734"}],"curies":[{"name":"wp","href":"https:\/\/api.w.org\/{rel}","templated":true}]}}